{"id":3501,"date":"2023-05-08T13:00:48","date_gmt":"2023-05-08T17:00:48","guid":{"rendered":"https:\/\/www.millerthomson.com\/your-team\/erika-cabral\/"},"modified":"2026-02-13T14:48:04","modified_gmt":"2026-02-13T19:48:04","slug":"erika-cabral","status":"publish","type":"team","link":"https:\/\/www.millerthomson.com\/fr\/votre-equipe\/erika-cabral\/","title":{"rendered":"Erika Cabral"},"content":{"rendered":"\n<p>Erika a rejoint le groupe de droit des affaires de Miller Thomson apr\u00e8s y avoir compl\u00e9t\u00e9 avec succ\u00e8s son stage d&rsquo;\u00e9t\u00e9 et son stage du Barreau. Elle concentre sa pratique en mati\u00e8re de services financiers et en droit bancaire, offrant \u00e0 ses clients un accompagnement personnalis\u00e9 et efficace dans ces domaines. Dynamique et engag\u00e9e, Erika s&rsquo;appuie sur un parcours universitaire exemplaire et une exp\u00e9rience diversifi\u00e9e pour r\u00e9pondre aux besoins sp\u00e9cifiques de ses clients.<\/p>\n\n\n\n<p>Pendant son baccalaur\u00e9at en droit, Erika a \u00e9galement occup\u00e9 le poste de charg\u00e9e de dossiers \u00e0 la Clinique d&rsquo;information juridique de McGill, renfor\u00e7ant ainsi ses comp\u00e9tences en soutien juridique communautaire.<\/p>\n\n\n\n<p>Dipl\u00f4m\u00e9e de l&rsquo;Universit\u00e9 de Montr\u00e9al en droit civil et en common law, Erika s&rsquo;est distingu\u00e9e par l&rsquo;excellence de ses r\u00e9sultats, figurant au Palmar\u00e8s du Doyen. Avant de rejoindre Miller Thomson, elle a acquis une exp\u00e9rience pr\u00e9cieuse en tant que charg\u00e9e de travaux pratiques \u00e0 l&rsquo;Universit\u00e9 de Montr\u00e9al et \u00e9tudiante dans un cabinet sp\u00e9cialis\u00e9 de Montr\u00e9al.<\/p>\n","protected":false},"author":94,"featured_media":18852,"template":"","role":[228],"positions":[338],"spoken-lang":[292,299,306],"badges":[],"class_list":["post-3501","team","type-team","status-publish","has-post-thumbnail","hentry"],"acf":[],"yoast_head":"<!-- This site is optimized with the Yoast SEO plugin v26.1.1 - https:\/\/yoast.com\/wordpress\/plugins\/seo\/ -->\n<title>Erika Cabral | Miller Thomson<\/title>\n<meta name=\"robots\" content=\"index, follow, max-snippet:-1, max-image-preview:large, max-video-preview:-1\" \/>\n<link rel=\"canonical\" href=\"https:\/\/www.millerthomson.com\/fr\/votre-equipe\/erika-cabral\/\" \/>\n<meta property=\"og:locale\" content=\"fr_FR\" \/>\n<meta property=\"og:type\" content=\"article\" \/>\n<meta property=\"og:title\" content=\"Erika Cabral | Miller Thomson\" \/>\n<meta property=\"og:description\" content=\"Erika a rejoint le groupe de droit des affaires de Miller Thomson apr\u00e8s y avoir compl\u00e9t\u00e9 avec succ\u00e8s son stage d&rsquo;\u00e9t\u00e9 et son stage du Barreau. Elle concentre sa pratique en mati\u00e8re de services financiers et en droit bancaire, offrant \u00e0 ses clients un accompagnement personnalis\u00e9 et efficace dans ces domaines. Dynamique et engag\u00e9e, Erika [&hellip;]\" \/>\n<meta property=\"og:url\" content=\"https:\/\/www.millerthomson.com\/fr\/votre-equipe\/erika-cabral\/\" \/>\n<meta property=\"og:site_name\" content=\"Miller Thomson\" \/>\n<meta property=\"article:publisher\" content=\"https:\/\/www.facebook.com\/MillerThomsonLaw\/\" \/>\n<meta property=\"article:modified_time\" content=\"2026-02-13T19:48:04+00:00\" \/>\n<meta property=\"og:image\" content=\"https:\/\/www.millerthomson.com\/wp-content\/uploads\/2016\/09\/erika-cabral.jpg\" \/>\n\t<meta property=\"og:image:width\" content=\"1200\" \/>\n\t<meta property=\"og:image:height\" content=\"1440\" \/>\n\t<meta property=\"og:image:type\" content=\"image\/jpeg\" \/>\n<meta name=\"twitter:card\" content=\"summary_large_image\" \/>\n<meta name=\"twitter:site\" content=\"@millerthomson\" \/>\n<meta name=\"twitter:label1\" content=\"Est. reading time\" \/>\n\t<meta name=\"twitter:data1\" content=\"1 minute\" \/>\n<script type=\"application\/ld+json\" class=\"yoast-schema-graph\">{\"@context\":\"https:\/\/schema.org\",\"@graph\":[{\"@type\":[\"WebPage\",\"ProfilePage\"],\"@id\":\"https:\/\/www.millerthomson.com\/fr\/votre-equipe\/erika-cabral\/\",\"url\":\"https:\/\/www.millerthomson.com\/fr\/votre-equipe\/erika-cabral\/\",\"name\":\"Erika Cabral | Miller Thomson\",\"isPartOf\":{\"@id\":\"https:\/\/www.millerthomson.com\/fr\/#website\"},\"primaryImageOfPage\":{\"@id\":\"https:\/\/www.millerthomson.com\/fr\/votre-equipe\/erika-cabral\/#primaryimage\"},\"image\":{\"@id\":\"https:\/\/www.millerthomson.com\/fr\/votre-equipe\/erika-cabral\/#primaryimage\"},\"thumbnailUrl\":\"https:\/\/www.millerthomson.com\/wp-content\/uploads\/2016\/09\/erika-cabral.jpg\",\"datePublished\":\"2023-05-08T17:00:48+00:00\",\"dateModified\":\"2026-02-13T19:48:04+00:00\",\"breadcrumb\":{\"@id\":\"https:\/\/www.millerthomson.com\/fr\/votre-equipe\/erika-cabral\/#breadcrumb\"},\"inLanguage\":\"fr-FR\",\"potentialAction\":[{\"@type\":\"ReadAction\",\"target\":[\"https:\/\/www.millerthomson.com\/fr\/votre-equipe\/erika-cabral\/\"]}]},{\"@type\":\"ImageObject\",\"inLanguage\":\"fr-FR\",\"@id\":\"https:\/\/www.millerthomson.com\/fr\/votre-equipe\/erika-cabral\/#primaryimage\",\"url\":\"https:\/\/www.millerthomson.com\/wp-content\/uploads\/2016\/09\/erika-cabral.jpg\",\"contentUrl\":\"https:\/\/www.millerthomson.com\/wp-content\/uploads\/2016\/09\/erika-cabral.jpg\",\"width\":1200,\"height\":1440,\"caption\":\"Photo of Erika Cabral\"},{\"@type\":\"BreadcrumbList\",\"@id\":\"https:\/\/www.millerthomson.com\/fr\/votre-equipe\/erika-cabral\/#breadcrumb\",\"itemListElement\":[{\"@type\":\"ListItem\",\"position\":1,\"name\":\"Accueil\",\"item\":\"https:\/\/www.millerthomson.com\/fr\/\"},{\"@type\":\"ListItem\",\"position\":2,\"name\":\"\u00c9quipe\",\"item\":\"https:\/\/www.millerthomson.com\/fr\/votre-equipe\/\"},{\"@type\":\"ListItem\",\"position\":3,\"name\":\"Erika Cabral\"}]},{\"@type\":\"WebSite\",\"@id\":\"https:\/\/www.millerthomson.com\/fr\/#website\",\"url\":\"https:\/\/www.millerthomson.com\/fr\/\",\"name\":\"Miller Thomson | Cabinet de droit des affaires pancanadien\",\"description\":\"National law firm providing business law expertise and litigation and disputes services for businesses across Canada since 1957.\",\"publisher\":{\"@id\":\"https:\/\/www.millerthomson.com\/fr\/#organization\"},\"potentialAction\":[{\"@type\":\"SearchAction\",\"target\":{\"@type\":\"EntryPoint\",\"urlTemplate\":\"https:\/\/www.millerthomson.com\/fr\/?s={search_term_string}\"},\"query-input\":{\"@type\":\"PropertyValueSpecification\",\"valueRequired\":true,\"valueName\":\"search_term_string\"}}],\"inLanguage\":\"fr-FR\"},{\"@type\":\"Organization\",\"@id\":\"https:\/\/www.millerthomson.com\/fr\/#organization\",\"name\":\"Miller Thomson | Cabinet de droit des affaires pancanadien\",\"url\":\"https:\/\/www.millerthomson.com\/fr\/\",\"logo\":{\"@type\":\"ImageObject\",\"inLanguage\":\"fr-FR\",\"@id\":\"https:\/\/www.millerthomson.com\/fr\/#\/schema\/logo\/image\/\",\"url\":\"https:\/\/www.millerthomson.com\/wp-content\/uploads\/2024\/10\/miller-thomson.svg\",\"contentUrl\":\"https:\/\/www.millerthomson.com\/wp-content\/uploads\/2024\/10\/miller-thomson.svg\",\"width\":380,\"height\":50,\"caption\":\"Miller Thomson | Cabinet de droit des affaires pancanadien\"},\"image\":{\"@id\":\"https:\/\/www.millerthomson.com\/fr\/#\/schema\/logo\/image\/\"},\"sameAs\":[\"https:\/\/www.facebook.com\/MillerThomsonLaw\/\",\"https:\/\/x.com\/millerthomson\",\"https:\/\/www.linkedin.com\/company\/miller-thomson-llp\/\",\"https:\/\/www.youtube.com\/@millerthomson\"],\"mainEntityOfPage\":{\"@id\":\"https:\/\/www.millerthomson.com\/fr\/votre-equipe\/erika-cabral\/\"}}]}<\/script>\n<!-- \/ Yoast SEO plugin. -->","yoast_head_json":{"title":"Erika Cabral | Miller Thomson","robots":{"index":"index","follow":"follow","max-snippet":"max-snippet:-1","max-image-preview":"max-image-preview:large","max-video-preview":"max-video-preview:-1"},"canonical":"https:\/\/www.millerthomson.com\/fr\/votre-equipe\/erika-cabral\/","og_locale":"fr_FR","og_type":"article","og_title":"Erika Cabral | Miller Thomson","og_description":"Erika a rejoint le groupe de droit des affaires de Miller Thomson apr\u00e8s y avoir compl\u00e9t\u00e9 avec succ\u00e8s son stage d&rsquo;\u00e9t\u00e9 et son stage du Barreau. Elle concentre sa pratique en mati\u00e8re de services financiers et en droit bancaire, offrant \u00e0 ses clients un accompagnement personnalis\u00e9 et efficace dans ces domaines. Dynamique et engag\u00e9e, Erika [&hellip;]","og_url":"https:\/\/www.millerthomson.com\/fr\/votre-equipe\/erika-cabral\/","og_site_name":"Miller Thomson","article_publisher":"https:\/\/www.facebook.com\/MillerThomsonLaw\/","article_modified_time":"2026-02-13T19:48:04+00:00","og_image":[{"width":1200,"height":1440,"url":"https:\/\/www.millerthomson.com\/wp-content\/uploads\/2016\/09\/erika-cabral.jpg","type":"image\/jpeg"}],"twitter_card":"summary_large_image","twitter_site":"@millerthomson","twitter_misc":{"Est. reading time":"1 minute"},"schema":{"@context":"https:\/\/schema.org","@graph":[{"@type":["WebPage","ProfilePage"],"@id":"https:\/\/www.millerthomson.com\/fr\/votre-equipe\/erika-cabral\/","url":"https:\/\/www.millerthomson.com\/fr\/votre-equipe\/erika-cabral\/","name":"Erika Cabral | Miller Thomson","isPartOf":{"@id":"https:\/\/www.millerthomson.com\/fr\/#website"},"primaryImageOfPage":{"@id":"https:\/\/www.millerthomson.com\/fr\/votre-equipe\/erika-cabral\/#primaryimage"},"image":{"@id":"https:\/\/www.millerthomson.com\/fr\/votre-equipe\/erika-cabral\/#primaryimage"},"thumbnailUrl":"https:\/\/www.millerthomson.com\/wp-content\/uploads\/2016\/09\/erika-cabral.jpg","datePublished":"2023-05-08T17:00:48+00:00","dateModified":"2026-02-13T19:48:04+00:00","breadcrumb":{"@id":"https:\/\/www.millerthomson.com\/fr\/votre-equipe\/erika-cabral\/#breadcrumb"},"inLanguage":"fr-FR","potentialAction":[{"@type":"ReadAction","target":["https:\/\/www.millerthomson.com\/fr\/votre-equipe\/erika-cabral\/"]}]},{"@type":"ImageObject","inLanguage":"fr-FR","@id":"https:\/\/www.millerthomson.com\/fr\/votre-equipe\/erika-cabral\/#primaryimage","url":"https:\/\/www.millerthomson.com\/wp-content\/uploads\/2016\/09\/erika-cabral.jpg","contentUrl":"https:\/\/www.millerthomson.com\/wp-content\/uploads\/2016\/09\/erika-cabral.jpg","width":1200,"height":1440,"caption":"Photo of Erika Cabral"},{"@type":"BreadcrumbList","@id":"https:\/\/www.millerthomson.com\/fr\/votre-equipe\/erika-cabral\/#breadcrumb","itemListElement":[{"@type":"ListItem","position":1,"name":"Accueil","item":"https:\/\/www.millerthomson.com\/fr\/"},{"@type":"ListItem","position":2,"name":"\u00c9quipe","item":"https:\/\/www.millerthomson.com\/fr\/votre-equipe\/"},{"@type":"ListItem","position":3,"name":"Erika Cabral"}]},{"@type":"WebSite","@id":"https:\/\/www.millerthomson.com\/fr\/#website","url":"https:\/\/www.millerthomson.com\/fr\/","name":"Miller Thomson | Cabinet de droit des affaires pancanadien","description":"National law firm providing business law expertise and litigation and disputes services for businesses across Canada since 1957.","publisher":{"@id":"https:\/\/www.millerthomson.com\/fr\/#organization"},"potentialAction":[{"@type":"SearchAction","target":{"@type":"EntryPoint","urlTemplate":"https:\/\/www.millerthomson.com\/fr\/?s={search_term_string}"},"query-input":{"@type":"PropertyValueSpecification","valueRequired":true,"valueName":"search_term_string"}}],"inLanguage":"fr-FR"},{"@type":"Organization","@id":"https:\/\/www.millerthomson.com\/fr\/#organization","name":"Miller Thomson | Cabinet de droit des affaires pancanadien","url":"https:\/\/www.millerthomson.com\/fr\/","logo":{"@type":"ImageObject","inLanguage":"fr-FR","@id":"https:\/\/www.millerthomson.com\/fr\/#\/schema\/logo\/image\/","url":"https:\/\/www.millerthomson.com\/wp-content\/uploads\/2024\/10\/miller-thomson.svg","contentUrl":"https:\/\/www.millerthomson.com\/wp-content\/uploads\/2024\/10\/miller-thomson.svg","width":380,"height":50,"caption":"Miller Thomson | Cabinet de droit des affaires pancanadien"},"image":{"@id":"https:\/\/www.millerthomson.com\/fr\/#\/schema\/logo\/image\/"},"sameAs":["https:\/\/www.facebook.com\/MillerThomsonLaw\/","https:\/\/x.com\/millerthomson","https:\/\/www.linkedin.com\/company\/miller-thomson-llp\/","https:\/\/www.youtube.com\/@millerthomson"],"mainEntityOfPage":{"@id":"https:\/\/www.millerthomson.com\/fr\/votre-equipe\/erika-cabral\/"}}]}},"_links":{"self":[{"href":"https:\/\/www.millerthomson.com\/fr\/wp-json\/wp\/v2\/team\/3501","targetHints":{"allow":["GET"]}}],"collection":[{"href":"https:\/\/www.millerthomson.com\/fr\/wp-json\/wp\/v2\/team"}],"about":[{"href":"https:\/\/www.millerthomson.com\/fr\/wp-json\/wp\/v2\/types\/team"}],"author":[{"embeddable":true,"href":"https:\/\/www.millerthomson.com\/fr\/wp-json\/wp\/v2\/users\/94"}],"version-history":[{"count":0,"href":"https:\/\/www.millerthomson.com\/fr\/wp-json\/wp\/v2\/team\/3501\/revisions"}],"wp:featuredmedia":[{"embeddable":true,"href":"https:\/\/www.millerthomson.com\/fr\/wp-json\/wp\/v2\/media\/18852"}],"wp:attachment":[{"href":"https:\/\/www.millerthomson.com\/fr\/wp-json\/wp\/v2\/media?parent=3501"}],"wp:term":[{"taxonomy":"role","embeddable":true,"href":"https:\/\/www.millerthomson.com\/fr\/wp-json\/wp\/v2\/role?post=3501"},{"taxonomy":"positions","embeddable":true,"href":"https:\/\/www.millerthomson.com\/fr\/wp-json\/wp\/v2\/positions?post=3501"},{"taxonomy":"spoken-lang","embeddable":true,"href":"https:\/\/www.millerthomson.com\/fr\/wp-json\/wp\/v2\/spoken-lang?post=3501"},{"taxonomy":"badges","embeddable":true,"href":"https:\/\/www.millerthomson.com\/fr\/wp-json\/wp\/v2\/badges?post=3501"}],"curies":[{"name":"wp","href":"https:\/\/api.w.org\/{rel}","templated":true}]}}

<p>Erika a rejoint le groupe de droit des affaires de Miller Thomson après y avoir complété avec succès son stage d&rsquo;été et son stage du Barreau. Elle concentre sa pratique en matière de services financiers et en droit bancaire, offrant à ses clients un accompagnement personnalisé et efficace dans ces domaines. Dynamique et engagée, Erika s&rsquo;appuie sur un parcours universitaire exemplaire et une expérience diversifiée pour répondre aux besoins spécifiques de ses clients.</p>



<p>Pendant son baccalauréat en droit, Erika a également occupé le poste de chargée de dossiers à la Clinique d&rsquo;information juridique de McGill, renforçant ainsi ses compétences en soutien juridique communautaire.</p>



<p>Diplômée de l&rsquo;Université de Montréal en droit civil et en common law, Erika s&rsquo;est distinguée par l&rsquo;excellence de ses résultats, figurant au Palmarès du Doyen. Avant de rejoindre Miller Thomson, elle a acquis une expérience précieuse en tant que chargée de travaux pratiques à l&rsquo;Université de Montréal et étudiante dans un cabinet spécialisé de Montréal.</p>

<!-- This site is optimized with the Yoast SEO plugin v26.1.1 - https://yoast.com/wordpress/plugins/seo/ -->
<title>Erika Cabral | Miller Thomson</title>
<meta name="robots" content="index, follow, max-snippet:-1, max-image-preview:large, max-video-preview:-1" />
<link rel="canonical" href="https://www.millerthomson.com/fr/votre-equipe/erika-cabral/" />
<meta property="og:locale" content="fr_FR" />
<meta property="og:type" content="article" />
<meta property="og:title" content="Erika Cabral | Miller Thomson" />
<meta property="og:description" content="Erika a rejoint le groupe de droit des affaires de Miller Thomson après y avoir complété avec succès son stage d&rsquo;été et son stage du Barreau. Elle concentre sa pratique en matière de services financiers et en droit bancaire, offrant à ses clients un accompagnement personnalisé et efficace dans ces domaines. Dynamique et engagée, Erika [&hellip;]" />
<meta property="og:url" content="https://www.millerthomson.com/fr/votre-equipe/erika-cabral/" />
<meta property="og:site_name" content="Miller Thomson" />
<meta property="article:publisher" content="https://www.facebook.com/MillerThomsonLaw/" />
<meta property="article:modified_time" content="2026-02-13T19:48:04+00:00" />
<meta property="og:image" content="https://www.millerthomson.com/wp-content/uploads/2016/09/erika-cabral.jpg" />
	<meta property="og:image:width" content="1200" />
	<meta property="og:image:height" content="1440" />
	<meta property="og:image:type" content="image/jpeg" />
<meta name="twitter:card" content="summary_large_image" />
<meta name="twitter:site" content="@millerthomson" />
<meta name="twitter:label1" content="Est. reading time" />
	<meta name="twitter:data1" content="1 minute" />
<script type="application/ld+json" class="yoast-schema-graph">{"@context":"https://schema.org","@graph":[{"@type":["WebPage","ProfilePage"],"@id":"https://www.millerthomson.com/fr/votre-equipe/erika-cabral/","url":"https://www.millerthomson.com/fr/votre-equipe/erika-cabral/","name":"Erika Cabral | Miller Thomson","isPartOf":{"@id":"https://www.millerthomson.com/fr/#website"},"primaryImageOfPage":{"@id":"https://www.millerthomson.com/fr/votre-equipe/erika-cabral/#primaryimage"},"image":{"@id":"https://www.millerthomson.com/fr/votre-equipe/erika-cabral/#primaryimage"},"thumbnailUrl":"https://www.millerthomson.com/wp-content/uploads/2016/09/erika-cabral.jpg","datePublished":"2023-05-08T17:00:48+00:00","dateModified":"2026-02-13T19:48:04+00:00","breadcrumb":{"@id":"https://www.millerthomson.com/fr/votre-equipe/erika-cabral/#breadcrumb"},"inLanguage":"fr-FR","potentialAction":[{"@type":"ReadAction","target":["https://www.millerthomson.com/fr/votre-equipe/erika-cabral/"]}]},{"@type":"ImageObject","inLanguage":"fr-FR","@id":"https://www.millerthomson.com/fr/votre-equipe/erika-cabral/#primaryimage","url":"https://www.millerthomson.com/wp-content/uploads/2016/09/erika-cabral.jpg","contentUrl":"https://www.millerthomson.com/wp-content/uploads/2016/09/erika-cabral.jpg","width":1200,"height":1440,"caption":"Photo of Erika Cabral"},{"@type":"BreadcrumbList","@id":"https://www.millerthomson.com/fr/votre-equipe/erika-cabral/#breadcrumb","itemListElement":[{"@type":"ListItem","position":1,"name":"Accueil","item":"https://www.millerthomson.com/fr/"},{"@type":"ListItem","position":2,"name":"Équipe","item":"https://www.millerthomson.com/fr/votre-equipe/"},{"@type":"ListItem","position":3,"name":"Erika Cabral"}]},{"@type":"WebSite","@id":"https://www.millerthomson.com/fr/#website","url":"https://www.millerthomson.com/fr/","name":"Miller Thomson | Cabinet de droit des affaires pancanadien","description":"National law firm providing business law expertise and litigation and disputes services for businesses across Canada since 1957.","publisher":{"@id":"https://www.millerthomson.com/fr/#organization"},"potentialAction":[{"@type":"SearchAction","target":{"@type":"EntryPoint","urlTemplate":"https://www.millerthomson.com/fr/?s={search_term_string}"},"query-input":{"@type":"PropertyValueSpecification","valueRequired":true,"valueName":"search_term_string"}}],"inLanguage":"fr-FR"},{"@type":"Organization","@id":"https://www.millerthomson.com/fr/#organization","name":"Miller Thomson | Cabinet de droit des affaires pancanadien","url":"https://www.millerthomson.com/fr/","logo":{"@type":"ImageObject","inLanguage":"fr-FR","@id":"https://www.millerthomson.com/fr/#/schema/logo/image/","url":"https://www.millerthomson.com/wp-content/uploads/2024/10/miller-thomson.svg","contentUrl":"https://www.millerthomson.com/wp-content/uploads/2024/10/miller-thomson.svg","width":380,"height":50,"caption":"Miller Thomson | Cabinet de droit des affaires pancanadien"},"image":{"@id":"https://www.millerthomson.com/fr/#/schema/logo/image/"},"sameAs":["https://www.facebook.com/MillerThomsonLaw/","https://x.com/millerthomson","https://www.linkedin.com/company/miller-thomson-llp/","https://www.youtube.com/@millerthomson"],"mainEntityOfPage":{"@id":"https://www.millerthomson.com/fr/votre-equipe/erika-cabral/"}}]}</script>
<!-- / Yoast SEO plugin. -->

Erika a rejoint le groupe de droit des affaires de Miller Thomson après y avoir complété avec succès son stage d&rsquo;été et son stage du Barreau. Elle concentre sa pratique en matière de services financiers et en droit bancaire, offrant à ses clients un accompagnement personnalisé et efficace dans ces domaines. Dynamique et engagée, Erika [&hellip;]

Équipe
