{"id":8362,"date":"2023-10-26T01:36:05","date_gmt":"2023-10-26T05:36:05","guid":{"rendered":"https:\/\/www.millerthomson.com\/events\/bruno-caron-presentera-une-allocution-dans-le-cadre-du-sommet-de-la-finance-verte-et-de-transition\/"},"modified":"2024-09-13T12:48:15","modified_gmt":"2024-09-13T16:48:15","slug":"bruno-caron-presentera-une-allocution-dans-le-cadre-du-sommet-de-la-finance-verte-et-de-transition","status":"publish","type":"events","link":"https:\/\/www.millerthomson.com\/fr\/evenements\/bruno-caron-presentera-une-allocution-dans-le-cadre-du-sommet-de-la-finance-verte-et-de-transition\/","title":{"rendered":"Bruno Caron pr\u00e9sentera une allocution dans le cadre du Sommet de la finance verte et de transition"},"content":{"rendered":"<p>Bruno Caron sera l\u2019un des conf\u00e9renciers du Sommet de la finance verte et de transition de la Chambre de Commerce du Canada. Les pan\u00e9listes discuteront des r\u00e9formes qui peuvent \u00eatre mises en \u0153uvre imm\u00e9diatement pour orienter l\u2019\u00e9conomie vers un avenir plus durable.<\/p>\n","protected":false},"author":5,"template":"","event-type":[467],"class_list":["post-8362","events","type-events","status-publish","hentry"],"acf":[],"yoast_head":"<!-- This site is optimized with the Yoast SEO plugin v26.1.1 - https:\/\/yoast.com\/wordpress\/plugins\/seo\/ -->\n<title>Bruno Caron pr\u00e9sentera une allocution dans le cadre du Sommet de la finance verte et de transition | Miller Thomson<\/title>\n<meta name=\"robots\" content=\"index, follow, max-snippet:-1, max-image-preview:large, max-video-preview:-1\" \/>\n<link rel=\"canonical\" href=\"https:\/\/www.millerthomson.com\/fr\/evenements\/bruno-caron-presentera-une-allocution-dans-le-cadre-du-sommet-de-la-finance-verte-et-de-transition\/\" \/>\n<meta property=\"og:locale\" content=\"fr_FR\" \/>\n<meta property=\"og:type\" content=\"article\" \/>\n<meta property=\"og:title\" content=\"Bruno Caron pr\u00e9sentera une allocution dans le cadre du Sommet de la finance verte et de transition | Miller Thomson\" \/>\n<meta property=\"og:description\" content=\"Bruno Caron sera l\u2019un des conf\u00e9renciers du Sommet de la finance verte et de transition de la Chambre de Commerce du Canada. Les pan\u00e9listes discuteront des r\u00e9formes qui peuvent \u00eatre mises en \u0153uvre imm\u00e9diatement pour orienter l\u2019\u00e9conomie vers un avenir plus durable.\" \/>\n<meta property=\"og:url\" content=\"https:\/\/www.millerthomson.com\/fr\/evenements\/bruno-caron-presentera-une-allocution-dans-le-cadre-du-sommet-de-la-finance-verte-et-de-transition\/\" \/>\n<meta property=\"og:site_name\" content=\"Miller Thomson\" \/>\n<meta property=\"article:publisher\" content=\"https:\/\/www.facebook.com\/MillerThomsonLaw\/\" \/>\n<meta property=\"article:modified_time\" content=\"2024-09-13T16:48:15+00:00\" \/>\n<meta name=\"twitter:card\" content=\"summary_large_image\" \/>\n<meta name=\"twitter:site\" content=\"@millerthomson\" \/>\n<script type=\"application\/ld+json\" class=\"yoast-schema-graph\">{\"@context\":\"https:\/\/schema.org\",\"@graph\":[{\"@type\":\"WebPage\",\"@id\":\"https:\/\/www.millerthomson.com\/fr\/evenements\/bruno-caron-presentera-une-allocution-dans-le-cadre-du-sommet-de-la-finance-verte-et-de-transition\/\",\"url\":\"https:\/\/www.millerthomson.com\/fr\/evenements\/bruno-caron-presentera-une-allocution-dans-le-cadre-du-sommet-de-la-finance-verte-et-de-transition\/\",\"name\":\"Bruno Caron pr\u00e9sentera une allocution dans le cadre du Sommet de la finance verte et de transition | Miller Thomson\",\"isPartOf\":{\"@id\":\"https:\/\/www.millerthomson.com\/fr\/#website\"},\"datePublished\":\"2023-10-26T05:36:05+00:00\",\"dateModified\":\"2024-09-13T16:48:15+00:00\",\"breadcrumb\":{\"@id\":\"https:\/\/www.millerthomson.com\/fr\/evenements\/bruno-caron-presentera-une-allocution-dans-le-cadre-du-sommet-de-la-finance-verte-et-de-transition\/#breadcrumb\"},\"inLanguage\":\"fr-FR\",\"potentialAction\":[{\"@type\":\"ReadAction\",\"target\":[\"https:\/\/www.millerthomson.com\/fr\/evenements\/bruno-caron-presentera-une-allocution-dans-le-cadre-du-sommet-de-la-finance-verte-et-de-transition\/\"]}]},{\"@type\":\"BreadcrumbList\",\"@id\":\"https:\/\/www.millerthomson.com\/fr\/evenements\/bruno-caron-presentera-une-allocution-dans-le-cadre-du-sommet-de-la-finance-verte-et-de-transition\/#breadcrumb\",\"itemListElement\":[{\"@type\":\"ListItem\",\"position\":1,\"name\":\"Accueil\",\"item\":\"https:\/\/www.millerthomson.com\/fr\/\"},{\"@type\":\"ListItem\",\"position\":2,\"name\":\"\u00c9v\u00e9nements\",\"item\":\"https:\/\/www.millerthomson.com\/fr\/evenements\/\"},{\"@type\":\"ListItem\",\"position\":3,\"name\":\"Bruno Caron pr\u00e9sentera une allocution dans le cadre du Sommet de la finance verte et de transition\"}]},{\"@type\":\"WebSite\",\"@id\":\"https:\/\/www.millerthomson.com\/fr\/#website\",\"url\":\"https:\/\/www.millerthomson.com\/fr\/\",\"name\":\"Miller Thomson | Cabinet de droit des affaires pancanadien\",\"description\":\"National law firm providing business law expertise and litigation and disputes services for businesses across Canada since 1957.\",\"publisher\":{\"@id\":\"https:\/\/www.millerthomson.com\/fr\/#organization\"},\"potentialAction\":[{\"@type\":\"SearchAction\",\"target\":{\"@type\":\"EntryPoint\",\"urlTemplate\":\"https:\/\/www.millerthomson.com\/fr\/?s={search_term_string}\"},\"query-input\":{\"@type\":\"PropertyValueSpecification\",\"valueRequired\":true,\"valueName\":\"search_term_string\"}}],\"inLanguage\":\"fr-FR\"},{\"@type\":\"Organization\",\"@id\":\"https:\/\/www.millerthomson.com\/fr\/#organization\",\"name\":\"Miller Thomson | Cabinet de droit des affaires pancanadien\",\"url\":\"https:\/\/www.millerthomson.com\/fr\/\",\"logo\":{\"@type\":\"ImageObject\",\"inLanguage\":\"fr-FR\",\"@id\":\"https:\/\/www.millerthomson.com\/fr\/#\/schema\/logo\/image\/\",\"url\":\"https:\/\/www.millerthomson.com\/wp-content\/uploads\/2024\/10\/miller-thomson.svg\",\"contentUrl\":\"https:\/\/www.millerthomson.com\/wp-content\/uploads\/2024\/10\/miller-thomson.svg\",\"width\":380,\"height\":50,\"caption\":\"Miller Thomson | Cabinet de droit des affaires pancanadien\"},\"image\":{\"@id\":\"https:\/\/www.millerthomson.com\/fr\/#\/schema\/logo\/image\/\"},\"sameAs\":[\"https:\/\/www.facebook.com\/MillerThomsonLaw\/\",\"https:\/\/x.com\/millerthomson\",\"https:\/\/www.linkedin.com\/company\/miller-thomson-llp\/\",\"https:\/\/www.youtube.com\/@millerthomson\"]}]}<\/script>\n<!-- \/ Yoast SEO plugin. -->","yoast_head_json":{"title":"Bruno Caron pr\u00e9sentera une allocution dans le cadre du Sommet de la finance verte et de transition | Miller Thomson","robots":{"index":"index","follow":"follow","max-snippet":"max-snippet:-1","max-image-preview":"max-image-preview:large","max-video-preview":"max-video-preview:-1"},"canonical":"https:\/\/www.millerthomson.com\/fr\/evenements\/bruno-caron-presentera-une-allocution-dans-le-cadre-du-sommet-de-la-finance-verte-et-de-transition\/","og_locale":"fr_FR","og_type":"article","og_title":"Bruno Caron pr\u00e9sentera une allocution dans le cadre du Sommet de la finance verte et de transition | Miller Thomson","og_description":"Bruno Caron sera l\u2019un des conf\u00e9renciers du Sommet de la finance verte et de transition de la Chambre de Commerce du Canada. Les pan\u00e9listes discuteront des r\u00e9formes qui peuvent \u00eatre mises en \u0153uvre imm\u00e9diatement pour orienter l\u2019\u00e9conomie vers un avenir plus durable.","og_url":"https:\/\/www.millerthomson.com\/fr\/evenements\/bruno-caron-presentera-une-allocution-dans-le-cadre-du-sommet-de-la-finance-verte-et-de-transition\/","og_site_name":"Miller Thomson","article_publisher":"https:\/\/www.facebook.com\/MillerThomsonLaw\/","article_modified_time":"2024-09-13T16:48:15+00:00","twitter_card":"summary_large_image","twitter_site":"@millerthomson","schema":{"@context":"https:\/\/schema.org","@graph":[{"@type":"WebPage","@id":"https:\/\/www.millerthomson.com\/fr\/evenements\/bruno-caron-presentera-une-allocution-dans-le-cadre-du-sommet-de-la-finance-verte-et-de-transition\/","url":"https:\/\/www.millerthomson.com\/fr\/evenements\/bruno-caron-presentera-une-allocution-dans-le-cadre-du-sommet-de-la-finance-verte-et-de-transition\/","name":"Bruno Caron pr\u00e9sentera une allocution dans le cadre du Sommet de la finance verte et de transition | Miller Thomson","isPartOf":{"@id":"https:\/\/www.millerthomson.com\/fr\/#website"},"datePublished":"2023-10-26T05:36:05+00:00","dateModified":"2024-09-13T16:48:15+00:00","breadcrumb":{"@id":"https:\/\/www.millerthomson.com\/fr\/evenements\/bruno-caron-presentera-une-allocution-dans-le-cadre-du-sommet-de-la-finance-verte-et-de-transition\/#breadcrumb"},"inLanguage":"fr-FR","potentialAction":[{"@type":"ReadAction","target":["https:\/\/www.millerthomson.com\/fr\/evenements\/bruno-caron-presentera-une-allocution-dans-le-cadre-du-sommet-de-la-finance-verte-et-de-transition\/"]}]},{"@type":"BreadcrumbList","@id":"https:\/\/www.millerthomson.com\/fr\/evenements\/bruno-caron-presentera-une-allocution-dans-le-cadre-du-sommet-de-la-finance-verte-et-de-transition\/#breadcrumb","itemListElement":[{"@type":"ListItem","position":1,"name":"Accueil","item":"https:\/\/www.millerthomson.com\/fr\/"},{"@type":"ListItem","position":2,"name":"\u00c9v\u00e9nements","item":"https:\/\/www.millerthomson.com\/fr\/evenements\/"},{"@type":"ListItem","position":3,"name":"Bruno Caron pr\u00e9sentera une allocution dans le cadre du Sommet de la finance verte et de transition"}]},{"@type":"WebSite","@id":"https:\/\/www.millerthomson.com\/fr\/#website","url":"https:\/\/www.millerthomson.com\/fr\/","name":"Miller Thomson | Cabinet de droit des affaires pancanadien","description":"National law firm providing business law expertise and litigation and disputes services for businesses across Canada since 1957.","publisher":{"@id":"https:\/\/www.millerthomson.com\/fr\/#organization"},"potentialAction":[{"@type":"SearchAction","target":{"@type":"EntryPoint","urlTemplate":"https:\/\/www.millerthomson.com\/fr\/?s={search_term_string}"},"query-input":{"@type":"PropertyValueSpecification","valueRequired":true,"valueName":"search_term_string"}}],"inLanguage":"fr-FR"},{"@type":"Organization","@id":"https:\/\/www.millerthomson.com\/fr\/#organization","name":"Miller Thomson | Cabinet de droit des affaires pancanadien","url":"https:\/\/www.millerthomson.com\/fr\/","logo":{"@type":"ImageObject","inLanguage":"fr-FR","@id":"https:\/\/www.millerthomson.com\/fr\/#\/schema\/logo\/image\/","url":"https:\/\/www.millerthomson.com\/wp-content\/uploads\/2024\/10\/miller-thomson.svg","contentUrl":"https:\/\/www.millerthomson.com\/wp-content\/uploads\/2024\/10\/miller-thomson.svg","width":380,"height":50,"caption":"Miller Thomson | Cabinet de droit des affaires pancanadien"},"image":{"@id":"https:\/\/www.millerthomson.com\/fr\/#\/schema\/logo\/image\/"},"sameAs":["https:\/\/www.facebook.com\/MillerThomsonLaw\/","https:\/\/x.com\/millerthomson","https:\/\/www.linkedin.com\/company\/miller-thomson-llp\/","https:\/\/www.youtube.com\/@millerthomson"]}]}},"_links":{"self":[{"href":"https:\/\/www.millerthomson.com\/fr\/wp-json\/wp\/v2\/events\/8362","targetHints":{"allow":["GET"]}}],"collection":[{"href":"https:\/\/www.millerthomson.com\/fr\/wp-json\/wp\/v2\/events"}],"about":[{"href":"https:\/\/www.millerthomson.com\/fr\/wp-json\/wp\/v2\/types\/events"}],"author":[{"embeddable":true,"href":"https:\/\/www.millerthomson.com\/fr\/wp-json\/wp\/v2\/users\/5"}],"version-history":[{"count":0,"href":"https:\/\/www.millerthomson.com\/fr\/wp-json\/wp\/v2\/events\/8362\/revisions"}],"wp:attachment":[{"href":"https:\/\/www.millerthomson.com\/fr\/wp-json\/wp\/v2\/media?parent=8362"}],"wp:term":[{"taxonomy":"event-type","embeddable":true,"href":"https:\/\/www.millerthomson.com\/fr\/wp-json\/wp\/v2\/event-type?post=8362"}],"curies":[{"name":"wp","href":"https:\/\/api.w.org\/{rel}","templated":true}]}}

Bruno Caron présentera une allocution dans le cadre du Sommet de la finance verte et de transition

<p>Bruno Caron sera l’un des conférenciers du Sommet de la finance verte et de transition de la Chambre de Commerce du Canada. Les panélistes discuteront des réformes qui peuvent être mises en œuvre immédiatement pour orienter l’économie vers un avenir plus durable.</p>

<!-- This site is optimized with the Yoast SEO plugin v26.1.1 - https://yoast.com/wordpress/plugins/seo/ -->
<title>Bruno Caron présentera une allocution dans le cadre du Sommet de la finance verte et de transition | Miller Thomson</title>
<meta name="robots" content="index, follow, max-snippet:-1, max-image-preview:large, max-video-preview:-1" />
<link rel="canonical" href="https://www.millerthomson.com/fr/evenements/bruno-caron-presentera-une-allocution-dans-le-cadre-du-sommet-de-la-finance-verte-et-de-transition/" />
<meta property="og:locale" content="fr_FR" />
<meta property="og:type" content="article" />
<meta property="og:title" content="Bruno Caron présentera une allocution dans le cadre du Sommet de la finance verte et de transition | Miller Thomson" />
<meta property="og:description" content="Bruno Caron sera l’un des conférenciers du Sommet de la finance verte et de transition de la Chambre de Commerce du Canada. Les panélistes discuteront des réformes qui peuvent être mises en œuvre immédiatement pour orienter l’économie vers un avenir plus durable." />
<meta property="og:url" content="https://www.millerthomson.com/fr/evenements/bruno-caron-presentera-une-allocution-dans-le-cadre-du-sommet-de-la-finance-verte-et-de-transition/" />
<meta property="og:site_name" content="Miller Thomson" />
<meta property="article:publisher" content="https://www.facebook.com/MillerThomsonLaw/" />
<meta property="article:modified_time" content="2024-09-13T16:48:15+00:00" />
<meta name="twitter:card" content="summary_large_image" />
<meta name="twitter:site" content="@millerthomson" />
<script type="application/ld+json" class="yoast-schema-graph">{"@context":"https://schema.org","@graph":[{"@type":"WebPage","@id":"https://www.millerthomson.com/fr/evenements/bruno-caron-presentera-une-allocution-dans-le-cadre-du-sommet-de-la-finance-verte-et-de-transition/","url":"https://www.millerthomson.com/fr/evenements/bruno-caron-presentera-une-allocution-dans-le-cadre-du-sommet-de-la-finance-verte-et-de-transition/","name":"Bruno Caron présentera une allocution dans le cadre du Sommet de la finance verte et de transition | Miller Thomson","isPartOf":{"@id":"https://www.millerthomson.com/fr/#website"},"datePublished":"2023-10-26T05:36:05+00:00","dateModified":"2024-09-13T16:48:15+00:00","breadcrumb":{"@id":"https://www.millerthomson.com/fr/evenements/bruno-caron-presentera-une-allocution-dans-le-cadre-du-sommet-de-la-finance-verte-et-de-transition/#breadcrumb"},"inLanguage":"fr-FR","potentialAction":[{"@type":"ReadAction","target":["https://www.millerthomson.com/fr/evenements/bruno-caron-presentera-une-allocution-dans-le-cadre-du-sommet-de-la-finance-verte-et-de-transition/"]}]},{"@type":"BreadcrumbList","@id":"https://www.millerthomson.com/fr/evenements/bruno-caron-presentera-une-allocution-dans-le-cadre-du-sommet-de-la-finance-verte-et-de-transition/#breadcrumb","itemListElement":[{"@type":"ListItem","position":1,"name":"Accueil","item":"https://www.millerthomson.com/fr/"},{"@type":"ListItem","position":2,"name":"Événements","item":"https://www.millerthomson.com/fr/evenements/"},{"@type":"ListItem","position":3,"name":"Bruno Caron présentera une allocution dans le cadre du Sommet de la finance verte et de transition"}]},{"@type":"WebSite","@id":"https://www.millerthomson.com/fr/#website","url":"https://www.millerthomson.com/fr/","name":"Miller Thomson | Cabinet de droit des affaires pancanadien","description":"National law firm providing business law expertise and litigation and disputes services for businesses across Canada since 1957.","publisher":{"@id":"https://www.millerthomson.com/fr/#organization"},"potentialAction":[{"@type":"SearchAction","target":{"@type":"EntryPoint","urlTemplate":"https://www.millerthomson.com/fr/?s={search_term_string}"},"query-input":{"@type":"PropertyValueSpecification","valueRequired":true,"valueName":"search_term_string"}}],"inLanguage":"fr-FR"},{"@type":"Organization","@id":"https://www.millerthomson.com/fr/#organization","name":"Miller Thomson | Cabinet de droit des affaires pancanadien","url":"https://www.millerthomson.com/fr/","logo":{"@type":"ImageObject","inLanguage":"fr-FR","@id":"https://www.millerthomson.com/fr/#/schema/logo/image/","url":"https://www.millerthomson.com/wp-content/uploads/2024/10/miller-thomson.svg","contentUrl":"https://www.millerthomson.com/wp-content/uploads/2024/10/miller-thomson.svg","width":380,"height":50,"caption":"Miller Thomson | Cabinet de droit des affaires pancanadien"},"image":{"@id":"https://www.millerthomson.com/fr/#/schema/logo/image/"},"sameAs":["https://www.facebook.com/MillerThomsonLaw/","https://x.com/millerthomson","https://www.linkedin.com/company/miller-thomson-llp/","https://www.youtube.com/@millerthomson"]}]}</script>
<!-- / Yoast SEO plugin. -->

Bruno Caron présentera une allocution dans le cadre du Sommet de la finance verte et de transition | Miller Thomson

Bruno Caron sera l’un des conférenciers du Sommet de la finance verte et de transition de la Chambre de Commerce du Canada. Les panélistes discuteront des réformes qui peuvent être mises en œuvre immédiatement pour orienter l’économie vers un avenir plus durable.

Événements
