{"id":7972,"date":"2023-04-18T20:53:24","date_gmt":"2023-04-19T00:53:24","guid":{"rendered":"https:\/\/www.millerthomson.com\/events\/financement-durable-discussion-de-groupe\/"},"modified":"2025-09-12T15:13:50","modified_gmt":"2025-09-12T19:13:50","slug":"financement-durable-discussion-de-groupe","status":"publish","type":"events","link":"https:\/\/www.millerthomson.com\/fr\/evenements\/financement-durable-discussion-de-groupe\/","title":{"rendered":"Financement durable &#8211; Discussion de groupe"},"content":{"rendered":"<p style=\"font-weight: 400;\"><span class=\"ui-provider gp b c d e f g h i j k l m n o p q r s t u v w x y z ab ac ae af ag ah ai aj ak\" dir=\"ltr\">Miller Thomson LLP vous invite \u00e0 une discussion approfondie sur la finance durable qui vous permettra de d\u00e9couvrir les diff\u00e9rentes occasions d\u2019acc\u00e9der \u00e0 ce march\u00e9 \u00e9mergent qui s\u2019offrent aux emprunteurs, aux \u00e9metteurs, aux investisseurs, aux pr\u00eateurs et aux autres participants des march\u00e9s financiers et du cr\u00e9dit.<\/span><\/p>\n<p style=\"font-weight: 400;\">Les march\u00e9s financiers et les institutions financi\u00e8res ont un r\u00f4le essentiel \u00e0 jouer dans la transition climatique et la pr\u00e9servation et la restauration de la nature dans son ensemble en assurant un flux efficace de financement provenant des investisseurs et des institutions financi\u00e8res vers les \u00e9metteurs et les emprunteurs d\u00e9sireux de g\u00e9rer les risques li\u00e9s aux changements climatiques et \u00e0 la perte de biodiversit\u00e9.<\/p>\n<p style=\"font-weight: 400;\">Ce panel discutera et vous fournira des conseils d&rsquo;experts de juristes et de praticiens de la finance durable qui vous donneront un aper\u00e7u de la finance durable et de ce march\u00e9 en pleine croissance<\/p>\n<p><strong>Mod\u00e9rateur : <\/strong><\/p>\n<ul>\n<li><strong><a href=\"https:\/\/www.millerthomson.com\/fr\/notre-equipe\/bruno-caron\/\" target=\"_blank\" rel=\"noopener\">Bruno Caron<\/a>, <\/strong>Associ\u00e9 et copr\u00e9sident du groupe responsabilit\u00e9 sociale des entreprises et march\u00e9 du carbone.<\/li>\n<\/ul>\n<p><strong>Pan\u00e9listes :<\/strong><\/p>\n<ul>\n<li><a href=\"https:\/\/www.millerthomson.com\/en\/our-people\/p-jason-kroft\/\" target=\"_blank\" rel=\"noopener\"><strong>Jason Kroft<\/strong><\/a>, Associ\u00e9, co-pr\u00e9sident du d\u00e9partement ESG and Carbon Finance et Co-Leader du groupe de pratique Structure Finance and Securitization, Miller Thomson<\/li>\n<li><a href=\"https:\/\/www.millerthomson.com\/fr\/notre-equipe\/bernard-blouin\/\" target=\"_blank\" rel=\"noopener\"><strong>Bernard Blouin<\/strong><\/a>, Associ\u00e9, Miller Thomson<\/li>\n<li><a href=\"https:\/\/www.linkedin.com\/in\/oliviergrd\/?originalSubdomain=ca\" target=\"_blank\" rel=\"noopener\"><strong>Olivier Girardeau<\/strong><\/a>, Directeur de l\u2019encadrement et de la surveillance de la finance durable \u2022 Autorit\u00e9 des march\u00e9s financiers (Qu\u00e9bec)<\/li>\n<li><a href=\"https:\/\/www.linkedin.com\/in\/ian-charest\/\" target=\"_blank\" rel=\"noopener\"><strong>Ian Charest<\/strong><\/a>, Directeur principal, Tr\u00e9sorerie \u00e0 la Caisse de d\u00e9p\u00f4t et placement du Qu\u00e9bec<\/li>\n<\/ul>\n<p><strong>Programme :<\/strong><br \/>\n11 h 30 EST &#8211; 12 h 00 EST\u00a0\u2013 Inscriptions et D\u00e9jeuner<br \/>\n12 h 00 EST &#8211; 13 h 00 EST\u00a0\u2013 Discussion de groupe<\/p>\n<h4><a href=\"https:\/\/sites-millerthomson.vuturevx.com\/48\/5733\/compose-email\/website-fra.asp?ExcludePageBreak=true\" target=\"_blank\" rel=\"noopener\">Invitation et modalit\u00e9s d&rsquo;inscription<\/a><\/h4>\n","protected":false},"author":1,"template":"","event-type":[466],"class_list":["post-7972","events","type-events","status-publish","hentry"],"acf":[],"yoast_head":"<!-- This site is optimized with the Yoast SEO plugin v26.1.1 - https:\/\/yoast.com\/wordpress\/plugins\/seo\/ -->\n<title>Financement durable - Discussion de groupe | Miller Thomson<\/title>\n<meta name=\"robots\" content=\"index, follow, max-snippet:-1, max-image-preview:large, max-video-preview:-1\" \/>\n<link rel=\"canonical\" href=\"https:\/\/www.millerthomson.com\/fr\/evenements\/financement-durable-discussion-de-groupe\/\" \/>\n<meta property=\"og:locale\" content=\"fr_FR\" \/>\n<meta property=\"og:type\" content=\"article\" \/>\n<meta property=\"og:title\" content=\"Financement durable - Discussion de groupe | Miller Thomson\" \/>\n<meta property=\"og:description\" content=\"Miller Thomson LLP vous invite \u00e0 une discussion approfondie sur la finance durable qui vous permettra de d\u00e9couvrir les diff\u00e9rentes occasions d\u2019acc\u00e9der \u00e0 ce march\u00e9 \u00e9mergent qui s\u2019offrent aux emprunteurs, aux \u00e9metteurs, aux investisseurs, aux pr\u00eateurs et aux autres participants des march\u00e9s financiers et du cr\u00e9dit. Les march\u00e9s financiers et les institutions financi\u00e8res ont un [&hellip;]\" \/>\n<meta property=\"og:url\" content=\"https:\/\/www.millerthomson.com\/fr\/evenements\/financement-durable-discussion-de-groupe\/\" \/>\n<meta property=\"og:site_name\" content=\"Miller Thomson\" \/>\n<meta property=\"article:publisher\" content=\"https:\/\/www.facebook.com\/MillerThomsonLaw\/\" \/>\n<meta property=\"article:modified_time\" content=\"2025-09-12T19:13:50+00:00\" \/>\n<meta name=\"twitter:card\" content=\"summary_large_image\" \/>\n<meta name=\"twitter:site\" content=\"@millerthomson\" \/>\n<meta name=\"twitter:label1\" content=\"Est. reading time\" \/>\n\t<meta name=\"twitter:data1\" content=\"2 minutes\" \/>\n<script type=\"application\/ld+json\" class=\"yoast-schema-graph\">{\"@context\":\"https:\/\/schema.org\",\"@graph\":[{\"@type\":\"WebPage\",\"@id\":\"https:\/\/www.millerthomson.com\/fr\/evenements\/financement-durable-discussion-de-groupe\/\",\"url\":\"https:\/\/www.millerthomson.com\/fr\/evenements\/financement-durable-discussion-de-groupe\/\",\"name\":\"Financement durable - Discussion de groupe | Miller Thomson\",\"isPartOf\":{\"@id\":\"https:\/\/www.millerthomson.com\/fr\/#website\"},\"datePublished\":\"2023-04-19T00:53:24+00:00\",\"dateModified\":\"2025-09-12T19:13:50+00:00\",\"breadcrumb\":{\"@id\":\"https:\/\/www.millerthomson.com\/fr\/evenements\/financement-durable-discussion-de-groupe\/#breadcrumb\"},\"inLanguage\":\"fr-FR\",\"potentialAction\":[{\"@type\":\"ReadAction\",\"target\":[\"https:\/\/www.millerthomson.com\/fr\/evenements\/financement-durable-discussion-de-groupe\/\"]}]},{\"@type\":\"BreadcrumbList\",\"@id\":\"https:\/\/www.millerthomson.com\/fr\/evenements\/financement-durable-discussion-de-groupe\/#breadcrumb\",\"itemListElement\":[{\"@type\":\"ListItem\",\"position\":1,\"name\":\"Accueil\",\"item\":\"https:\/\/www.millerthomson.com\/fr\/\"},{\"@type\":\"ListItem\",\"position\":2,\"name\":\"\u00c9v\u00e9nements\",\"item\":\"https:\/\/www.millerthomson.com\/fr\/evenements\/\"},{\"@type\":\"ListItem\",\"position\":3,\"name\":\"Financement durable &#8211; Discussion de groupe\"}]},{\"@type\":\"WebSite\",\"@id\":\"https:\/\/www.millerthomson.com\/fr\/#website\",\"url\":\"https:\/\/www.millerthomson.com\/fr\/\",\"name\":\"Miller Thomson | Cabinet de droit des affaires pancanadien\",\"description\":\"National law firm providing business law expertise and litigation and disputes services for businesses across Canada since 1957.\",\"publisher\":{\"@id\":\"https:\/\/www.millerthomson.com\/fr\/#organization\"},\"potentialAction\":[{\"@type\":\"SearchAction\",\"target\":{\"@type\":\"EntryPoint\",\"urlTemplate\":\"https:\/\/www.millerthomson.com\/fr\/?s={search_term_string}\"},\"query-input\":{\"@type\":\"PropertyValueSpecification\",\"valueRequired\":true,\"valueName\":\"search_term_string\"}}],\"inLanguage\":\"fr-FR\"},{\"@type\":\"Organization\",\"@id\":\"https:\/\/www.millerthomson.com\/fr\/#organization\",\"name\":\"Miller Thomson | Cabinet de droit des affaires pancanadien\",\"url\":\"https:\/\/www.millerthomson.com\/fr\/\",\"logo\":{\"@type\":\"ImageObject\",\"inLanguage\":\"fr-FR\",\"@id\":\"https:\/\/www.millerthomson.com\/fr\/#\/schema\/logo\/image\/\",\"url\":\"https:\/\/www.millerthomson.com\/wp-content\/uploads\/2024\/10\/miller-thomson.svg\",\"contentUrl\":\"https:\/\/www.millerthomson.com\/wp-content\/uploads\/2024\/10\/miller-thomson.svg\",\"width\":380,\"height\":50,\"caption\":\"Miller Thomson | Cabinet de droit des affaires pancanadien\"},\"image\":{\"@id\":\"https:\/\/www.millerthomson.com\/fr\/#\/schema\/logo\/image\/\"},\"sameAs\":[\"https:\/\/www.facebook.com\/MillerThomsonLaw\/\",\"https:\/\/x.com\/millerthomson\",\"https:\/\/www.linkedin.com\/company\/miller-thomson-llp\/\",\"https:\/\/www.youtube.com\/@millerthomson\"]}]}<\/script>\n<!-- \/ Yoast SEO plugin. -->","yoast_head_json":{"title":"Financement durable - Discussion de groupe | Miller Thomson","robots":{"index":"index","follow":"follow","max-snippet":"max-snippet:-1","max-image-preview":"max-image-preview:large","max-video-preview":"max-video-preview:-1"},"canonical":"https:\/\/www.millerthomson.com\/fr\/evenements\/financement-durable-discussion-de-groupe\/","og_locale":"fr_FR","og_type":"article","og_title":"Financement durable - Discussion de groupe | Miller Thomson","og_description":"Miller Thomson LLP vous invite \u00e0 une discussion approfondie sur la finance durable qui vous permettra de d\u00e9couvrir les diff\u00e9rentes occasions d\u2019acc\u00e9der \u00e0 ce march\u00e9 \u00e9mergent qui s\u2019offrent aux emprunteurs, aux \u00e9metteurs, aux investisseurs, aux pr\u00eateurs et aux autres participants des march\u00e9s financiers et du cr\u00e9dit. Les march\u00e9s financiers et les institutions financi\u00e8res ont un [&hellip;]","og_url":"https:\/\/www.millerthomson.com\/fr\/evenements\/financement-durable-discussion-de-groupe\/","og_site_name":"Miller Thomson","article_publisher":"https:\/\/www.facebook.com\/MillerThomsonLaw\/","article_modified_time":"2025-09-12T19:13:50+00:00","twitter_card":"summary_large_image","twitter_site":"@millerthomson","twitter_misc":{"Est. reading time":"2 minutes"},"schema":{"@context":"https:\/\/schema.org","@graph":[{"@type":"WebPage","@id":"https:\/\/www.millerthomson.com\/fr\/evenements\/financement-durable-discussion-de-groupe\/","url":"https:\/\/www.millerthomson.com\/fr\/evenements\/financement-durable-discussion-de-groupe\/","name":"Financement durable - Discussion de groupe | Miller Thomson","isPartOf":{"@id":"https:\/\/www.millerthomson.com\/fr\/#website"},"datePublished":"2023-04-19T00:53:24+00:00","dateModified":"2025-09-12T19:13:50+00:00","breadcrumb":{"@id":"https:\/\/www.millerthomson.com\/fr\/evenements\/financement-durable-discussion-de-groupe\/#breadcrumb"},"inLanguage":"fr-FR","potentialAction":[{"@type":"ReadAction","target":["https:\/\/www.millerthomson.com\/fr\/evenements\/financement-durable-discussion-de-groupe\/"]}]},{"@type":"BreadcrumbList","@id":"https:\/\/www.millerthomson.com\/fr\/evenements\/financement-durable-discussion-de-groupe\/#breadcrumb","itemListElement":[{"@type":"ListItem","position":1,"name":"Accueil","item":"https:\/\/www.millerthomson.com\/fr\/"},{"@type":"ListItem","position":2,"name":"\u00c9v\u00e9nements","item":"https:\/\/www.millerthomson.com\/fr\/evenements\/"},{"@type":"ListItem","position":3,"name":"Financement durable &#8211; Discussion de groupe"}]},{"@type":"WebSite","@id":"https:\/\/www.millerthomson.com\/fr\/#website","url":"https:\/\/www.millerthomson.com\/fr\/","name":"Miller Thomson | Cabinet de droit des affaires pancanadien","description":"National law firm providing business law expertise and litigation and disputes services for businesses across Canada since 1957.","publisher":{"@id":"https:\/\/www.millerthomson.com\/fr\/#organization"},"potentialAction":[{"@type":"SearchAction","target":{"@type":"EntryPoint","urlTemplate":"https:\/\/www.millerthomson.com\/fr\/?s={search_term_string}"},"query-input":{"@type":"PropertyValueSpecification","valueRequired":true,"valueName":"search_term_string"}}],"inLanguage":"fr-FR"},{"@type":"Organization","@id":"https:\/\/www.millerthomson.com\/fr\/#organization","name":"Miller Thomson | Cabinet de droit des affaires pancanadien","url":"https:\/\/www.millerthomson.com\/fr\/","logo":{"@type":"ImageObject","inLanguage":"fr-FR","@id":"https:\/\/www.millerthomson.com\/fr\/#\/schema\/logo\/image\/","url":"https:\/\/www.millerthomson.com\/wp-content\/uploads\/2024\/10\/miller-thomson.svg","contentUrl":"https:\/\/www.millerthomson.com\/wp-content\/uploads\/2024\/10\/miller-thomson.svg","width":380,"height":50,"caption":"Miller Thomson | Cabinet de droit des affaires pancanadien"},"image":{"@id":"https:\/\/www.millerthomson.com\/fr\/#\/schema\/logo\/image\/"},"sameAs":["https:\/\/www.facebook.com\/MillerThomsonLaw\/","https:\/\/x.com\/millerthomson","https:\/\/www.linkedin.com\/company\/miller-thomson-llp\/","https:\/\/www.youtube.com\/@millerthomson"]}]}},"_links":{"self":[{"href":"https:\/\/www.millerthomson.com\/fr\/wp-json\/wp\/v2\/events\/7972","targetHints":{"allow":["GET"]}}],"collection":[{"href":"https:\/\/www.millerthomson.com\/fr\/wp-json\/wp\/v2\/events"}],"about":[{"href":"https:\/\/www.millerthomson.com\/fr\/wp-json\/wp\/v2\/types\/events"}],"author":[{"embeddable":true,"href":"https:\/\/www.millerthomson.com\/fr\/wp-json\/wp\/v2\/users\/1"}],"version-history":[{"count":0,"href":"https:\/\/www.millerthomson.com\/fr\/wp-json\/wp\/v2\/events\/7972\/revisions"}],"wp:attachment":[{"href":"https:\/\/www.millerthomson.com\/fr\/wp-json\/wp\/v2\/media?parent=7972"}],"wp:term":[{"taxonomy":"event-type","embeddable":true,"href":"https:\/\/www.millerthomson.com\/fr\/wp-json\/wp\/v2\/event-type?post=7972"}],"curies":[{"name":"wp","href":"https:\/\/api.w.org\/{rel}","templated":true}]}}

<p style="font-weight: 400;"><span class="ui-provider gp b c d e f g h i j k l m n o p q r s t u v w x y z ab ac ae af ag ah ai aj ak" dir="ltr">Miller Thomson LLP vous invite à une discussion approfondie sur la finance durable qui vous permettra de découvrir les différentes occasions d’accéder à ce marché émergent qui s’offrent aux emprunteurs, aux émetteurs, aux investisseurs, aux prêteurs et aux autres participants des marchés financiers et du crédit.</span></p>
<p style="font-weight: 400;">Les marchés financiers et les institutions financières ont un rôle essentiel à jouer dans la transition climatique et la préservation et la restauration de la nature dans son ensemble en assurant un flux efficace de financement provenant des investisseurs et des institutions financières vers les émetteurs et les emprunteurs désireux de gérer les risques liés aux changements climatiques et à la perte de biodiversité.</p>
<p style="font-weight: 400;">Ce panel discutera et vous fournira des conseils d&rsquo;experts de juristes et de praticiens de la finance durable qui vous donneront un aperçu de la finance durable et de ce marché en pleine croissance</p>
<p><strong>Modérateur : </strong></p>
<ul>
<li><strong><a href="https://www.millerthomson.com/fr/notre-equipe/bruno-caron/" target="_blank" rel="noopener">Bruno Caron</a>, </strong>Associé et coprésident du groupe responsabilité sociale des entreprises et marché du carbone.</li>
</ul>
<p><strong>Panélistes :</strong></p>
<ul>
<li><a href="https://www.millerthomson.com/en/our-people/p-jason-kroft/" target="_blank" rel="noopener"><strong>Jason Kroft</strong></a>, Associé, co-président du département ESG and Carbon Finance et Co-Leader du groupe de pratique Structure Finance and Securitization, Miller Thomson</li>
<li><a href="https://www.millerthomson.com/fr/notre-equipe/bernard-blouin/" target="_blank" rel="noopener"><strong>Bernard Blouin</strong></a>, Associé, Miller Thomson</li>
<li><a href="https://www.linkedin.com/in/oliviergrd/?originalSubdomain=ca" target="_blank" rel="noopener"><strong>Olivier Girardeau</strong></a>, Directeur de l’encadrement et de la surveillance de la finance durable • Autorité des marchés financiers (Québec)</li>
<li><a href="https://www.linkedin.com/in/ian-charest/" target="_blank" rel="noopener"><strong>Ian Charest</strong></a>, Directeur principal, Trésorerie à la Caisse de dépôt et placement du Québec</li>
</ul>
<p><strong>Programme :</strong><br />
11 h 30 EST &#8211; 12 h 00 EST – Inscriptions et Déjeuner<br />
12 h 00 EST &#8211; 13 h 00 EST – Discussion de groupe</p>
<h4><a href="https://sites-millerthomson.vuturevx.com/48/5733/compose-email/website-fra.asp?ExcludePageBreak=true" target="_blank" rel="noopener">Invitation et modalités d&rsquo;inscription</a></h4>

<!-- This site is optimized with the Yoast SEO plugin v26.1.1 - https://yoast.com/wordpress/plugins/seo/ -->
<title>Financement durable - Discussion de groupe | Miller Thomson</title>
<meta name="robots" content="index, follow, max-snippet:-1, max-image-preview:large, max-video-preview:-1" />
<link rel="canonical" href="https://www.millerthomson.com/fr/evenements/financement-durable-discussion-de-groupe/" />
<meta property="og:locale" content="fr_FR" />
<meta property="og:type" content="article" />
<meta property="og:title" content="Financement durable - Discussion de groupe | Miller Thomson" />
<meta property="og:description" content="Miller Thomson LLP vous invite à une discussion approfondie sur la finance durable qui vous permettra de découvrir les différentes occasions d’accéder à ce marché émergent qui s’offrent aux emprunteurs, aux émetteurs, aux investisseurs, aux prêteurs et aux autres participants des marchés financiers et du crédit. Les marchés financiers et les institutions financières ont un [&hellip;]" />
<meta property="og:url" content="https://www.millerthomson.com/fr/evenements/financement-durable-discussion-de-groupe/" />
<meta property="og:site_name" content="Miller Thomson" />
<meta property="article:publisher" content="https://www.facebook.com/MillerThomsonLaw/" />
<meta property="article:modified_time" content="2025-09-12T19:13:50+00:00" />
<meta name="twitter:card" content="summary_large_image" />
<meta name="twitter:site" content="@millerthomson" />
<meta name="twitter:label1" content="Est. reading time" />
	<meta name="twitter:data1" content="2 minutes" />
<script type="application/ld+json" class="yoast-schema-graph">{"@context":"https://schema.org","@graph":[{"@type":"WebPage","@id":"https://www.millerthomson.com/fr/evenements/financement-durable-discussion-de-groupe/","url":"https://www.millerthomson.com/fr/evenements/financement-durable-discussion-de-groupe/","name":"Financement durable - Discussion de groupe | Miller Thomson","isPartOf":{"@id":"https://www.millerthomson.com/fr/#website"},"datePublished":"2023-04-19T00:53:24+00:00","dateModified":"2025-09-12T19:13:50+00:00","breadcrumb":{"@id":"https://www.millerthomson.com/fr/evenements/financement-durable-discussion-de-groupe/#breadcrumb"},"inLanguage":"fr-FR","potentialAction":[{"@type":"ReadAction","target":["https://www.millerthomson.com/fr/evenements/financement-durable-discussion-de-groupe/"]}]},{"@type":"BreadcrumbList","@id":"https://www.millerthomson.com/fr/evenements/financement-durable-discussion-de-groupe/#breadcrumb","itemListElement":[{"@type":"ListItem","position":1,"name":"Accueil","item":"https://www.millerthomson.com/fr/"},{"@type":"ListItem","position":2,"name":"Événements","item":"https://www.millerthomson.com/fr/evenements/"},{"@type":"ListItem","position":3,"name":"Financement durable &#8211; Discussion de groupe"}]},{"@type":"WebSite","@id":"https://www.millerthomson.com/fr/#website","url":"https://www.millerthomson.com/fr/","name":"Miller Thomson | Cabinet de droit des affaires pancanadien","description":"National law firm providing business law expertise and litigation and disputes services for businesses across Canada since 1957.","publisher":{"@id":"https://www.millerthomson.com/fr/#organization"},"potentialAction":[{"@type":"SearchAction","target":{"@type":"EntryPoint","urlTemplate":"https://www.millerthomson.com/fr/?s={search_term_string}"},"query-input":{"@type":"PropertyValueSpecification","valueRequired":true,"valueName":"search_term_string"}}],"inLanguage":"fr-FR"},{"@type":"Organization","@id":"https://www.millerthomson.com/fr/#organization","name":"Miller Thomson | Cabinet de droit des affaires pancanadien","url":"https://www.millerthomson.com/fr/","logo":{"@type":"ImageObject","inLanguage":"fr-FR","@id":"https://www.millerthomson.com/fr/#/schema/logo/image/","url":"https://www.millerthomson.com/wp-content/uploads/2024/10/miller-thomson.svg","contentUrl":"https://www.millerthomson.com/wp-content/uploads/2024/10/miller-thomson.svg","width":380,"height":50,"caption":"Miller Thomson | Cabinet de droit des affaires pancanadien"},"image":{"@id":"https://www.millerthomson.com/fr/#/schema/logo/image/"},"sameAs":["https://www.facebook.com/MillerThomsonLaw/","https://x.com/millerthomson","https://www.linkedin.com/company/miller-thomson-llp/","https://www.youtube.com/@millerthomson"]}]}</script>
<!-- / Yoast SEO plugin. -->

Miller Thomson LLP vous invite à une discussion approfondie sur la finance durable qui vous permettra de découvrir les différentes occasions d’accéder à ce marché émergent qui s’offrent aux emprunteurs, aux émetteurs, aux investisseurs, aux prêteurs et aux autres participants des marchés financiers et du crédit. Les marchés financiers et les institutions financières ont un [&hellip;]

Événements
