{"id":7961,"date":"2022-11-02T15:29:57","date_gmt":"2022-11-02T19:29:57","guid":{"rendered":"https:\/\/www.millerthomson.com\/events\/conference-sur-le-droit-du-travail-et-de-lemploi-etre-un-employeur-en-2022-defis-et-enjeux-juridiques\/"},"modified":"2024-09-13T12:17:28","modified_gmt":"2024-09-13T16:17:28","slug":"conference-sur-le-droit-du-travail-et-de-lemploi-etre-un-employeur-en-2022-defis-et-enjeux-juridiques","status":"publish","type":"events","link":"https:\/\/www.millerthomson.com\/fr\/evenements\/conference-sur-le-droit-du-travail-et-de-lemploi-etre-un-employeur-en-2022-defis-et-enjeux-juridiques\/","title":{"rendered":"Conf\u00e9rence sur le droit du travail et de l\u2019emploi : \u00catre un employeur en 2022 &#8211; D\u00e9fis et enjeux juridiques."},"content":{"rendered":"<p>Joignez-vous \u00e0 nous en personne le <strong>mercredi 16 novembre<\/strong> de <strong>8 h 00<\/strong> \u00e0 <strong>13 h 30 (HE)<\/strong> pour en apprendre davantage sur les d\u00e9fis rencontr\u00e9s par les employeurs en 2022. Nos sp\u00e9cialistes pourront r\u00e9pondre \u00e0 vos questions et discuter avec vous des divers enjeux juridiques potentiels en lien avec le recrutement et la r\u00e9tention des employ\u00e9s, ainsi qu\u2019avec la gestion des d\u00e9parts.<\/p>\n<p><a href=\"https:\/\/sites-millerthomson.vuturevx.com\/45\/5450\/compose-email\/labour-and-employment-conference---agenda-french.asp\" target=\"_blank\" rel=\"noopener\"><strong>Acc\u00e9dez au programme<\/strong><\/a>.<\/p>\n<p><strong><a href=\"mailto:mtlevents@millerthomson.com\">Veuillez nous contacter pour demander votre invitation<\/a><\/strong>.<\/p>\n","protected":false},"author":1,"template":"","event-type":[466],"class_list":["post-7961","events","type-events","status-publish","hentry"],"acf":[],"yoast_head":"<!-- This site is optimized with the Yoast SEO plugin v26.1.1 - https:\/\/yoast.com\/wordpress\/plugins\/seo\/ -->\n<title>Conf\u00e9rence sur le droit du travail et de l\u2019emploi : \u00catre un employeur en 2022 - D\u00e9fis et enjeux juridiques. | Miller Thomson<\/title>\n<meta name=\"robots\" content=\"index, follow, max-snippet:-1, max-image-preview:large, max-video-preview:-1\" \/>\n<link rel=\"canonical\" href=\"https:\/\/www.millerthomson.com\/fr\/evenements\/conference-sur-le-droit-du-travail-et-de-lemploi-etre-un-employeur-en-2022-defis-et-enjeux-juridiques\/\" \/>\n<meta property=\"og:locale\" content=\"fr_FR\" \/>\n<meta property=\"og:type\" content=\"article\" \/>\n<meta property=\"og:title\" content=\"Conf\u00e9rence sur le droit du travail et de l\u2019emploi : \u00catre un employeur en 2022 - D\u00e9fis et enjeux juridiques. | Miller Thomson\" \/>\n<meta property=\"og:description\" content=\"Joignez-vous \u00e0 nous en personne le mercredi 16 novembre de 8 h 00 \u00e0 13 h 30 (HE) pour en apprendre davantage sur les d\u00e9fis rencontr\u00e9s par les employeurs en 2022. Nos sp\u00e9cialistes pourront r\u00e9pondre \u00e0 vos questions et discuter avec vous des divers enjeux juridiques potentiels en lien avec le recrutement et la r\u00e9tention [&hellip;]\" \/>\n<meta property=\"og:url\" content=\"https:\/\/www.millerthomson.com\/fr\/evenements\/conference-sur-le-droit-du-travail-et-de-lemploi-etre-un-employeur-en-2022-defis-et-enjeux-juridiques\/\" \/>\n<meta property=\"og:site_name\" content=\"Miller Thomson\" \/>\n<meta property=\"article:publisher\" content=\"https:\/\/www.facebook.com\/MillerThomsonLaw\/\" \/>\n<meta property=\"article:modified_time\" content=\"2024-09-13T16:17:28+00:00\" \/>\n<meta name=\"twitter:card\" content=\"summary_large_image\" \/>\n<meta name=\"twitter:site\" content=\"@millerthomson\" \/>\n<script type=\"application\/ld+json\" class=\"yoast-schema-graph\">{\"@context\":\"https:\/\/schema.org\",\"@graph\":[{\"@type\":\"WebPage\",\"@id\":\"https:\/\/www.millerthomson.com\/fr\/evenements\/conference-sur-le-droit-du-travail-et-de-lemploi-etre-un-employeur-en-2022-defis-et-enjeux-juridiques\/\",\"url\":\"https:\/\/www.millerthomson.com\/fr\/evenements\/conference-sur-le-droit-du-travail-et-de-lemploi-etre-un-employeur-en-2022-defis-et-enjeux-juridiques\/\",\"name\":\"Conf\u00e9rence sur le droit du travail et de l\u2019emploi : \u00catre un employeur en 2022 - D\u00e9fis et enjeux juridiques. | Miller Thomson\",\"isPartOf\":{\"@id\":\"https:\/\/www.millerthomson.com\/fr\/#website\"},\"datePublished\":\"2022-11-02T19:29:57+00:00\",\"dateModified\":\"2024-09-13T16:17:28+00:00\",\"breadcrumb\":{\"@id\":\"https:\/\/www.millerthomson.com\/fr\/evenements\/conference-sur-le-droit-du-travail-et-de-lemploi-etre-un-employeur-en-2022-defis-et-enjeux-juridiques\/#breadcrumb\"},\"inLanguage\":\"fr-FR\",\"potentialAction\":[{\"@type\":\"ReadAction\",\"target\":[\"https:\/\/www.millerthomson.com\/fr\/evenements\/conference-sur-le-droit-du-travail-et-de-lemploi-etre-un-employeur-en-2022-defis-et-enjeux-juridiques\/\"]}]},{\"@type\":\"BreadcrumbList\",\"@id\":\"https:\/\/www.millerthomson.com\/fr\/evenements\/conference-sur-le-droit-du-travail-et-de-lemploi-etre-un-employeur-en-2022-defis-et-enjeux-juridiques\/#breadcrumb\",\"itemListElement\":[{\"@type\":\"ListItem\",\"position\":1,\"name\":\"Accueil\",\"item\":\"https:\/\/www.millerthomson.com\/fr\/\"},{\"@type\":\"ListItem\",\"position\":2,\"name\":\"\u00c9v\u00e9nements\",\"item\":\"https:\/\/www.millerthomson.com\/fr\/evenements\/\"},{\"@type\":\"ListItem\",\"position\":3,\"name\":\"Conf\u00e9rence sur le droit du travail et de l\u2019emploi : \u00catre un employeur en 2022 &#8211; D\u00e9fis et enjeux juridiques.\"}]},{\"@type\":\"WebSite\",\"@id\":\"https:\/\/www.millerthomson.com\/fr\/#website\",\"url\":\"https:\/\/www.millerthomson.com\/fr\/\",\"name\":\"Miller Thomson | Cabinet de droit des affaires pancanadien\",\"description\":\"National law firm providing business law expertise and litigation and disputes services for businesses across Canada since 1957.\",\"publisher\":{\"@id\":\"https:\/\/www.millerthomson.com\/fr\/#organization\"},\"potentialAction\":[{\"@type\":\"SearchAction\",\"target\":{\"@type\":\"EntryPoint\",\"urlTemplate\":\"https:\/\/www.millerthomson.com\/fr\/?s={search_term_string}\"},\"query-input\":{\"@type\":\"PropertyValueSpecification\",\"valueRequired\":true,\"valueName\":\"search_term_string\"}}],\"inLanguage\":\"fr-FR\"},{\"@type\":\"Organization\",\"@id\":\"https:\/\/www.millerthomson.com\/fr\/#organization\",\"name\":\"Miller Thomson | Cabinet de droit des affaires pancanadien\",\"url\":\"https:\/\/www.millerthomson.com\/fr\/\",\"logo\":{\"@type\":\"ImageObject\",\"inLanguage\":\"fr-FR\",\"@id\":\"https:\/\/www.millerthomson.com\/fr\/#\/schema\/logo\/image\/\",\"url\":\"https:\/\/www.millerthomson.com\/wp-content\/uploads\/2024\/10\/miller-thomson.svg\",\"contentUrl\":\"https:\/\/www.millerthomson.com\/wp-content\/uploads\/2024\/10\/miller-thomson.svg\",\"width\":380,\"height\":50,\"caption\":\"Miller Thomson | Cabinet de droit des affaires pancanadien\"},\"image\":{\"@id\":\"https:\/\/www.millerthomson.com\/fr\/#\/schema\/logo\/image\/\"},\"sameAs\":[\"https:\/\/www.facebook.com\/MillerThomsonLaw\/\",\"https:\/\/x.com\/millerthomson\",\"https:\/\/www.linkedin.com\/company\/miller-thomson-llp\/\",\"https:\/\/www.youtube.com\/@millerthomson\"]}]}<\/script>\n<!-- \/ Yoast SEO plugin. -->","yoast_head_json":{"title":"Conf\u00e9rence sur le droit du travail et de l\u2019emploi : \u00catre un employeur en 2022 - D\u00e9fis et enjeux juridiques. | Miller Thomson","robots":{"index":"index","follow":"follow","max-snippet":"max-snippet:-1","max-image-preview":"max-image-preview:large","max-video-preview":"max-video-preview:-1"},"canonical":"https:\/\/www.millerthomson.com\/fr\/evenements\/conference-sur-le-droit-du-travail-et-de-lemploi-etre-un-employeur-en-2022-defis-et-enjeux-juridiques\/","og_locale":"fr_FR","og_type":"article","og_title":"Conf\u00e9rence sur le droit du travail et de l\u2019emploi : \u00catre un employeur en 2022 - D\u00e9fis et enjeux juridiques. | Miller Thomson","og_description":"Joignez-vous \u00e0 nous en personne le mercredi 16 novembre de 8 h 00 \u00e0 13 h 30 (HE) pour en apprendre davantage sur les d\u00e9fis rencontr\u00e9s par les employeurs en 2022. Nos sp\u00e9cialistes pourront r\u00e9pondre \u00e0 vos questions et discuter avec vous des divers enjeux juridiques potentiels en lien avec le recrutement et la r\u00e9tention [&hellip;]","og_url":"https:\/\/www.millerthomson.com\/fr\/evenements\/conference-sur-le-droit-du-travail-et-de-lemploi-etre-un-employeur-en-2022-defis-et-enjeux-juridiques\/","og_site_name":"Miller Thomson","article_publisher":"https:\/\/www.facebook.com\/MillerThomsonLaw\/","article_modified_time":"2024-09-13T16:17:28+00:00","twitter_card":"summary_large_image","twitter_site":"@millerthomson","schema":{"@context":"https:\/\/schema.org","@graph":[{"@type":"WebPage","@id":"https:\/\/www.millerthomson.com\/fr\/evenements\/conference-sur-le-droit-du-travail-et-de-lemploi-etre-un-employeur-en-2022-defis-et-enjeux-juridiques\/","url":"https:\/\/www.millerthomson.com\/fr\/evenements\/conference-sur-le-droit-du-travail-et-de-lemploi-etre-un-employeur-en-2022-defis-et-enjeux-juridiques\/","name":"Conf\u00e9rence sur le droit du travail et de l\u2019emploi : \u00catre un employeur en 2022 - D\u00e9fis et enjeux juridiques. | Miller Thomson","isPartOf":{"@id":"https:\/\/www.millerthomson.com\/fr\/#website"},"datePublished":"2022-11-02T19:29:57+00:00","dateModified":"2024-09-13T16:17:28+00:00","breadcrumb":{"@id":"https:\/\/www.millerthomson.com\/fr\/evenements\/conference-sur-le-droit-du-travail-et-de-lemploi-etre-un-employeur-en-2022-defis-et-enjeux-juridiques\/#breadcrumb"},"inLanguage":"fr-FR","potentialAction":[{"@type":"ReadAction","target":["https:\/\/www.millerthomson.com\/fr\/evenements\/conference-sur-le-droit-du-travail-et-de-lemploi-etre-un-employeur-en-2022-defis-et-enjeux-juridiques\/"]}]},{"@type":"BreadcrumbList","@id":"https:\/\/www.millerthomson.com\/fr\/evenements\/conference-sur-le-droit-du-travail-et-de-lemploi-etre-un-employeur-en-2022-defis-et-enjeux-juridiques\/#breadcrumb","itemListElement":[{"@type":"ListItem","position":1,"name":"Accueil","item":"https:\/\/www.millerthomson.com\/fr\/"},{"@type":"ListItem","position":2,"name":"\u00c9v\u00e9nements","item":"https:\/\/www.millerthomson.com\/fr\/evenements\/"},{"@type":"ListItem","position":3,"name":"Conf\u00e9rence sur le droit du travail et de l\u2019emploi : \u00catre un employeur en 2022 &#8211; D\u00e9fis et enjeux juridiques."}]},{"@type":"WebSite","@id":"https:\/\/www.millerthomson.com\/fr\/#website","url":"https:\/\/www.millerthomson.com\/fr\/","name":"Miller Thomson | Cabinet de droit des affaires pancanadien","description":"National law firm providing business law expertise and litigation and disputes services for businesses across Canada since 1957.","publisher":{"@id":"https:\/\/www.millerthomson.com\/fr\/#organization"},"potentialAction":[{"@type":"SearchAction","target":{"@type":"EntryPoint","urlTemplate":"https:\/\/www.millerthomson.com\/fr\/?s={search_term_string}"},"query-input":{"@type":"PropertyValueSpecification","valueRequired":true,"valueName":"search_term_string"}}],"inLanguage":"fr-FR"},{"@type":"Organization","@id":"https:\/\/www.millerthomson.com\/fr\/#organization","name":"Miller Thomson | Cabinet de droit des affaires pancanadien","url":"https:\/\/www.millerthomson.com\/fr\/","logo":{"@type":"ImageObject","inLanguage":"fr-FR","@id":"https:\/\/www.millerthomson.com\/fr\/#\/schema\/logo\/image\/","url":"https:\/\/www.millerthomson.com\/wp-content\/uploads\/2024\/10\/miller-thomson.svg","contentUrl":"https:\/\/www.millerthomson.com\/wp-content\/uploads\/2024\/10\/miller-thomson.svg","width":380,"height":50,"caption":"Miller Thomson | Cabinet de droit des affaires pancanadien"},"image":{"@id":"https:\/\/www.millerthomson.com\/fr\/#\/schema\/logo\/image\/"},"sameAs":["https:\/\/www.facebook.com\/MillerThomsonLaw\/","https:\/\/x.com\/millerthomson","https:\/\/www.linkedin.com\/company\/miller-thomson-llp\/","https:\/\/www.youtube.com\/@millerthomson"]}]}},"_links":{"self":[{"href":"https:\/\/www.millerthomson.com\/fr\/wp-json\/wp\/v2\/events\/7961","targetHints":{"allow":["GET"]}}],"collection":[{"href":"https:\/\/www.millerthomson.com\/fr\/wp-json\/wp\/v2\/events"}],"about":[{"href":"https:\/\/www.millerthomson.com\/fr\/wp-json\/wp\/v2\/types\/events"}],"author":[{"embeddable":true,"href":"https:\/\/www.millerthomson.com\/fr\/wp-json\/wp\/v2\/users\/1"}],"version-history":[{"count":0,"href":"https:\/\/www.millerthomson.com\/fr\/wp-json\/wp\/v2\/events\/7961\/revisions"}],"wp:attachment":[{"href":"https:\/\/www.millerthomson.com\/fr\/wp-json\/wp\/v2\/media?parent=7961"}],"wp:term":[{"taxonomy":"event-type","embeddable":true,"href":"https:\/\/www.millerthomson.com\/fr\/wp-json\/wp\/v2\/event-type?post=7961"}],"curies":[{"name":"wp","href":"https:\/\/api.w.org\/{rel}","templated":true}]}}

Conférence sur le droit du travail et de l’emploi : Être un employeur en 2022 &#8211; Défis et enjeux juridiques.

<p>Joignez-vous à nous en personne le <strong>mercredi 16 novembre</strong> de <strong>8 h 00</strong> à <strong>13 h 30 (HE)</strong> pour en apprendre davantage sur les défis rencontrés par les employeurs en 2022. Nos spécialistes pourront répondre à vos questions et discuter avec vous des divers enjeux juridiques potentiels en lien avec le recrutement et la rétention des employés, ainsi qu’avec la gestion des départs.</p>
<p><a href="https://sites-millerthomson.vuturevx.com/45/5450/compose-email/labour-and-employment-conference---agenda-french.asp" target="_blank" rel="noopener"><strong>Accédez au programme</strong></a>.</p>
<p><strong><a href="mailto:mtlevents@millerthomson.com">Veuillez nous contacter pour demander votre invitation</a></strong>.</p>

<!-- This site is optimized with the Yoast SEO plugin v26.1.1 - https://yoast.com/wordpress/plugins/seo/ -->
<title>Conférence sur le droit du travail et de l’emploi : Être un employeur en 2022 - Défis et enjeux juridiques. | Miller Thomson</title>
<meta name="robots" content="index, follow, max-snippet:-1, max-image-preview:large, max-video-preview:-1" />
<link rel="canonical" href="https://www.millerthomson.com/fr/evenements/conference-sur-le-droit-du-travail-et-de-lemploi-etre-un-employeur-en-2022-defis-et-enjeux-juridiques/" />
<meta property="og:locale" content="fr_FR" />
<meta property="og:type" content="article" />
<meta property="og:title" content="Conférence sur le droit du travail et de l’emploi : Être un employeur en 2022 - Défis et enjeux juridiques. | Miller Thomson" />
<meta property="og:description" content="Joignez-vous à nous en personne le mercredi 16 novembre de 8 h 00 à 13 h 30 (HE) pour en apprendre davantage sur les défis rencontrés par les employeurs en 2022. Nos spécialistes pourront répondre à vos questions et discuter avec vous des divers enjeux juridiques potentiels en lien avec le recrutement et la rétention [&hellip;]" />
<meta property="og:url" content="https://www.millerthomson.com/fr/evenements/conference-sur-le-droit-du-travail-et-de-lemploi-etre-un-employeur-en-2022-defis-et-enjeux-juridiques/" />
<meta property="og:site_name" content="Miller Thomson" />
<meta property="article:publisher" content="https://www.facebook.com/MillerThomsonLaw/" />
<meta property="article:modified_time" content="2024-09-13T16:17:28+00:00" />
<meta name="twitter:card" content="summary_large_image" />
<meta name="twitter:site" content="@millerthomson" />
<script type="application/ld+json" class="yoast-schema-graph">{"@context":"https://schema.org","@graph":[{"@type":"WebPage","@id":"https://www.millerthomson.com/fr/evenements/conference-sur-le-droit-du-travail-et-de-lemploi-etre-un-employeur-en-2022-defis-et-enjeux-juridiques/","url":"https://www.millerthomson.com/fr/evenements/conference-sur-le-droit-du-travail-et-de-lemploi-etre-un-employeur-en-2022-defis-et-enjeux-juridiques/","name":"Conférence sur le droit du travail et de l’emploi : Être un employeur en 2022 - Défis et enjeux juridiques. | Miller Thomson","isPartOf":{"@id":"https://www.millerthomson.com/fr/#website"},"datePublished":"2022-11-02T19:29:57+00:00","dateModified":"2024-09-13T16:17:28+00:00","breadcrumb":{"@id":"https://www.millerthomson.com/fr/evenements/conference-sur-le-droit-du-travail-et-de-lemploi-etre-un-employeur-en-2022-defis-et-enjeux-juridiques/#breadcrumb"},"inLanguage":"fr-FR","potentialAction":[{"@type":"ReadAction","target":["https://www.millerthomson.com/fr/evenements/conference-sur-le-droit-du-travail-et-de-lemploi-etre-un-employeur-en-2022-defis-et-enjeux-juridiques/"]}]},{"@type":"BreadcrumbList","@id":"https://www.millerthomson.com/fr/evenements/conference-sur-le-droit-du-travail-et-de-lemploi-etre-un-employeur-en-2022-defis-et-enjeux-juridiques/#breadcrumb","itemListElement":[{"@type":"ListItem","position":1,"name":"Accueil","item":"https://www.millerthomson.com/fr/"},{"@type":"ListItem","position":2,"name":"Événements","item":"https://www.millerthomson.com/fr/evenements/"},{"@type":"ListItem","position":3,"name":"Conférence sur le droit du travail et de l’emploi : Être un employeur en 2022 &#8211; Défis et enjeux juridiques."}]},{"@type":"WebSite","@id":"https://www.millerthomson.com/fr/#website","url":"https://www.millerthomson.com/fr/","name":"Miller Thomson | Cabinet de droit des affaires pancanadien","description":"National law firm providing business law expertise and litigation and disputes services for businesses across Canada since 1957.","publisher":{"@id":"https://www.millerthomson.com/fr/#organization"},"potentialAction":[{"@type":"SearchAction","target":{"@type":"EntryPoint","urlTemplate":"https://www.millerthomson.com/fr/?s={search_term_string}"},"query-input":{"@type":"PropertyValueSpecification","valueRequired":true,"valueName":"search_term_string"}}],"inLanguage":"fr-FR"},{"@type":"Organization","@id":"https://www.millerthomson.com/fr/#organization","name":"Miller Thomson | Cabinet de droit des affaires pancanadien","url":"https://www.millerthomson.com/fr/","logo":{"@type":"ImageObject","inLanguage":"fr-FR","@id":"https://www.millerthomson.com/fr/#/schema/logo/image/","url":"https://www.millerthomson.com/wp-content/uploads/2024/10/miller-thomson.svg","contentUrl":"https://www.millerthomson.com/wp-content/uploads/2024/10/miller-thomson.svg","width":380,"height":50,"caption":"Miller Thomson | Cabinet de droit des affaires pancanadien"},"image":{"@id":"https://www.millerthomson.com/fr/#/schema/logo/image/"},"sameAs":["https://www.facebook.com/MillerThomsonLaw/","https://x.com/millerthomson","https://www.linkedin.com/company/miller-thomson-llp/","https://www.youtube.com/@millerthomson"]}]}</script>
<!-- / Yoast SEO plugin. -->

Conférence sur le droit du travail et de l’emploi : Être un employeur en 2022 - Défis et enjeux juridiques. | Miller Thomson

Joignez-vous à nous en personne le mercredi 16 novembre de 8 h 00 à 13 h 30 (HE) pour en apprendre davantage sur les défis rencontrés par les employeurs en 2022. Nos spécialistes pourront répondre à vos questions et discuter avec vous des divers enjeux juridiques potentiels en lien avec le recrutement et la rétention [&hellip;]

Événements
