{"id":7950,"date":"2022-06-17T00:13:55","date_gmt":"2022-06-17T04:13:55","guid":{"rendered":"https:\/\/www.millerthomson.com\/events\/transitioning-employees-back-into-the-workplace-or-into-permanent-remote-work\/"},"modified":"2024-09-13T12:17:22","modified_gmt":"2024-09-13T16:17:22","slug":"transitioning-employees-back-into-the-workplace-or-into-permanent-remote-work","status":"publish","type":"events","link":"https:\/\/www.millerthomson.com\/fr\/evenements\/transitioning-employees-back-into-the-workplace-or-into-permanent-remote-work\/","title":{"rendered":"R\u00e9int\u00e9gration des employ\u00e9s sur les lieux de travail ou transition vers le travail \u00e0 distance permanent"},"content":{"rendered":"<p>Vous \u00eates cordialement invit\u00e9 \u00e0 assister \u00e0 la conf\u00e9rence de mi-ann\u00e9e du groupe Droit du travail et de l\u2019emploi du bureau de Montr\u00e9al de Miller Thomson \u00e0 l\u2019intention des clients.<\/p>\n<p><span class=\"arial_12\">Au cours de cette conf\u00e9rence, nos pan\u00e9listes traiteront des sujets suivants :<\/span><\/p>\n<ul>\n<li><span class=\"arial_12\"><strong>Pr\u00e9parer le retour au travail en pr\u00e9sentiel post-pand\u00e9mie :<\/strong>\u00a0Ce segment traitera du retour au travail en pr\u00e9sentiel, du droit des employeurs de l\u2019exiger, de l\u2019obligation d\u2019accommodement et des aspects li\u00e9s aux droits de la personne. Nos pan\u00e9listes se pencheront \u00e9galement sur l\u2019avenir des politiques en mati\u00e8re de vaccination et de pand\u00e9mies ainsi que sur les r\u00e8gles r\u00e9gissant le retour au travail en pr\u00e9sentiel. Enfin, ils pr\u00e9senteront un rappel des politiques et donneront des conseils pour g\u00e9rer les refus des employ\u00e9s et les probl\u00e9matiques d\u2019absent\u00e9isme et de productivit\u00e9.<\/span><\/li>\n<li><span class=\"arial_12\"><strong>T\u00e9l\u00e9travail :<\/strong>\u00a0Nos pan\u00e9listes discuteront des questions et des pr\u00e9occupations relatives au t\u00e9l\u00e9travail. Plus particuli\u00e8rement, ils discuteront des sujets suivants :les impacts du t\u00e9l\u00e9travail sur le climat de travail, les enjeux li\u00e9s \u00e0 la sant\u00e9 et \u00e0 la s\u00e9curit\u00e9 du travail, les politiques de t\u00e9l\u00e9travail efficaces et l\u2019int\u00e9gration de celles-ci avec d\u2019autres politiques de l\u2019employeur (politiques touchant les syst\u00e8mes informatiques, politiques sur le harc\u00e8lement, politiques relatives aux m\u00e9dias sociaux, etc.), la surveillance des employ\u00e9s en t\u00e9l\u00e9travail et le t\u00e9l\u00e9travail effectu\u00e9 \u00e0 partir d\u2019une autre province ou d\u2019un autre pays.<\/span><\/li>\n<li><span class=\"arial_12\"><strong>Projet de loi no 96 et modifications apport\u00e9es \u00e0 la Charte de la langue fran\u00e7aise du Qu\u00e9bec :<\/strong>\u00a0Ce segment traitera des questions et des pr\u00e9occupations relatives aux nouvelles obligations d\u00e9coulant du Projet de loi no 96 et les r\u00e9percussions de celles-ci sur les employeurs.<\/span><\/li>\n<\/ul>\n<p><span class=\"arial_12\">La conf\u00e9rence sera suivie d\u2019une courte p\u00e9riode de questions. Les participants sont pri\u00e9s de nous faire part de leurs questions pendant la conf\u00e9rence ou avant la tenue de celle-ci lors de l&rsquo;inscription<\/span><\/p>\n<p><span class=\"arial_12\">La conf\u00e9rence se tiendra en fran\u00e7ais et en anglais.<\/span><\/p>\n<p><strong><a href=\"https:\/\/sites-millerthomson.vuturevx.com\/45\/5317\/june-2022\/lande-webinar---transition-employees-to-a-permanent-remote-work---virtual---french-version.asp?_ga=2.115826118.1550389522.1655234146-428643118.1655153251\" target=\"_blank\" rel=\"noopener\">Inscrivez-vous<\/a><\/strong><\/p>\n","protected":false},"author":25,"template":"","event-type":[466],"class_list":["post-7950","events","type-events","status-publish","hentry"],"acf":[],"yoast_head":"<!-- This site is optimized with the Yoast SEO plugin v26.1.1 - https:\/\/yoast.com\/wordpress\/plugins\/seo\/ -->\n<title>R\u00e9int\u00e9gration des employ\u00e9s sur les lieux de travail ou transition vers le travail \u00e0 distance permanent | Miller Thomson<\/title>\n<meta name=\"robots\" content=\"index, follow, max-snippet:-1, max-image-preview:large, max-video-preview:-1\" \/>\n<link rel=\"canonical\" href=\"https:\/\/www.millerthomson.com\/fr\/evenements\/transitioning-employees-back-into-the-workplace-or-into-permanent-remote-work\/\" \/>\n<meta property=\"og:locale\" content=\"fr_FR\" \/>\n<meta property=\"og:type\" content=\"article\" \/>\n<meta property=\"og:title\" content=\"R\u00e9int\u00e9gration des employ\u00e9s sur les lieux de travail ou transition vers le travail \u00e0 distance permanent | Miller Thomson\" \/>\n<meta property=\"og:description\" content=\"Vous \u00eates cordialement invit\u00e9 \u00e0 assister \u00e0 la conf\u00e9rence de mi-ann\u00e9e du groupe Droit du travail et de l\u2019emploi du bureau de Montr\u00e9al de Miller Thomson \u00e0 l\u2019intention des clients. Au cours de cette conf\u00e9rence, nos pan\u00e9listes traiteront des sujets suivants : Pr\u00e9parer le retour au travail en pr\u00e9sentiel post-pand\u00e9mie :\u00a0Ce segment traitera du retour [&hellip;]\" \/>\n<meta property=\"og:url\" content=\"https:\/\/www.millerthomson.com\/fr\/evenements\/transitioning-employees-back-into-the-workplace-or-into-permanent-remote-work\/\" \/>\n<meta property=\"og:site_name\" content=\"Miller Thomson\" \/>\n<meta property=\"article:publisher\" content=\"https:\/\/www.facebook.com\/MillerThomsonLaw\/\" \/>\n<meta property=\"article:modified_time\" content=\"2024-09-13T16:17:22+00:00\" \/>\n<meta name=\"twitter:card\" content=\"summary_large_image\" \/>\n<meta name=\"twitter:site\" content=\"@millerthomson\" \/>\n<meta name=\"twitter:label1\" content=\"Est. reading time\" \/>\n\t<meta name=\"twitter:data1\" content=\"2 minutes\" \/>\n<script type=\"application\/ld+json\" class=\"yoast-schema-graph\">{\"@context\":\"https:\/\/schema.org\",\"@graph\":[{\"@type\":\"WebPage\",\"@id\":\"https:\/\/www.millerthomson.com\/fr\/evenements\/transitioning-employees-back-into-the-workplace-or-into-permanent-remote-work\/\",\"url\":\"https:\/\/www.millerthomson.com\/fr\/evenements\/transitioning-employees-back-into-the-workplace-or-into-permanent-remote-work\/\",\"name\":\"R\u00e9int\u00e9gration des employ\u00e9s sur les lieux de travail ou transition vers le travail \u00e0 distance permanent | Miller Thomson\",\"isPartOf\":{\"@id\":\"https:\/\/www.millerthomson.com\/fr\/#website\"},\"datePublished\":\"2022-06-17T04:13:55+00:00\",\"dateModified\":\"2024-09-13T16:17:22+00:00\",\"breadcrumb\":{\"@id\":\"https:\/\/www.millerthomson.com\/fr\/evenements\/transitioning-employees-back-into-the-workplace-or-into-permanent-remote-work\/#breadcrumb\"},\"inLanguage\":\"fr-FR\",\"potentialAction\":[{\"@type\":\"ReadAction\",\"target\":[\"https:\/\/www.millerthomson.com\/fr\/evenements\/transitioning-employees-back-into-the-workplace-or-into-permanent-remote-work\/\"]}]},{\"@type\":\"BreadcrumbList\",\"@id\":\"https:\/\/www.millerthomson.com\/fr\/evenements\/transitioning-employees-back-into-the-workplace-or-into-permanent-remote-work\/#breadcrumb\",\"itemListElement\":[{\"@type\":\"ListItem\",\"position\":1,\"name\":\"Accueil\",\"item\":\"https:\/\/www.millerthomson.com\/fr\/\"},{\"@type\":\"ListItem\",\"position\":2,\"name\":\"\u00c9v\u00e9nements\",\"item\":\"https:\/\/www.millerthomson.com\/fr\/evenements\/\"},{\"@type\":\"ListItem\",\"position\":3,\"name\":\"R\u00e9int\u00e9gration des employ\u00e9s sur les lieux de travail ou transition vers le travail \u00e0 distance permanent\"}]},{\"@type\":\"WebSite\",\"@id\":\"https:\/\/www.millerthomson.com\/fr\/#website\",\"url\":\"https:\/\/www.millerthomson.com\/fr\/\",\"name\":\"Miller Thomson | Cabinet de droit des affaires pancanadien\",\"description\":\"National law firm providing business law expertise and litigation and disputes services for businesses across Canada since 1957.\",\"publisher\":{\"@id\":\"https:\/\/www.millerthomson.com\/fr\/#organization\"},\"potentialAction\":[{\"@type\":\"SearchAction\",\"target\":{\"@type\":\"EntryPoint\",\"urlTemplate\":\"https:\/\/www.millerthomson.com\/fr\/?s={search_term_string}\"},\"query-input\":{\"@type\":\"PropertyValueSpecification\",\"valueRequired\":true,\"valueName\":\"search_term_string\"}}],\"inLanguage\":\"fr-FR\"},{\"@type\":\"Organization\",\"@id\":\"https:\/\/www.millerthomson.com\/fr\/#organization\",\"name\":\"Miller Thomson | Cabinet de droit des affaires pancanadien\",\"url\":\"https:\/\/www.millerthomson.com\/fr\/\",\"logo\":{\"@type\":\"ImageObject\",\"inLanguage\":\"fr-FR\",\"@id\":\"https:\/\/www.millerthomson.com\/fr\/#\/schema\/logo\/image\/\",\"url\":\"https:\/\/www.millerthomson.com\/wp-content\/uploads\/2024\/10\/miller-thomson.svg\",\"contentUrl\":\"https:\/\/www.millerthomson.com\/wp-content\/uploads\/2024\/10\/miller-thomson.svg\",\"width\":380,\"height\":50,\"caption\":\"Miller Thomson | Cabinet de droit des affaires pancanadien\"},\"image\":{\"@id\":\"https:\/\/www.millerthomson.com\/fr\/#\/schema\/logo\/image\/\"},\"sameAs\":[\"https:\/\/www.facebook.com\/MillerThomsonLaw\/\",\"https:\/\/x.com\/millerthomson\",\"https:\/\/www.linkedin.com\/company\/miller-thomson-llp\/\",\"https:\/\/www.youtube.com\/@millerthomson\"]}]}<\/script>\n<!-- \/ Yoast SEO plugin. -->","yoast_head_json":{"title":"R\u00e9int\u00e9gration des employ\u00e9s sur les lieux de travail ou transition vers le travail \u00e0 distance permanent | Miller Thomson","robots":{"index":"index","follow":"follow","max-snippet":"max-snippet:-1","max-image-preview":"max-image-preview:large","max-video-preview":"max-video-preview:-1"},"canonical":"https:\/\/www.millerthomson.com\/fr\/evenements\/transitioning-employees-back-into-the-workplace-or-into-permanent-remote-work\/","og_locale":"fr_FR","og_type":"article","og_title":"R\u00e9int\u00e9gration des employ\u00e9s sur les lieux de travail ou transition vers le travail \u00e0 distance permanent | Miller Thomson","og_description":"Vous \u00eates cordialement invit\u00e9 \u00e0 assister \u00e0 la conf\u00e9rence de mi-ann\u00e9e du groupe Droit du travail et de l\u2019emploi du bureau de Montr\u00e9al de Miller Thomson \u00e0 l\u2019intention des clients. Au cours de cette conf\u00e9rence, nos pan\u00e9listes traiteront des sujets suivants : Pr\u00e9parer le retour au travail en pr\u00e9sentiel post-pand\u00e9mie :\u00a0Ce segment traitera du retour [&hellip;]","og_url":"https:\/\/www.millerthomson.com\/fr\/evenements\/transitioning-employees-back-into-the-workplace-or-into-permanent-remote-work\/","og_site_name":"Miller Thomson","article_publisher":"https:\/\/www.facebook.com\/MillerThomsonLaw\/","article_modified_time":"2024-09-13T16:17:22+00:00","twitter_card":"summary_large_image","twitter_site":"@millerthomson","twitter_misc":{"Est. reading time":"2 minutes"},"schema":{"@context":"https:\/\/schema.org","@graph":[{"@type":"WebPage","@id":"https:\/\/www.millerthomson.com\/fr\/evenements\/transitioning-employees-back-into-the-workplace-or-into-permanent-remote-work\/","url":"https:\/\/www.millerthomson.com\/fr\/evenements\/transitioning-employees-back-into-the-workplace-or-into-permanent-remote-work\/","name":"R\u00e9int\u00e9gration des employ\u00e9s sur les lieux de travail ou transition vers le travail \u00e0 distance permanent | Miller Thomson","isPartOf":{"@id":"https:\/\/www.millerthomson.com\/fr\/#website"},"datePublished":"2022-06-17T04:13:55+00:00","dateModified":"2024-09-13T16:17:22+00:00","breadcrumb":{"@id":"https:\/\/www.millerthomson.com\/fr\/evenements\/transitioning-employees-back-into-the-workplace-or-into-permanent-remote-work\/#breadcrumb"},"inLanguage":"fr-FR","potentialAction":[{"@type":"ReadAction","target":["https:\/\/www.millerthomson.com\/fr\/evenements\/transitioning-employees-back-into-the-workplace-or-into-permanent-remote-work\/"]}]},{"@type":"BreadcrumbList","@id":"https:\/\/www.millerthomson.com\/fr\/evenements\/transitioning-employees-back-into-the-workplace-or-into-permanent-remote-work\/#breadcrumb","itemListElement":[{"@type":"ListItem","position":1,"name":"Accueil","item":"https:\/\/www.millerthomson.com\/fr\/"},{"@type":"ListItem","position":2,"name":"\u00c9v\u00e9nements","item":"https:\/\/www.millerthomson.com\/fr\/evenements\/"},{"@type":"ListItem","position":3,"name":"R\u00e9int\u00e9gration des employ\u00e9s sur les lieux de travail ou transition vers le travail \u00e0 distance permanent"}]},{"@type":"WebSite","@id":"https:\/\/www.millerthomson.com\/fr\/#website","url":"https:\/\/www.millerthomson.com\/fr\/","name":"Miller Thomson | Cabinet de droit des affaires pancanadien","description":"National law firm providing business law expertise and litigation and disputes services for businesses across Canada since 1957.","publisher":{"@id":"https:\/\/www.millerthomson.com\/fr\/#organization"},"potentialAction":[{"@type":"SearchAction","target":{"@type":"EntryPoint","urlTemplate":"https:\/\/www.millerthomson.com\/fr\/?s={search_term_string}"},"query-input":{"@type":"PropertyValueSpecification","valueRequired":true,"valueName":"search_term_string"}}],"inLanguage":"fr-FR"},{"@type":"Organization","@id":"https:\/\/www.millerthomson.com\/fr\/#organization","name":"Miller Thomson | Cabinet de droit des affaires pancanadien","url":"https:\/\/www.millerthomson.com\/fr\/","logo":{"@type":"ImageObject","inLanguage":"fr-FR","@id":"https:\/\/www.millerthomson.com\/fr\/#\/schema\/logo\/image\/","url":"https:\/\/www.millerthomson.com\/wp-content\/uploads\/2024\/10\/miller-thomson.svg","contentUrl":"https:\/\/www.millerthomson.com\/wp-content\/uploads\/2024\/10\/miller-thomson.svg","width":380,"height":50,"caption":"Miller Thomson | Cabinet de droit des affaires pancanadien"},"image":{"@id":"https:\/\/www.millerthomson.com\/fr\/#\/schema\/logo\/image\/"},"sameAs":["https:\/\/www.facebook.com\/MillerThomsonLaw\/","https:\/\/x.com\/millerthomson","https:\/\/www.linkedin.com\/company\/miller-thomson-llp\/","https:\/\/www.youtube.com\/@millerthomson"]}]}},"_links":{"self":[{"href":"https:\/\/www.millerthomson.com\/fr\/wp-json\/wp\/v2\/events\/7950","targetHints":{"allow":["GET"]}}],"collection":[{"href":"https:\/\/www.millerthomson.com\/fr\/wp-json\/wp\/v2\/events"}],"about":[{"href":"https:\/\/www.millerthomson.com\/fr\/wp-json\/wp\/v2\/types\/events"}],"author":[{"embeddable":true,"href":"https:\/\/www.millerthomson.com\/fr\/wp-json\/wp\/v2\/users\/25"}],"version-history":[{"count":0,"href":"https:\/\/www.millerthomson.com\/fr\/wp-json\/wp\/v2\/events\/7950\/revisions"}],"wp:attachment":[{"href":"https:\/\/www.millerthomson.com\/fr\/wp-json\/wp\/v2\/media?parent=7950"}],"wp:term":[{"taxonomy":"event-type","embeddable":true,"href":"https:\/\/www.millerthomson.com\/fr\/wp-json\/wp\/v2\/event-type?post=7950"}],"curies":[{"name":"wp","href":"https:\/\/api.w.org\/{rel}","templated":true}]}}

Réintégration des employés sur les lieux de travail ou transition vers le travail à distance permanent

<p>Vous êtes cordialement invité à assister à la conférence de mi-année du groupe Droit du travail et de l’emploi du bureau de Montréal de Miller Thomson à l’intention des clients.</p>
<p><span class="arial_12">Au cours de cette conférence, nos panélistes traiteront des sujets suivants :</span></p>
<ul>
<li><span class="arial_12"><strong>Préparer le retour au travail en présentiel post-pandémie :</strong> Ce segment traitera du retour au travail en présentiel, du droit des employeurs de l’exiger, de l’obligation d’accommodement et des aspects liés aux droits de la personne. Nos panélistes se pencheront également sur l’avenir des politiques en matière de vaccination et de pandémies ainsi que sur les règles régissant le retour au travail en présentiel. Enfin, ils présenteront un rappel des politiques et donneront des conseils pour gérer les refus des employés et les problématiques d’absentéisme et de productivité.</span></li>
<li><span class="arial_12"><strong>Télétravail :</strong> Nos panélistes discuteront des questions et des préoccupations relatives au télétravail. Plus particulièrement, ils discuteront des sujets suivants :les impacts du télétravail sur le climat de travail, les enjeux liés à la santé et à la sécurité du travail, les politiques de télétravail efficaces et l’intégration de celles-ci avec d’autres politiques de l’employeur (politiques touchant les systèmes informatiques, politiques sur le harcèlement, politiques relatives aux médias sociaux, etc.), la surveillance des employés en télétravail et le télétravail effectué à partir d’une autre province ou d’un autre pays.</span></li>
<li><span class="arial_12"><strong>Projet de loi no 96 et modifications apportées à la Charte de la langue française du Québec :</strong> Ce segment traitera des questions et des préoccupations relatives aux nouvelles obligations découlant du Projet de loi no 96 et les répercussions de celles-ci sur les employeurs.</span></li>
</ul>
<p><span class="arial_12">La conférence sera suivie d’une courte période de questions. Les participants sont priés de nous faire part de leurs questions pendant la conférence ou avant la tenue de celle-ci lors de l&rsquo;inscription</span></p>
<p><span class="arial_12">La conférence se tiendra en français et en anglais.</span></p>
<p><strong><a href="https://sites-millerthomson.vuturevx.com/45/5317/june-2022/lande-webinar---transition-employees-to-a-permanent-remote-work---virtual---french-version.asp?_ga=2.115826118.1550389522.1655234146-428643118.1655153251" target="_blank" rel="noopener">Inscrivez-vous</a></strong></p>

<!-- This site is optimized with the Yoast SEO plugin v26.1.1 - https://yoast.com/wordpress/plugins/seo/ -->
<title>Réintégration des employés sur les lieux de travail ou transition vers le travail à distance permanent | Miller Thomson</title>
<meta name="robots" content="index, follow, max-snippet:-1, max-image-preview:large, max-video-preview:-1" />
<link rel="canonical" href="https://www.millerthomson.com/fr/evenements/transitioning-employees-back-into-the-workplace-or-into-permanent-remote-work/" />
<meta property="og:locale" content="fr_FR" />
<meta property="og:type" content="article" />
<meta property="og:title" content="Réintégration des employés sur les lieux de travail ou transition vers le travail à distance permanent | Miller Thomson" />
<meta property="og:description" content="Vous êtes cordialement invité à assister à la conférence de mi-année du groupe Droit du travail et de l’emploi du bureau de Montréal de Miller Thomson à l’intention des clients. Au cours de cette conférence, nos panélistes traiteront des sujets suivants : Préparer le retour au travail en présentiel post-pandémie : Ce segment traitera du retour [&hellip;]" />
<meta property="og:url" content="https://www.millerthomson.com/fr/evenements/transitioning-employees-back-into-the-workplace-or-into-permanent-remote-work/" />
<meta property="og:site_name" content="Miller Thomson" />
<meta property="article:publisher" content="https://www.facebook.com/MillerThomsonLaw/" />
<meta property="article:modified_time" content="2024-09-13T16:17:22+00:00" />
<meta name="twitter:card" content="summary_large_image" />
<meta name="twitter:site" content="@millerthomson" />
<meta name="twitter:label1" content="Est. reading time" />
	<meta name="twitter:data1" content="2 minutes" />
<script type="application/ld+json" class="yoast-schema-graph">{"@context":"https://schema.org","@graph":[{"@type":"WebPage","@id":"https://www.millerthomson.com/fr/evenements/transitioning-employees-back-into-the-workplace-or-into-permanent-remote-work/","url":"https://www.millerthomson.com/fr/evenements/transitioning-employees-back-into-the-workplace-or-into-permanent-remote-work/","name":"Réintégration des employés sur les lieux de travail ou transition vers le travail à distance permanent | Miller Thomson","isPartOf":{"@id":"https://www.millerthomson.com/fr/#website"},"datePublished":"2022-06-17T04:13:55+00:00","dateModified":"2024-09-13T16:17:22+00:00","breadcrumb":{"@id":"https://www.millerthomson.com/fr/evenements/transitioning-employees-back-into-the-workplace-or-into-permanent-remote-work/#breadcrumb"},"inLanguage":"fr-FR","potentialAction":[{"@type":"ReadAction","target":["https://www.millerthomson.com/fr/evenements/transitioning-employees-back-into-the-workplace-or-into-permanent-remote-work/"]}]},{"@type":"BreadcrumbList","@id":"https://www.millerthomson.com/fr/evenements/transitioning-employees-back-into-the-workplace-or-into-permanent-remote-work/#breadcrumb","itemListElement":[{"@type":"ListItem","position":1,"name":"Accueil","item":"https://www.millerthomson.com/fr/"},{"@type":"ListItem","position":2,"name":"Événements","item":"https://www.millerthomson.com/fr/evenements/"},{"@type":"ListItem","position":3,"name":"Réintégration des employés sur les lieux de travail ou transition vers le travail à distance permanent"}]},{"@type":"WebSite","@id":"https://www.millerthomson.com/fr/#website","url":"https://www.millerthomson.com/fr/","name":"Miller Thomson | Cabinet de droit des affaires pancanadien","description":"National law firm providing business law expertise and litigation and disputes services for businesses across Canada since 1957.","publisher":{"@id":"https://www.millerthomson.com/fr/#organization"},"potentialAction":[{"@type":"SearchAction","target":{"@type":"EntryPoint","urlTemplate":"https://www.millerthomson.com/fr/?s={search_term_string}"},"query-input":{"@type":"PropertyValueSpecification","valueRequired":true,"valueName":"search_term_string"}}],"inLanguage":"fr-FR"},{"@type":"Organization","@id":"https://www.millerthomson.com/fr/#organization","name":"Miller Thomson | Cabinet de droit des affaires pancanadien","url":"https://www.millerthomson.com/fr/","logo":{"@type":"ImageObject","inLanguage":"fr-FR","@id":"https://www.millerthomson.com/fr/#/schema/logo/image/","url":"https://www.millerthomson.com/wp-content/uploads/2024/10/miller-thomson.svg","contentUrl":"https://www.millerthomson.com/wp-content/uploads/2024/10/miller-thomson.svg","width":380,"height":50,"caption":"Miller Thomson | Cabinet de droit des affaires pancanadien"},"image":{"@id":"https://www.millerthomson.com/fr/#/schema/logo/image/"},"sameAs":["https://www.facebook.com/MillerThomsonLaw/","https://x.com/millerthomson","https://www.linkedin.com/company/miller-thomson-llp/","https://www.youtube.com/@millerthomson"]}]}</script>
<!-- / Yoast SEO plugin. -->

Réintégration des employés sur les lieux de travail ou transition vers le travail à distance permanent | Miller Thomson

Vous êtes cordialement invité à assister à la conférence de mi-année du groupe Droit du travail et de l’emploi du bureau de Montréal de Miller Thomson à l’intention des clients. Au cours de cette conférence, nos panélistes traiteront des sujets suivants : Préparer le retour au travail en présentiel post-pandémie : Ce segment traitera du retour [&hellip;]

Événements
