{"id":47495,"date":"2026-03-11T11:48:00","date_gmt":"2026-03-11T15:48:00","guid":{"rendered":"https:\/\/www.millerthomson.com\/?post_type=events&#038;p=47495"},"modified":"2026-04-02T11:07:15","modified_gmt":"2026-04-02T15:07:15","slug":"seminaire-transports-et-logistique","status":"publish","type":"events","link":"https:\/\/www.millerthomson.com\/fr\/evenements\/seminaire-transports-et-logistique\/","title":{"rendered":"S\u00e9minaire Transports et logistique"},"content":{"rendered":"\n<p>Soyez des n\u00f4tres dans le cadre d\u2019un programme cibl\u00e9 d\u2019<strong>une demi-journ\u00e9e con\u00e7u pour les chefs de file du secteur des transports et de la logistique. <\/strong><br>Nos s\u00e9ances aborderont les principales avanc\u00e9es juridiques, r\u00e9glementaires et sectorielles qui fa\u00e7onnent le march\u00e9.<br><br>Le 24 mars \u00e0 Montr\u00e9al, au <a href=\"https:\/\/www.google.com\/maps\/dir\/\/DoubleTree+by+Hilton+Pointe+Claire+Montreal+Airport+West,+6700+Trans-Canada+Hwy,+Pointe-Claire,+Quebec+H9R+1C2\/@43.7949972,-79.5315675,17z\/data=!3m1!4b1!4m9!4m8!1m0!1m5!1m1!1s0x4cc93c6e64a88b4b:0x6ba3b8ae04c71c1a!2m2!1d-73.8269312!2d45.4621198!3e3?entry=ttu&amp;g_ep=EgoyMDI2MDMxMC4wIKXMDSoASAFQAw%3D%3D\">DoubleTree Pointe-Claire<\/a>, de 8 h \u00e0 13 h.<br>Le 26 mars \u00e0 Vaughan, dans <a href=\"https:\/\/www.google.com\/maps\/dir\/\/Miller+Thomson+LLP,+100+New+Park+Pl,+Vaughan,+ON+L4K+0H9\/@43.7949972,-79.5315675,17z\/data=!3m1!5s0x882b2fa7b01972ed:0xc0affa52f4da5ffe!4m17!1m7!3m6!1s0x882b2fbad9687a13:0x726164c12ab37f21!2sMiller+Thomson+LLP!8m2!3d43.7949934!4d-79.5289926!16s%2Fg%2F11gfdsdh9m!4m8!1m0!1m5!1m1!1s0x882b2fbad9687a13:0x726164c12ab37f21!2m2!1d-79.5289926!2d43.7949934!3e3?entry=ttu&amp;g_ep=EgoyMDI2MDMxMC4wIKXMDSoASAFQAw%3D%3D\">nos bureaux de Miller Thomson<\/a>, de 8 h \u00e0 13 h.<\/p>\n\n\n\n<p><\/p>\n\n\n\n<p><\/p>\n\n\n\n<p>Au programme; <strong>des \u00e9changes stimulants et des analyses approfondies sur des th\u00e9matiques cl\u00e9s<\/strong>, notamment :<\/p>\n\n\n\n<ul class=\"wp-block-list\">\n<li>Perspectives sur les assurances et la gestion des risques<\/li>\n\n\n\n<li>Transport et cybers\u00e9curit\u00e9 : anticiper et g\u00e9rer les incidents<\/li>\n\n\n\n<li>Mise \u00e0 jour des m\u00e9thodes d\u2019application de la r\u00e9glementation pour Driver Inc.<\/li>\n\n\n\n<li>A\u00e9ronefs priv\u00e9s : structuration et consid\u00e9rations juridiques<\/li>\n\n\n\n<li>Consid\u00e9rations relatives aux retenues d\u2019imp\u00f4t transfrontali\u00e8res<\/li>\n\n\n\n<li>Autres enjeux r\u00e9glementaires d\u2019actualit\u00e9<\/li>\n<\/ul>\n\n\n\n<p>Cette activit\u00e9 est admissible \u00e0 la <strong>formation continue obligatoire<\/strong> pour les membres de divers ordres professionnels.<\/p>\n\n\n\n<p>Ne manquez pas cette occasion unique de vous outiller, d\u2019\u00e9changer avec des experts et de participer aux r\u00e9flexions qui fa\u00e7onnent l\u2019avenir du secteur des transports et de la logistique.<br><br><em><strong>Veuillez noter que les conf\u00e9rences seront offertes uniquement en anglais.<\/strong><\/em><\/p>\n\n\n\n<p>Pour votre commodit\u00e9,<strong>ce s\u00e9minaire sera offert \u00e0 la fois \u00e0 Montr\u00e9al et \u00e0 Vaughan. <\/strong><br><br>Veuillez confirmer votre pr\u00e9sence ci-dessous.<\/p>\n\n\n\n<div class=\"wp-block-buttons is-layout-flex wp-block-buttons-is-layout-flex\">\n<div class=\"wp-block-button\"><a class=\"wp-block-button__link wp-element-button\" href=\"https:\/\/communications.millerthomson.com\/59\/7676\/landing-pages\/rsvp-new-fr.asp\">Inscrivez-vous maintenant<\/a><\/div>\n<\/div>\n\n\n\n<p><\/p>\n","protected":false},"author":123,"template":"","event-type":[466],"class_list":["post-47495","events","type-events","status-publish","hentry"],"acf":[],"yoast_head":"<!-- This site is optimized with the Yoast SEO plugin v26.1.1 - https:\/\/yoast.com\/wordpress\/plugins\/seo\/ -->\n<title>S\u00e9minaire Transports et logistique | Miller Thomson<\/title>\n<meta name=\"description\" content=\"Un programme cibl\u00e9 d\u2019une demi-journ\u00e9e con\u00e7u pour les chefs de file du secteur des transports et de la logistique.\" \/>\n<meta name=\"robots\" content=\"index, follow, max-snippet:-1, max-image-preview:large, max-video-preview:-1\" \/>\n<link rel=\"canonical\" href=\"https:\/\/www.millerthomson.com\/fr\/evenements\/seminaire-transports-et-logistique\/\" \/>\n<meta property=\"og:locale\" content=\"fr_FR\" \/>\n<meta property=\"og:type\" content=\"article\" \/>\n<meta property=\"og:title\" content=\"S\u00e9minaire Transports et logistique | Miller Thomson\" \/>\n<meta property=\"og:description\" content=\"Un programme cibl\u00e9 d\u2019une demi-journ\u00e9e con\u00e7u pour les chefs de file du secteur des transports et de la logistique.\" \/>\n<meta property=\"og:url\" content=\"https:\/\/www.millerthomson.com\/fr\/evenements\/seminaire-transports-et-logistique\/\" \/>\n<meta property=\"og:site_name\" content=\"Miller Thomson\" \/>\n<meta property=\"article:publisher\" content=\"https:\/\/www.facebook.com\/MillerThomsonLaw\/\" \/>\n<meta property=\"article:modified_time\" content=\"2026-04-02T15:07:15+00:00\" \/>\n<meta name=\"twitter:card\" content=\"summary_large_image\" \/>\n<meta name=\"twitter:site\" content=\"@millerthomson\" \/>\n<meta name=\"twitter:label1\" content=\"Est. reading time\" \/>\n\t<meta name=\"twitter:data1\" content=\"1 minute\" \/>\n<script type=\"application\/ld+json\" class=\"yoast-schema-graph\">{\"@context\":\"https:\/\/schema.org\",\"@graph\":[{\"@type\":\"WebPage\",\"@id\":\"https:\/\/www.millerthomson.com\/fr\/evenements\/seminaire-transports-et-logistique\/\",\"url\":\"https:\/\/www.millerthomson.com\/fr\/evenements\/seminaire-transports-et-logistique\/\",\"name\":\"S\u00e9minaire Transports et logistique | Miller Thomson\",\"isPartOf\":{\"@id\":\"https:\/\/www.millerthomson.com\/fr\/#website\"},\"datePublished\":\"2026-03-11T15:48:00+00:00\",\"dateModified\":\"2026-04-02T15:07:15+00:00\",\"description\":\"Un programme cibl\u00e9 d\u2019une demi-journ\u00e9e con\u00e7u pour les chefs de file du secteur des transports et de la logistique.\",\"breadcrumb\":{\"@id\":\"https:\/\/www.millerthomson.com\/fr\/evenements\/seminaire-transports-et-logistique\/#breadcrumb\"},\"inLanguage\":\"fr-FR\",\"potentialAction\":[{\"@type\":\"ReadAction\",\"target\":[\"https:\/\/www.millerthomson.com\/fr\/evenements\/seminaire-transports-et-logistique\/\"]}]},{\"@type\":\"BreadcrumbList\",\"@id\":\"https:\/\/www.millerthomson.com\/fr\/evenements\/seminaire-transports-et-logistique\/#breadcrumb\",\"itemListElement\":[{\"@type\":\"ListItem\",\"position\":1,\"name\":\"Accueil\",\"item\":\"https:\/\/www.millerthomson.com\/fr\/\"},{\"@type\":\"ListItem\",\"position\":2,\"name\":\"\u00c9v\u00e9nements\",\"item\":\"https:\/\/www.millerthomson.com\/fr\/evenements\/\"},{\"@type\":\"ListItem\",\"position\":3,\"name\":\"S\u00e9minaire Transports et logistique\"}]},{\"@type\":\"WebSite\",\"@id\":\"https:\/\/www.millerthomson.com\/fr\/#website\",\"url\":\"https:\/\/www.millerthomson.com\/fr\/\",\"name\":\"Miller Thomson | Cabinet de droit des affaires pancanadien\",\"description\":\"National law firm providing business law expertise and litigation and disputes services for businesses across Canada since 1957.\",\"publisher\":{\"@id\":\"https:\/\/www.millerthomson.com\/fr\/#organization\"},\"potentialAction\":[{\"@type\":\"SearchAction\",\"target\":{\"@type\":\"EntryPoint\",\"urlTemplate\":\"https:\/\/www.millerthomson.com\/fr\/?s={search_term_string}\"},\"query-input\":{\"@type\":\"PropertyValueSpecification\",\"valueRequired\":true,\"valueName\":\"search_term_string\"}}],\"inLanguage\":\"fr-FR\"},{\"@type\":\"Organization\",\"@id\":\"https:\/\/www.millerthomson.com\/fr\/#organization\",\"name\":\"Miller Thomson | Cabinet de droit des affaires pancanadien\",\"url\":\"https:\/\/www.millerthomson.com\/fr\/\",\"logo\":{\"@type\":\"ImageObject\",\"inLanguage\":\"fr-FR\",\"@id\":\"https:\/\/www.millerthomson.com\/fr\/#\/schema\/logo\/image\/\",\"url\":\"https:\/\/www.millerthomson.com\/wp-content\/uploads\/2024\/10\/miller-thomson.svg\",\"contentUrl\":\"https:\/\/www.millerthomson.com\/wp-content\/uploads\/2024\/10\/miller-thomson.svg\",\"width\":380,\"height\":50,\"caption\":\"Miller Thomson | Cabinet de droit des affaires pancanadien\"},\"image\":{\"@id\":\"https:\/\/www.millerthomson.com\/fr\/#\/schema\/logo\/image\/\"},\"sameAs\":[\"https:\/\/www.facebook.com\/MillerThomsonLaw\/\",\"https:\/\/x.com\/millerthomson\",\"https:\/\/www.linkedin.com\/company\/miller-thomson-llp\/\",\"https:\/\/www.youtube.com\/@millerthomson\"]}]}<\/script>\n<!-- \/ Yoast SEO plugin. -->","yoast_head_json":{"title":"S\u00e9minaire Transports et logistique | Miller Thomson","description":"Un programme cibl\u00e9 d\u2019une demi-journ\u00e9e con\u00e7u pour les chefs de file du secteur des transports et de la logistique.","robots":{"index":"index","follow":"follow","max-snippet":"max-snippet:-1","max-image-preview":"max-image-preview:large","max-video-preview":"max-video-preview:-1"},"canonical":"https:\/\/www.millerthomson.com\/fr\/evenements\/seminaire-transports-et-logistique\/","og_locale":"fr_FR","og_type":"article","og_title":"S\u00e9minaire Transports et logistique | Miller Thomson","og_description":"Un programme cibl\u00e9 d\u2019une demi-journ\u00e9e con\u00e7u pour les chefs de file du secteur des transports et de la logistique.","og_url":"https:\/\/www.millerthomson.com\/fr\/evenements\/seminaire-transports-et-logistique\/","og_site_name":"Miller Thomson","article_publisher":"https:\/\/www.facebook.com\/MillerThomsonLaw\/","article_modified_time":"2026-04-02T15:07:15+00:00","twitter_card":"summary_large_image","twitter_site":"@millerthomson","twitter_misc":{"Est. reading time":"1 minute"},"schema":{"@context":"https:\/\/schema.org","@graph":[{"@type":"WebPage","@id":"https:\/\/www.millerthomson.com\/fr\/evenements\/seminaire-transports-et-logistique\/","url":"https:\/\/www.millerthomson.com\/fr\/evenements\/seminaire-transports-et-logistique\/","name":"S\u00e9minaire Transports et logistique | Miller Thomson","isPartOf":{"@id":"https:\/\/www.millerthomson.com\/fr\/#website"},"datePublished":"2026-03-11T15:48:00+00:00","dateModified":"2026-04-02T15:07:15+00:00","description":"Un programme cibl\u00e9 d\u2019une demi-journ\u00e9e con\u00e7u pour les chefs de file du secteur des transports et de la logistique.","breadcrumb":{"@id":"https:\/\/www.millerthomson.com\/fr\/evenements\/seminaire-transports-et-logistique\/#breadcrumb"},"inLanguage":"fr-FR","potentialAction":[{"@type":"ReadAction","target":["https:\/\/www.millerthomson.com\/fr\/evenements\/seminaire-transports-et-logistique\/"]}]},{"@type":"BreadcrumbList","@id":"https:\/\/www.millerthomson.com\/fr\/evenements\/seminaire-transports-et-logistique\/#breadcrumb","itemListElement":[{"@type":"ListItem","position":1,"name":"Accueil","item":"https:\/\/www.millerthomson.com\/fr\/"},{"@type":"ListItem","position":2,"name":"\u00c9v\u00e9nements","item":"https:\/\/www.millerthomson.com\/fr\/evenements\/"},{"@type":"ListItem","position":3,"name":"S\u00e9minaire Transports et logistique"}]},{"@type":"WebSite","@id":"https:\/\/www.millerthomson.com\/fr\/#website","url":"https:\/\/www.millerthomson.com\/fr\/","name":"Miller Thomson | Cabinet de droit des affaires pancanadien","description":"National law firm providing business law expertise and litigation and disputes services for businesses across Canada since 1957.","publisher":{"@id":"https:\/\/www.millerthomson.com\/fr\/#organization"},"potentialAction":[{"@type":"SearchAction","target":{"@type":"EntryPoint","urlTemplate":"https:\/\/www.millerthomson.com\/fr\/?s={search_term_string}"},"query-input":{"@type":"PropertyValueSpecification","valueRequired":true,"valueName":"search_term_string"}}],"inLanguage":"fr-FR"},{"@type":"Organization","@id":"https:\/\/www.millerthomson.com\/fr\/#organization","name":"Miller Thomson | Cabinet de droit des affaires pancanadien","url":"https:\/\/www.millerthomson.com\/fr\/","logo":{"@type":"ImageObject","inLanguage":"fr-FR","@id":"https:\/\/www.millerthomson.com\/fr\/#\/schema\/logo\/image\/","url":"https:\/\/www.millerthomson.com\/wp-content\/uploads\/2024\/10\/miller-thomson.svg","contentUrl":"https:\/\/www.millerthomson.com\/wp-content\/uploads\/2024\/10\/miller-thomson.svg","width":380,"height":50,"caption":"Miller Thomson | Cabinet de droit des affaires pancanadien"},"image":{"@id":"https:\/\/www.millerthomson.com\/fr\/#\/schema\/logo\/image\/"},"sameAs":["https:\/\/www.facebook.com\/MillerThomsonLaw\/","https:\/\/x.com\/millerthomson","https:\/\/www.linkedin.com\/company\/miller-thomson-llp\/","https:\/\/www.youtube.com\/@millerthomson"]}]}},"_links":{"self":[{"href":"https:\/\/www.millerthomson.com\/fr\/wp-json\/wp\/v2\/events\/47495","targetHints":{"allow":["GET"]}}],"collection":[{"href":"https:\/\/www.millerthomson.com\/fr\/wp-json\/wp\/v2\/events"}],"about":[{"href":"https:\/\/www.millerthomson.com\/fr\/wp-json\/wp\/v2\/types\/events"}],"author":[{"embeddable":true,"href":"https:\/\/www.millerthomson.com\/fr\/wp-json\/wp\/v2\/users\/123"}],"version-history":[{"count":5,"href":"https:\/\/www.millerthomson.com\/fr\/wp-json\/wp\/v2\/events\/47495\/revisions"}],"predecessor-version":[{"id":47592,"href":"https:\/\/www.millerthomson.com\/fr\/wp-json\/wp\/v2\/events\/47495\/revisions\/47592"}],"wp:attachment":[{"href":"https:\/\/www.millerthomson.com\/fr\/wp-json\/wp\/v2\/media?parent=47495"}],"wp:term":[{"taxonomy":"event-type","embeddable":true,"href":"https:\/\/www.millerthomson.com\/fr\/wp-json\/wp\/v2\/event-type?post=47495"}],"curies":[{"name":"wp","href":"https:\/\/api.w.org\/{rel}","templated":true}]}}

Séminaire Transports et logistique

<p>Soyez des nôtres dans le cadre d’un programme ciblé d’<strong>une demi-journée conçu pour les chefs de file du secteur des transports et de la logistique. </strong><br>Nos séances aborderont les principales avancées juridiques, réglementaires et sectorielles qui façonnent le marché.<br><br>Le 24 mars à Montréal, au <a href="https://www.google.com/maps/dir//DoubleTree+by+Hilton+Pointe+Claire+Montreal+Airport+West,+6700+Trans-Canada+Hwy,+Pointe-Claire,+Quebec+H9R+1C2/@43.7949972,-79.5315675,17z/data=!3m1!4b1!4m9!4m8!1m0!1m5!1m1!1s0x4cc93c6e64a88b4b:0x6ba3b8ae04c71c1a!2m2!1d-73.8269312!2d45.4621198!3e3?entry=ttu&amp;g_ep=EgoyMDI2MDMxMC4wIKXMDSoASAFQAw%3D%3D">DoubleTree Pointe-Claire</a>, de 8 h à 13 h.<br>Le 26 mars à Vaughan, dans <a href="https://www.google.com/maps/dir//Miller+Thomson+LLP,+100+New+Park+Pl,+Vaughan,+ON+L4K+0H9/@43.7949972,-79.5315675,17z/data=!3m1!5s0x882b2fa7b01972ed:0xc0affa52f4da5ffe!4m17!1m7!3m6!1s0x882b2fbad9687a13:0x726164c12ab37f21!2sMiller+Thomson+LLP!8m2!3d43.7949934!4d-79.5289926!16s%2Fg%2F11gfdsdh9m!4m8!1m0!1m5!1m1!1s0x882b2fbad9687a13:0x726164c12ab37f21!2m2!1d-79.5289926!2d43.7949934!3e3?entry=ttu&amp;g_ep=EgoyMDI2MDMxMC4wIKXMDSoASAFQAw%3D%3D">nos bureaux de Miller Thomson</a>, de 8 h à 13 h.</p>



<p></p>



<p></p>



<p>Au programme; <strong>des échanges stimulants et des analyses approfondies sur des thématiques clés</strong>, notamment :</p>



<ul class="wp-block-list">
<li>Perspectives sur les assurances et la gestion des risques</li>



<li>Transport et cybersécurité : anticiper et gérer les incidents</li>



<li>Mise à jour des méthodes d’application de la réglementation pour Driver Inc.</li>



<li>Aéronefs privés : structuration et considérations juridiques</li>



<li>Considérations relatives aux retenues d’impôt transfrontalières</li>



<li>Autres enjeux réglementaires d’actualité</li>
</ul>



<p>Cette activité est admissible à la <strong>formation continue obligatoire</strong> pour les membres de divers ordres professionnels.</p>



<p>Ne manquez pas cette occasion unique de vous outiller, d’échanger avec des experts et de participer aux réflexions qui façonnent l’avenir du secteur des transports et de la logistique.<br><br><em><strong>Veuillez noter que les conférences seront offertes uniquement en anglais.</strong></em></p>



<p>Pour votre commodité,<strong>ce séminaire sera offert à la fois à Montréal et à Vaughan. </strong><br><br>Veuillez confirmer votre présence ci-dessous.</p>



<div class="wp-block-buttons is-layout-flex wp-block-buttons-is-layout-flex">
<div class="wp-block-button"><a class="wp-block-button__link wp-element-button" href="https://communications.millerthomson.com/59/7676/landing-pages/rsvp-new-fr.asp">Inscrivez-vous maintenant</a></div>
</div>



<p></p>

<!-- This site is optimized with the Yoast SEO plugin v26.1.1 - https://yoast.com/wordpress/plugins/seo/ -->
<title>Séminaire Transports et logistique | Miller Thomson</title>
<meta name="description" content="Un programme ciblé d’une demi-journée conçu pour les chefs de file du secteur des transports et de la logistique." />
<meta name="robots" content="index, follow, max-snippet:-1, max-image-preview:large, max-video-preview:-1" />
<link rel="canonical" href="https://www.millerthomson.com/fr/evenements/seminaire-transports-et-logistique/" />
<meta property="og:locale" content="fr_FR" />
<meta property="og:type" content="article" />
<meta property="og:title" content="Séminaire Transports et logistique | Miller Thomson" />
<meta property="og:description" content="Un programme ciblé d’une demi-journée conçu pour les chefs de file du secteur des transports et de la logistique." />
<meta property="og:url" content="https://www.millerthomson.com/fr/evenements/seminaire-transports-et-logistique/" />
<meta property="og:site_name" content="Miller Thomson" />
<meta property="article:publisher" content="https://www.facebook.com/MillerThomsonLaw/" />
<meta property="article:modified_time" content="2026-04-02T15:07:15+00:00" />
<meta name="twitter:card" content="summary_large_image" />
<meta name="twitter:site" content="@millerthomson" />
<meta name="twitter:label1" content="Est. reading time" />
	<meta name="twitter:data1" content="1 minute" />
<script type="application/ld+json" class="yoast-schema-graph">{"@context":"https://schema.org","@graph":[{"@type":"WebPage","@id":"https://www.millerthomson.com/fr/evenements/seminaire-transports-et-logistique/","url":"https://www.millerthomson.com/fr/evenements/seminaire-transports-et-logistique/","name":"Séminaire Transports et logistique | Miller Thomson","isPartOf":{"@id":"https://www.millerthomson.com/fr/#website"},"datePublished":"2026-03-11T15:48:00+00:00","dateModified":"2026-04-02T15:07:15+00:00","description":"Un programme ciblé d’une demi-journée conçu pour les chefs de file du secteur des transports et de la logistique.","breadcrumb":{"@id":"https://www.millerthomson.com/fr/evenements/seminaire-transports-et-logistique/#breadcrumb"},"inLanguage":"fr-FR","potentialAction":[{"@type":"ReadAction","target":["https://www.millerthomson.com/fr/evenements/seminaire-transports-et-logistique/"]}]},{"@type":"BreadcrumbList","@id":"https://www.millerthomson.com/fr/evenements/seminaire-transports-et-logistique/#breadcrumb","itemListElement":[{"@type":"ListItem","position":1,"name":"Accueil","item":"https://www.millerthomson.com/fr/"},{"@type":"ListItem","position":2,"name":"Événements","item":"https://www.millerthomson.com/fr/evenements/"},{"@type":"ListItem","position":3,"name":"Séminaire Transports et logistique"}]},{"@type":"WebSite","@id":"https://www.millerthomson.com/fr/#website","url":"https://www.millerthomson.com/fr/","name":"Miller Thomson | Cabinet de droit des affaires pancanadien","description":"National law firm providing business law expertise and litigation and disputes services for businesses across Canada since 1957.","publisher":{"@id":"https://www.millerthomson.com/fr/#organization"},"potentialAction":[{"@type":"SearchAction","target":{"@type":"EntryPoint","urlTemplate":"https://www.millerthomson.com/fr/?s={search_term_string}"},"query-input":{"@type":"PropertyValueSpecification","valueRequired":true,"valueName":"search_term_string"}}],"inLanguage":"fr-FR"},{"@type":"Organization","@id":"https://www.millerthomson.com/fr/#organization","name":"Miller Thomson | Cabinet de droit des affaires pancanadien","url":"https://www.millerthomson.com/fr/","logo":{"@type":"ImageObject","inLanguage":"fr-FR","@id":"https://www.millerthomson.com/fr/#/schema/logo/image/","url":"https://www.millerthomson.com/wp-content/uploads/2024/10/miller-thomson.svg","contentUrl":"https://www.millerthomson.com/wp-content/uploads/2024/10/miller-thomson.svg","width":380,"height":50,"caption":"Miller Thomson | Cabinet de droit des affaires pancanadien"},"image":{"@id":"https://www.millerthomson.com/fr/#/schema/logo/image/"},"sameAs":["https://www.facebook.com/MillerThomsonLaw/","https://x.com/millerthomson","https://www.linkedin.com/company/miller-thomson-llp/","https://www.youtube.com/@millerthomson"]}]}</script>
<!-- / Yoast SEO plugin. -->

Séminaire Transports et logistique | Miller Thomson

Un programme ciblé d’une demi-journée conçu pour les chefs de file du secteur des transports et de la logistique.

Événements
