{"id":40831,"date":"2025-11-03T12:43:51","date_gmt":"2025-11-03T17:43:51","guid":{"rendered":"https:\/\/www.millerthomson.com\/?post_type=events&#038;p=40831"},"modified":"2025-11-10T10:02:55","modified_gmt":"2025-11-10T15:02:55","slug":"christine-duchaine-sera-conferenciere-au-congres-conjoint-oeaq-x-aeecq","status":"publish","type":"events","link":"https:\/\/www.millerthomson.com\/fr\/evenements\/christine-duchaine-sera-conferenciere-au-congres-conjoint-oeaq-x-aeecq\/","title":{"rendered":"Christine Duchaine sera conf\u00e9renci\u00e8re au congr\u00e8s conjoint OEAQ x AE\u00c9CQ"},"content":{"rendered":"\n<p>Christine Duchaine sera conf\u00e9renci\u00e8re lors du congr\u00e8s conjoint de l\u2019Ordre des \u00e9valuateurs agr\u00e9\u00e9s du Qu\u00e9bec (OEAQ) et de l\u2019Association des estimateurs et \u00e9conomistes de la construction du Qu\u00e9bec (AE\u00c9CQ), qui se tiendra \u00e0 Trois-Rivi\u00e8res du 6 au 8 novembre 2025, afin de partager ses perspectives sur les d\u00e9fis et solutions li\u00e9s \u00e0 l\u2019application de la Loi sur l\u2019expropriation.<\/p>\n\n\n\n<p>Joignez-vous \u00e0 Christine Duchaine ainsi qu\u2019\u00e0 <a href=\"https:\/\/www.millerthomson.com\/fr\/votre-equipe\/annabelle-marcotte\/\">Annabelle Marcotte<\/a> et <a href=\"https:\/\/www.millerthomson.com\/fr\/votre-equipe\/samuel-rousseau-mascolo\/\">Samuel Rousseau-Mascolo<\/a> au kiosque de Miller Thomson, fier partenaire Majeur de cet \u00e9v\u00e9nement.<\/p>\n\n\n\n<div class=\"wp-block-buttons is-layout-flex wp-block-buttons-is-layout-flex\">\n<div class=\"wp-block-button\"><a class=\"wp-block-button__link wp-element-button\" href=\"https:\/\/oeaq.qc.ca\/congres-de-lordre-des-evaluateurs-agrees-du-quebec\/\">Pour en savoir plus<\/a><\/div>\n<\/div>\n\n\n\n<p><\/p>\n","protected":false},"author":123,"template":"","event-type":[466],"class_list":["post-40831","events","type-events","status-publish","hentry"],"acf":[],"yoast_head":"<!-- This site is optimized with the Yoast SEO plugin v26.1.1 - https:\/\/yoast.com\/wordpress\/plugins\/seo\/ -->\n<title>Christine Duchaine sera conf\u00e9renci\u00e8re au congr\u00e8s conjoint OEAQ x AE\u00c9CQ | Miller Thomson<\/title>\n<meta name=\"description\" content=\"Christine Duchaine va partager ses perspectives sur les d\u00e9fis et solutions li\u00e9s \u00e0 l\u2019application de la Loi sur l\u2019expropriation.\" \/>\n<meta name=\"robots\" content=\"index, follow, max-snippet:-1, max-image-preview:large, max-video-preview:-1\" \/>\n<link rel=\"canonical\" href=\"https:\/\/www.millerthomson.com\/fr\/evenements\/christine-duchaine-sera-conferenciere-au-congres-conjoint-oeaq-x-aeecq\/\" \/>\n<meta property=\"og:locale\" content=\"fr_FR\" \/>\n<meta property=\"og:type\" content=\"article\" \/>\n<meta property=\"og:title\" content=\"Christine Duchaine sera conf\u00e9renci\u00e8re au congr\u00e8s conjoint OEAQ x AE\u00c9CQ | Miller Thomson\" \/>\n<meta property=\"og:description\" content=\"Christine Duchaine va partager ses perspectives sur les d\u00e9fis et solutions li\u00e9s \u00e0 l\u2019application de la Loi sur l\u2019expropriation.\" \/>\n<meta property=\"og:url\" content=\"https:\/\/www.millerthomson.com\/fr\/evenements\/christine-duchaine-sera-conferenciere-au-congres-conjoint-oeaq-x-aeecq\/\" \/>\n<meta property=\"og:site_name\" content=\"Miller Thomson\" \/>\n<meta property=\"article:publisher\" content=\"https:\/\/www.facebook.com\/MillerThomsonLaw\/\" \/>\n<meta property=\"article:modified_time\" content=\"2025-11-10T15:02:55+00:00\" \/>\n<meta name=\"twitter:card\" content=\"summary_large_image\" \/>\n<meta name=\"twitter:site\" content=\"@millerthomson\" \/>\n<meta name=\"twitter:label1\" content=\"Est. reading time\" \/>\n\t<meta name=\"twitter:data1\" content=\"1 minute\" \/>\n<script type=\"application\/ld+json\" class=\"yoast-schema-graph\">{\"@context\":\"https:\/\/schema.org\",\"@graph\":[{\"@type\":\"WebPage\",\"@id\":\"https:\/\/www.millerthomson.com\/fr\/evenements\/christine-duchaine-sera-conferenciere-au-congres-conjoint-oeaq-x-aeecq\/\",\"url\":\"https:\/\/www.millerthomson.com\/fr\/evenements\/christine-duchaine-sera-conferenciere-au-congres-conjoint-oeaq-x-aeecq\/\",\"name\":\"Christine Duchaine sera conf\u00e9renci\u00e8re au congr\u00e8s conjoint OEAQ x AE\u00c9CQ | Miller Thomson\",\"isPartOf\":{\"@id\":\"https:\/\/www.millerthomson.com\/fr\/#website\"},\"datePublished\":\"2025-11-03T17:43:51+00:00\",\"dateModified\":\"2025-11-10T15:02:55+00:00\",\"description\":\"Christine Duchaine va partager ses perspectives sur les d\u00e9fis et solutions li\u00e9s \u00e0 l\u2019application de la Loi sur l\u2019expropriation.\",\"breadcrumb\":{\"@id\":\"https:\/\/www.millerthomson.com\/fr\/evenements\/christine-duchaine-sera-conferenciere-au-congres-conjoint-oeaq-x-aeecq\/#breadcrumb\"},\"inLanguage\":\"fr-FR\",\"potentialAction\":[{\"@type\":\"ReadAction\",\"target\":[\"https:\/\/www.millerthomson.com\/fr\/evenements\/christine-duchaine-sera-conferenciere-au-congres-conjoint-oeaq-x-aeecq\/\"]}]},{\"@type\":\"BreadcrumbList\",\"@id\":\"https:\/\/www.millerthomson.com\/fr\/evenements\/christine-duchaine-sera-conferenciere-au-congres-conjoint-oeaq-x-aeecq\/#breadcrumb\",\"itemListElement\":[{\"@type\":\"ListItem\",\"position\":1,\"name\":\"Accueil\",\"item\":\"https:\/\/www.millerthomson.com\/fr\/\"},{\"@type\":\"ListItem\",\"position\":2,\"name\":\"\u00c9v\u00e9nements\",\"item\":\"https:\/\/www.millerthomson.com\/fr\/evenements\/\"},{\"@type\":\"ListItem\",\"position\":3,\"name\":\"Christine Duchaine sera conf\u00e9renci\u00e8re au congr\u00e8s conjoint OEAQ x AE\u00c9CQ\"}]},{\"@type\":\"WebSite\",\"@id\":\"https:\/\/www.millerthomson.com\/fr\/#website\",\"url\":\"https:\/\/www.millerthomson.com\/fr\/\",\"name\":\"Miller Thomson | Cabinet de droit des affaires pancanadien\",\"description\":\"National law firm providing business law expertise and litigation and disputes services for businesses across Canada since 1957.\",\"publisher\":{\"@id\":\"https:\/\/www.millerthomson.com\/fr\/#organization\"},\"potentialAction\":[{\"@type\":\"SearchAction\",\"target\":{\"@type\":\"EntryPoint\",\"urlTemplate\":\"https:\/\/www.millerthomson.com\/fr\/?s={search_term_string}\"},\"query-input\":{\"@type\":\"PropertyValueSpecification\",\"valueRequired\":true,\"valueName\":\"search_term_string\"}}],\"inLanguage\":\"fr-FR\"},{\"@type\":\"Organization\",\"@id\":\"https:\/\/www.millerthomson.com\/fr\/#organization\",\"name\":\"Miller Thomson | Cabinet de droit des affaires pancanadien\",\"url\":\"https:\/\/www.millerthomson.com\/fr\/\",\"logo\":{\"@type\":\"ImageObject\",\"inLanguage\":\"fr-FR\",\"@id\":\"https:\/\/www.millerthomson.com\/fr\/#\/schema\/logo\/image\/\",\"url\":\"https:\/\/www.millerthomson.com\/wp-content\/uploads\/2024\/10\/miller-thomson.svg\",\"contentUrl\":\"https:\/\/www.millerthomson.com\/wp-content\/uploads\/2024\/10\/miller-thomson.svg\",\"width\":380,\"height\":50,\"caption\":\"Miller Thomson | Cabinet de droit des affaires pancanadien\"},\"image\":{\"@id\":\"https:\/\/www.millerthomson.com\/fr\/#\/schema\/logo\/image\/\"},\"sameAs\":[\"https:\/\/www.facebook.com\/MillerThomsonLaw\/\",\"https:\/\/x.com\/millerthomson\",\"https:\/\/www.linkedin.com\/company\/miller-thomson-llp\/\",\"https:\/\/www.youtube.com\/@millerthomson\"]}]}<\/script>\n<!-- \/ Yoast SEO plugin. -->","yoast_head_json":{"title":"Christine Duchaine sera conf\u00e9renci\u00e8re au congr\u00e8s conjoint OEAQ x AE\u00c9CQ | Miller Thomson","description":"Christine Duchaine va partager ses perspectives sur les d\u00e9fis et solutions li\u00e9s \u00e0 l\u2019application de la Loi sur l\u2019expropriation.","robots":{"index":"index","follow":"follow","max-snippet":"max-snippet:-1","max-image-preview":"max-image-preview:large","max-video-preview":"max-video-preview:-1"},"canonical":"https:\/\/www.millerthomson.com\/fr\/evenements\/christine-duchaine-sera-conferenciere-au-congres-conjoint-oeaq-x-aeecq\/","og_locale":"fr_FR","og_type":"article","og_title":"Christine Duchaine sera conf\u00e9renci\u00e8re au congr\u00e8s conjoint OEAQ x AE\u00c9CQ | Miller Thomson","og_description":"Christine Duchaine va partager ses perspectives sur les d\u00e9fis et solutions li\u00e9s \u00e0 l\u2019application de la Loi sur l\u2019expropriation.","og_url":"https:\/\/www.millerthomson.com\/fr\/evenements\/christine-duchaine-sera-conferenciere-au-congres-conjoint-oeaq-x-aeecq\/","og_site_name":"Miller Thomson","article_publisher":"https:\/\/www.facebook.com\/MillerThomsonLaw\/","article_modified_time":"2025-11-10T15:02:55+00:00","twitter_card":"summary_large_image","twitter_site":"@millerthomson","twitter_misc":{"Est. reading time":"1 minute"},"schema":{"@context":"https:\/\/schema.org","@graph":[{"@type":"WebPage","@id":"https:\/\/www.millerthomson.com\/fr\/evenements\/christine-duchaine-sera-conferenciere-au-congres-conjoint-oeaq-x-aeecq\/","url":"https:\/\/www.millerthomson.com\/fr\/evenements\/christine-duchaine-sera-conferenciere-au-congres-conjoint-oeaq-x-aeecq\/","name":"Christine Duchaine sera conf\u00e9renci\u00e8re au congr\u00e8s conjoint OEAQ x AE\u00c9CQ | Miller Thomson","isPartOf":{"@id":"https:\/\/www.millerthomson.com\/fr\/#website"},"datePublished":"2025-11-03T17:43:51+00:00","dateModified":"2025-11-10T15:02:55+00:00","description":"Christine Duchaine va partager ses perspectives sur les d\u00e9fis et solutions li\u00e9s \u00e0 l\u2019application de la Loi sur l\u2019expropriation.","breadcrumb":{"@id":"https:\/\/www.millerthomson.com\/fr\/evenements\/christine-duchaine-sera-conferenciere-au-congres-conjoint-oeaq-x-aeecq\/#breadcrumb"},"inLanguage":"fr-FR","potentialAction":[{"@type":"ReadAction","target":["https:\/\/www.millerthomson.com\/fr\/evenements\/christine-duchaine-sera-conferenciere-au-congres-conjoint-oeaq-x-aeecq\/"]}]},{"@type":"BreadcrumbList","@id":"https:\/\/www.millerthomson.com\/fr\/evenements\/christine-duchaine-sera-conferenciere-au-congres-conjoint-oeaq-x-aeecq\/#breadcrumb","itemListElement":[{"@type":"ListItem","position":1,"name":"Accueil","item":"https:\/\/www.millerthomson.com\/fr\/"},{"@type":"ListItem","position":2,"name":"\u00c9v\u00e9nements","item":"https:\/\/www.millerthomson.com\/fr\/evenements\/"},{"@type":"ListItem","position":3,"name":"Christine Duchaine sera conf\u00e9renci\u00e8re au congr\u00e8s conjoint OEAQ x AE\u00c9CQ"}]},{"@type":"WebSite","@id":"https:\/\/www.millerthomson.com\/fr\/#website","url":"https:\/\/www.millerthomson.com\/fr\/","name":"Miller Thomson | Cabinet de droit des affaires pancanadien","description":"National law firm providing business law expertise and litigation and disputes services for businesses across Canada since 1957.","publisher":{"@id":"https:\/\/www.millerthomson.com\/fr\/#organization"},"potentialAction":[{"@type":"SearchAction","target":{"@type":"EntryPoint","urlTemplate":"https:\/\/www.millerthomson.com\/fr\/?s={search_term_string}"},"query-input":{"@type":"PropertyValueSpecification","valueRequired":true,"valueName":"search_term_string"}}],"inLanguage":"fr-FR"},{"@type":"Organization","@id":"https:\/\/www.millerthomson.com\/fr\/#organization","name":"Miller Thomson | Cabinet de droit des affaires pancanadien","url":"https:\/\/www.millerthomson.com\/fr\/","logo":{"@type":"ImageObject","inLanguage":"fr-FR","@id":"https:\/\/www.millerthomson.com\/fr\/#\/schema\/logo\/image\/","url":"https:\/\/www.millerthomson.com\/wp-content\/uploads\/2024\/10\/miller-thomson.svg","contentUrl":"https:\/\/www.millerthomson.com\/wp-content\/uploads\/2024\/10\/miller-thomson.svg","width":380,"height":50,"caption":"Miller Thomson | Cabinet de droit des affaires pancanadien"},"image":{"@id":"https:\/\/www.millerthomson.com\/fr\/#\/schema\/logo\/image\/"},"sameAs":["https:\/\/www.facebook.com\/MillerThomsonLaw\/","https:\/\/x.com\/millerthomson","https:\/\/www.linkedin.com\/company\/miller-thomson-llp\/","https:\/\/www.youtube.com\/@millerthomson"]}]}},"_links":{"self":[{"href":"https:\/\/www.millerthomson.com\/fr\/wp-json\/wp\/v2\/events\/40831","targetHints":{"allow":["GET"]}}],"collection":[{"href":"https:\/\/www.millerthomson.com\/fr\/wp-json\/wp\/v2\/events"}],"about":[{"href":"https:\/\/www.millerthomson.com\/fr\/wp-json\/wp\/v2\/types\/events"}],"author":[{"embeddable":true,"href":"https:\/\/www.millerthomson.com\/fr\/wp-json\/wp\/v2\/users\/123"}],"version-history":[{"count":0,"href":"https:\/\/www.millerthomson.com\/fr\/wp-json\/wp\/v2\/events\/40831\/revisions"}],"wp:attachment":[{"href":"https:\/\/www.millerthomson.com\/fr\/wp-json\/wp\/v2\/media?parent=40831"}],"wp:term":[{"taxonomy":"event-type","embeddable":true,"href":"https:\/\/www.millerthomson.com\/fr\/wp-json\/wp\/v2\/event-type?post=40831"}],"curies":[{"name":"wp","href":"https:\/\/api.w.org\/{rel}","templated":true}]}}

Christine Duchaine sera conférencière au congrès conjoint OEAQ x AEÉCQ

<p>Christine Duchaine sera conférencière lors du congrès conjoint de l’Ordre des évaluateurs agréés du Québec (OEAQ) et de l’Association des estimateurs et économistes de la construction du Québec (AEÉCQ), qui se tiendra à Trois-Rivières du 6 au 8 novembre 2025, afin de partager ses perspectives sur les défis et solutions liés à l’application de la Loi sur l’expropriation.</p>



<p>Joignez-vous à Christine Duchaine ainsi qu’à <a href="https://www.millerthomson.com/fr/votre-equipe/annabelle-marcotte/">Annabelle Marcotte</a> et <a href="https://www.millerthomson.com/fr/votre-equipe/samuel-rousseau-mascolo/">Samuel Rousseau-Mascolo</a> au kiosque de Miller Thomson, fier partenaire Majeur de cet événement.</p>



<div class="wp-block-buttons is-layout-flex wp-block-buttons-is-layout-flex">
<div class="wp-block-button"><a class="wp-block-button__link wp-element-button" href="https://oeaq.qc.ca/congres-de-lordre-des-evaluateurs-agrees-du-quebec/">Pour en savoir plus</a></div>
</div>



<p></p>

<!-- This site is optimized with the Yoast SEO plugin v26.1.1 - https://yoast.com/wordpress/plugins/seo/ -->
<title>Christine Duchaine sera conférencière au congrès conjoint OEAQ x AEÉCQ | Miller Thomson</title>
<meta name="description" content="Christine Duchaine va partager ses perspectives sur les défis et solutions liés à l’application de la Loi sur l’expropriation." />
<meta name="robots" content="index, follow, max-snippet:-1, max-image-preview:large, max-video-preview:-1" />
<link rel="canonical" href="https://www.millerthomson.com/fr/evenements/christine-duchaine-sera-conferenciere-au-congres-conjoint-oeaq-x-aeecq/" />
<meta property="og:locale" content="fr_FR" />
<meta property="og:type" content="article" />
<meta property="og:title" content="Christine Duchaine sera conférencière au congrès conjoint OEAQ x AEÉCQ | Miller Thomson" />
<meta property="og:description" content="Christine Duchaine va partager ses perspectives sur les défis et solutions liés à l’application de la Loi sur l’expropriation." />
<meta property="og:url" content="https://www.millerthomson.com/fr/evenements/christine-duchaine-sera-conferenciere-au-congres-conjoint-oeaq-x-aeecq/" />
<meta property="og:site_name" content="Miller Thomson" />
<meta property="article:publisher" content="https://www.facebook.com/MillerThomsonLaw/" />
<meta property="article:modified_time" content="2025-11-10T15:02:55+00:00" />
<meta name="twitter:card" content="summary_large_image" />
<meta name="twitter:site" content="@millerthomson" />
<meta name="twitter:label1" content="Est. reading time" />
	<meta name="twitter:data1" content="1 minute" />
<script type="application/ld+json" class="yoast-schema-graph">{"@context":"https://schema.org","@graph":[{"@type":"WebPage","@id":"https://www.millerthomson.com/fr/evenements/christine-duchaine-sera-conferenciere-au-congres-conjoint-oeaq-x-aeecq/","url":"https://www.millerthomson.com/fr/evenements/christine-duchaine-sera-conferenciere-au-congres-conjoint-oeaq-x-aeecq/","name":"Christine Duchaine sera conférencière au congrès conjoint OEAQ x AEÉCQ | Miller Thomson","isPartOf":{"@id":"https://www.millerthomson.com/fr/#website"},"datePublished":"2025-11-03T17:43:51+00:00","dateModified":"2025-11-10T15:02:55+00:00","description":"Christine Duchaine va partager ses perspectives sur les défis et solutions liés à l’application de la Loi sur l’expropriation.","breadcrumb":{"@id":"https://www.millerthomson.com/fr/evenements/christine-duchaine-sera-conferenciere-au-congres-conjoint-oeaq-x-aeecq/#breadcrumb"},"inLanguage":"fr-FR","potentialAction":[{"@type":"ReadAction","target":["https://www.millerthomson.com/fr/evenements/christine-duchaine-sera-conferenciere-au-congres-conjoint-oeaq-x-aeecq/"]}]},{"@type":"BreadcrumbList","@id":"https://www.millerthomson.com/fr/evenements/christine-duchaine-sera-conferenciere-au-congres-conjoint-oeaq-x-aeecq/#breadcrumb","itemListElement":[{"@type":"ListItem","position":1,"name":"Accueil","item":"https://www.millerthomson.com/fr/"},{"@type":"ListItem","position":2,"name":"Événements","item":"https://www.millerthomson.com/fr/evenements/"},{"@type":"ListItem","position":3,"name":"Christine Duchaine sera conférencière au congrès conjoint OEAQ x AEÉCQ"}]},{"@type":"WebSite","@id":"https://www.millerthomson.com/fr/#website","url":"https://www.millerthomson.com/fr/","name":"Miller Thomson | Cabinet de droit des affaires pancanadien","description":"National law firm providing business law expertise and litigation and disputes services for businesses across Canada since 1957.","publisher":{"@id":"https://www.millerthomson.com/fr/#organization"},"potentialAction":[{"@type":"SearchAction","target":{"@type":"EntryPoint","urlTemplate":"https://www.millerthomson.com/fr/?s={search_term_string}"},"query-input":{"@type":"PropertyValueSpecification","valueRequired":true,"valueName":"search_term_string"}}],"inLanguage":"fr-FR"},{"@type":"Organization","@id":"https://www.millerthomson.com/fr/#organization","name":"Miller Thomson | Cabinet de droit des affaires pancanadien","url":"https://www.millerthomson.com/fr/","logo":{"@type":"ImageObject","inLanguage":"fr-FR","@id":"https://www.millerthomson.com/fr/#/schema/logo/image/","url":"https://www.millerthomson.com/wp-content/uploads/2024/10/miller-thomson.svg","contentUrl":"https://www.millerthomson.com/wp-content/uploads/2024/10/miller-thomson.svg","width":380,"height":50,"caption":"Miller Thomson | Cabinet de droit des affaires pancanadien"},"image":{"@id":"https://www.millerthomson.com/fr/#/schema/logo/image/"},"sameAs":["https://www.facebook.com/MillerThomsonLaw/","https://x.com/millerthomson","https://www.linkedin.com/company/miller-thomson-llp/","https://www.youtube.com/@millerthomson"]}]}</script>
<!-- / Yoast SEO plugin. -->

Christine Duchaine sera conférencière au congrès conjoint OEAQ x AEÉCQ | Miller Thomson

Christine Duchaine va partager ses perspectives sur les défis et solutions liés à l’application de la Loi sur l’expropriation.

Événements
