{"id":27125,"date":"2025-01-29T14:54:22","date_gmt":"2025-01-29T19:54:22","guid":{"rendered":"https:\/\/www.millerthomson.com\/?post_type=events&#038;p=27125"},"modified":"2025-01-29T14:54:22","modified_gmt":"2025-01-29T19:54:22","slug":"hubert-sibre-co-preside-la-journee-strategique-sur-le-financement-et-les-suretes-2025","status":"publish","type":"events","link":"https:\/\/www.millerthomson.com\/fr\/evenements\/hubert-sibre-co-preside-la-journee-strategique-sur-le-financement-et-les-suretes-2025\/","title":{"rendered":"Hubert Sibre co-pr\u00e9side la Journ\u00e9e strat\u00e9gique sur le financement et les s\u00fbret\u00e9s 2025"},"content":{"rendered":"\n<p>Hubert Sibre co-pr\u00e9side la Journ\u00e9e strat\u00e9gique sur le financement et les s\u00fbret\u00e9s, organis\u00e9e par Forum Ouvert \u00e0 l\u2019H\u00f4tel Intercontinental Montr\u00e9al. Il pr\u00e9sente une conf\u00e9rence intitul\u00e9e \u00ab\u00a0Les points cl\u00e9s de la n\u00e9gociation des conventions entre cr\u00e9anciers\u00a0\u00bb.<\/p>\n\n\n\n<p>Les conf\u00e9renciers vont aborder les d\u00e9cisions importantes en mati\u00e8re de financement, restructuration et insolvabilit\u00e9s au courant de la derni\u00e8re ann\u00e9e qui peuvent avoir un impact en sur vos transactions et dossiers.<\/p>\n\n\n\n<p><a href=\"https:\/\/www.openforumouvert.com\/tickets\/financement-et-suretes\">Pour en savoir plus<\/a><\/p>\n\n\n\n<p><\/p>\n","protected":false},"author":90,"template":"","event-type":[467],"class_list":["post-27125","events","type-events","status-publish","hentry"],"acf":[],"yoast_head":"<!-- This site is optimized with the Yoast SEO plugin v26.1.1 - https:\/\/yoast.com\/wordpress\/plugins\/seo\/ -->\n<title>Hubert Sibre co-pr\u00e9side la Journ\u00e9e strat\u00e9gique sur le financement et les s\u00fbret\u00e9s 2025 | Miller Thomson<\/title>\n<meta name=\"robots\" content=\"index, follow, max-snippet:-1, max-image-preview:large, max-video-preview:-1\" \/>\n<link rel=\"canonical\" href=\"https:\/\/www.millerthomson.com\/fr\/evenements\/hubert-sibre-co-preside-la-journee-strategique-sur-le-financement-et-les-suretes-2025\/\" \/>\n<meta property=\"og:locale\" content=\"fr_FR\" \/>\n<meta property=\"og:type\" content=\"article\" \/>\n<meta property=\"og:title\" content=\"Hubert Sibre co-pr\u00e9side la Journ\u00e9e strat\u00e9gique sur le financement et les s\u00fbret\u00e9s 2025 | Miller Thomson\" \/>\n<meta property=\"og:description\" content=\"Hubert Sibre co-pr\u00e9side la Journ\u00e9e strat\u00e9gique sur le financement et les s\u00fbret\u00e9s, organis\u00e9e par Forum Ouvert \u00e0 l\u2019H\u00f4tel Intercontinental Montr\u00e9al. Il pr\u00e9sente une conf\u00e9rence intitul\u00e9e \u00ab\u00a0Les points cl\u00e9s de la n\u00e9gociation des conventions entre cr\u00e9anciers\u00a0\u00bb. Les conf\u00e9renciers vont aborder les d\u00e9cisions importantes en mati\u00e8re de financement, restructuration et insolvabilit\u00e9s au courant de la derni\u00e8re ann\u00e9e [&hellip;]\" \/>\n<meta property=\"og:url\" content=\"https:\/\/www.millerthomson.com\/fr\/evenements\/hubert-sibre-co-preside-la-journee-strategique-sur-le-financement-et-les-suretes-2025\/\" \/>\n<meta property=\"og:site_name\" content=\"Miller Thomson\" \/>\n<meta property=\"article:publisher\" content=\"https:\/\/www.facebook.com\/MillerThomsonLaw\/\" \/>\n<meta name=\"twitter:card\" content=\"summary_large_image\" \/>\n<meta name=\"twitter:site\" content=\"@millerthomson\" \/>\n<meta name=\"twitter:label1\" content=\"Est. reading time\" \/>\n\t<meta name=\"twitter:data1\" content=\"1 minute\" \/>\n<script type=\"application\/ld+json\" class=\"yoast-schema-graph\">{\"@context\":\"https:\/\/schema.org\",\"@graph\":[{\"@type\":\"WebPage\",\"@id\":\"https:\/\/www.millerthomson.com\/fr\/evenements\/hubert-sibre-co-preside-la-journee-strategique-sur-le-financement-et-les-suretes-2025\/\",\"url\":\"https:\/\/www.millerthomson.com\/fr\/evenements\/hubert-sibre-co-preside-la-journee-strategique-sur-le-financement-et-les-suretes-2025\/\",\"name\":\"Hubert Sibre co-pr\u00e9side la Journ\u00e9e strat\u00e9gique sur le financement et les s\u00fbret\u00e9s 2025 | Miller Thomson\",\"isPartOf\":{\"@id\":\"https:\/\/www.millerthomson.com\/fr\/#website\"},\"datePublished\":\"2025-01-29T19:54:22+00:00\",\"breadcrumb\":{\"@id\":\"https:\/\/www.millerthomson.com\/fr\/evenements\/hubert-sibre-co-preside-la-journee-strategique-sur-le-financement-et-les-suretes-2025\/#breadcrumb\"},\"inLanguage\":\"fr-FR\",\"potentialAction\":[{\"@type\":\"ReadAction\",\"target\":[\"https:\/\/www.millerthomson.com\/fr\/evenements\/hubert-sibre-co-preside-la-journee-strategique-sur-le-financement-et-les-suretes-2025\/\"]}]},{\"@type\":\"BreadcrumbList\",\"@id\":\"https:\/\/www.millerthomson.com\/fr\/evenements\/hubert-sibre-co-preside-la-journee-strategique-sur-le-financement-et-les-suretes-2025\/#breadcrumb\",\"itemListElement\":[{\"@type\":\"ListItem\",\"position\":1,\"name\":\"Accueil\",\"item\":\"https:\/\/www.millerthomson.com\/fr\/\"},{\"@type\":\"ListItem\",\"position\":2,\"name\":\"\u00c9v\u00e9nements\",\"item\":\"https:\/\/www.millerthomson.com\/fr\/evenements\/\"},{\"@type\":\"ListItem\",\"position\":3,\"name\":\"Hubert Sibre co-pr\u00e9side la Journ\u00e9e strat\u00e9gique sur le financement et les s\u00fbret\u00e9s 2025\"}]},{\"@type\":\"WebSite\",\"@id\":\"https:\/\/www.millerthomson.com\/fr\/#website\",\"url\":\"https:\/\/www.millerthomson.com\/fr\/\",\"name\":\"Miller Thomson | Cabinet de droit des affaires pancanadien\",\"description\":\"National law firm providing business law expertise and litigation and disputes services for businesses across Canada since 1957.\",\"publisher\":{\"@id\":\"https:\/\/www.millerthomson.com\/fr\/#organization\"},\"potentialAction\":[{\"@type\":\"SearchAction\",\"target\":{\"@type\":\"EntryPoint\",\"urlTemplate\":\"https:\/\/www.millerthomson.com\/fr\/?s={search_term_string}\"},\"query-input\":{\"@type\":\"PropertyValueSpecification\",\"valueRequired\":true,\"valueName\":\"search_term_string\"}}],\"inLanguage\":\"fr-FR\"},{\"@type\":\"Organization\",\"@id\":\"https:\/\/www.millerthomson.com\/fr\/#organization\",\"name\":\"Miller Thomson | Cabinet de droit des affaires pancanadien\",\"url\":\"https:\/\/www.millerthomson.com\/fr\/\",\"logo\":{\"@type\":\"ImageObject\",\"inLanguage\":\"fr-FR\",\"@id\":\"https:\/\/www.millerthomson.com\/fr\/#\/schema\/logo\/image\/\",\"url\":\"https:\/\/www.millerthomson.com\/wp-content\/uploads\/2024\/10\/miller-thomson.svg\",\"contentUrl\":\"https:\/\/www.millerthomson.com\/wp-content\/uploads\/2024\/10\/miller-thomson.svg\",\"width\":380,\"height\":50,\"caption\":\"Miller Thomson | Cabinet de droit des affaires pancanadien\"},\"image\":{\"@id\":\"https:\/\/www.millerthomson.com\/fr\/#\/schema\/logo\/image\/\"},\"sameAs\":[\"https:\/\/www.facebook.com\/MillerThomsonLaw\/\",\"https:\/\/x.com\/millerthomson\",\"https:\/\/www.linkedin.com\/company\/miller-thomson-llp\/\",\"https:\/\/www.youtube.com\/@millerthomson\"]}]}<\/script>\n<!-- \/ Yoast SEO plugin. -->","yoast_head_json":{"title":"Hubert Sibre co-pr\u00e9side la Journ\u00e9e strat\u00e9gique sur le financement et les s\u00fbret\u00e9s 2025 | Miller Thomson","robots":{"index":"index","follow":"follow","max-snippet":"max-snippet:-1","max-image-preview":"max-image-preview:large","max-video-preview":"max-video-preview:-1"},"canonical":"https:\/\/www.millerthomson.com\/fr\/evenements\/hubert-sibre-co-preside-la-journee-strategique-sur-le-financement-et-les-suretes-2025\/","og_locale":"fr_FR","og_type":"article","og_title":"Hubert Sibre co-pr\u00e9side la Journ\u00e9e strat\u00e9gique sur le financement et les s\u00fbret\u00e9s 2025 | Miller Thomson","og_description":"Hubert Sibre co-pr\u00e9side la Journ\u00e9e strat\u00e9gique sur le financement et les s\u00fbret\u00e9s, organis\u00e9e par Forum Ouvert \u00e0 l\u2019H\u00f4tel Intercontinental Montr\u00e9al. Il pr\u00e9sente une conf\u00e9rence intitul\u00e9e \u00ab\u00a0Les points cl\u00e9s de la n\u00e9gociation des conventions entre cr\u00e9anciers\u00a0\u00bb. Les conf\u00e9renciers vont aborder les d\u00e9cisions importantes en mati\u00e8re de financement, restructuration et insolvabilit\u00e9s au courant de la derni\u00e8re ann\u00e9e [&hellip;]","og_url":"https:\/\/www.millerthomson.com\/fr\/evenements\/hubert-sibre-co-preside-la-journee-strategique-sur-le-financement-et-les-suretes-2025\/","og_site_name":"Miller Thomson","article_publisher":"https:\/\/www.facebook.com\/MillerThomsonLaw\/","twitter_card":"summary_large_image","twitter_site":"@millerthomson","twitter_misc":{"Est. reading time":"1 minute"},"schema":{"@context":"https:\/\/schema.org","@graph":[{"@type":"WebPage","@id":"https:\/\/www.millerthomson.com\/fr\/evenements\/hubert-sibre-co-preside-la-journee-strategique-sur-le-financement-et-les-suretes-2025\/","url":"https:\/\/www.millerthomson.com\/fr\/evenements\/hubert-sibre-co-preside-la-journee-strategique-sur-le-financement-et-les-suretes-2025\/","name":"Hubert Sibre co-pr\u00e9side la Journ\u00e9e strat\u00e9gique sur le financement et les s\u00fbret\u00e9s 2025 | Miller Thomson","isPartOf":{"@id":"https:\/\/www.millerthomson.com\/fr\/#website"},"datePublished":"2025-01-29T19:54:22+00:00","breadcrumb":{"@id":"https:\/\/www.millerthomson.com\/fr\/evenements\/hubert-sibre-co-preside-la-journee-strategique-sur-le-financement-et-les-suretes-2025\/#breadcrumb"},"inLanguage":"fr-FR","potentialAction":[{"@type":"ReadAction","target":["https:\/\/www.millerthomson.com\/fr\/evenements\/hubert-sibre-co-preside-la-journee-strategique-sur-le-financement-et-les-suretes-2025\/"]}]},{"@type":"BreadcrumbList","@id":"https:\/\/www.millerthomson.com\/fr\/evenements\/hubert-sibre-co-preside-la-journee-strategique-sur-le-financement-et-les-suretes-2025\/#breadcrumb","itemListElement":[{"@type":"ListItem","position":1,"name":"Accueil","item":"https:\/\/www.millerthomson.com\/fr\/"},{"@type":"ListItem","position":2,"name":"\u00c9v\u00e9nements","item":"https:\/\/www.millerthomson.com\/fr\/evenements\/"},{"@type":"ListItem","position":3,"name":"Hubert Sibre co-pr\u00e9side la Journ\u00e9e strat\u00e9gique sur le financement et les s\u00fbret\u00e9s 2025"}]},{"@type":"WebSite","@id":"https:\/\/www.millerthomson.com\/fr\/#website","url":"https:\/\/www.millerthomson.com\/fr\/","name":"Miller Thomson | Cabinet de droit des affaires pancanadien","description":"National law firm providing business law expertise and litigation and disputes services for businesses across Canada since 1957.","publisher":{"@id":"https:\/\/www.millerthomson.com\/fr\/#organization"},"potentialAction":[{"@type":"SearchAction","target":{"@type":"EntryPoint","urlTemplate":"https:\/\/www.millerthomson.com\/fr\/?s={search_term_string}"},"query-input":{"@type":"PropertyValueSpecification","valueRequired":true,"valueName":"search_term_string"}}],"inLanguage":"fr-FR"},{"@type":"Organization","@id":"https:\/\/www.millerthomson.com\/fr\/#organization","name":"Miller Thomson | Cabinet de droit des affaires pancanadien","url":"https:\/\/www.millerthomson.com\/fr\/","logo":{"@type":"ImageObject","inLanguage":"fr-FR","@id":"https:\/\/www.millerthomson.com\/fr\/#\/schema\/logo\/image\/","url":"https:\/\/www.millerthomson.com\/wp-content\/uploads\/2024\/10\/miller-thomson.svg","contentUrl":"https:\/\/www.millerthomson.com\/wp-content\/uploads\/2024\/10\/miller-thomson.svg","width":380,"height":50,"caption":"Miller Thomson | Cabinet de droit des affaires pancanadien"},"image":{"@id":"https:\/\/www.millerthomson.com\/fr\/#\/schema\/logo\/image\/"},"sameAs":["https:\/\/www.facebook.com\/MillerThomsonLaw\/","https:\/\/x.com\/millerthomson","https:\/\/www.linkedin.com\/company\/miller-thomson-llp\/","https:\/\/www.youtube.com\/@millerthomson"]}]}},"_links":{"self":[{"href":"https:\/\/www.millerthomson.com\/fr\/wp-json\/wp\/v2\/events\/27125","targetHints":{"allow":["GET"]}}],"collection":[{"href":"https:\/\/www.millerthomson.com\/fr\/wp-json\/wp\/v2\/events"}],"about":[{"href":"https:\/\/www.millerthomson.com\/fr\/wp-json\/wp\/v2\/types\/events"}],"author":[{"embeddable":true,"href":"https:\/\/www.millerthomson.com\/fr\/wp-json\/wp\/v2\/users\/90"}],"version-history":[{"count":0,"href":"https:\/\/www.millerthomson.com\/fr\/wp-json\/wp\/v2\/events\/27125\/revisions"}],"wp:attachment":[{"href":"https:\/\/www.millerthomson.com\/fr\/wp-json\/wp\/v2\/media?parent=27125"}],"wp:term":[{"taxonomy":"event-type","embeddable":true,"href":"https:\/\/www.millerthomson.com\/fr\/wp-json\/wp\/v2\/event-type?post=27125"}],"curies":[{"name":"wp","href":"https:\/\/api.w.org\/{rel}","templated":true}]}}

Hubert Sibre co-préside la Journée stratégique sur le financement et les sûretés 2025

<p>Hubert Sibre co-préside la Journée stratégique sur le financement et les sûretés, organisée par Forum Ouvert à l’Hôtel Intercontinental Montréal. Il présente une conférence intitulée « Les points clés de la négociation des conventions entre créanciers ».</p>



<p>Les conférenciers vont aborder les décisions importantes en matière de financement, restructuration et insolvabilités au courant de la dernière année qui peuvent avoir un impact en sur vos transactions et dossiers.</p>



<p><a href="https://www.openforumouvert.com/tickets/financement-et-suretes">Pour en savoir plus</a></p>



<p></p>

<!-- This site is optimized with the Yoast SEO plugin v26.1.1 - https://yoast.com/wordpress/plugins/seo/ -->
<title>Hubert Sibre co-préside la Journée stratégique sur le financement et les sûretés 2025 | Miller Thomson</title>
<meta name="robots" content="index, follow, max-snippet:-1, max-image-preview:large, max-video-preview:-1" />
<link rel="canonical" href="https://www.millerthomson.com/fr/evenements/hubert-sibre-co-preside-la-journee-strategique-sur-le-financement-et-les-suretes-2025/" />
<meta property="og:locale" content="fr_FR" />
<meta property="og:type" content="article" />
<meta property="og:title" content="Hubert Sibre co-préside la Journée stratégique sur le financement et les sûretés 2025 | Miller Thomson" />
<meta property="og:description" content="Hubert Sibre co-préside la Journée stratégique sur le financement et les sûretés, organisée par Forum Ouvert à l’Hôtel Intercontinental Montréal. Il présente une conférence intitulée « Les points clés de la négociation des conventions entre créanciers ». Les conférenciers vont aborder les décisions importantes en matière de financement, restructuration et insolvabilités au courant de la dernière année [&hellip;]" />
<meta property="og:url" content="https://www.millerthomson.com/fr/evenements/hubert-sibre-co-preside-la-journee-strategique-sur-le-financement-et-les-suretes-2025/" />
<meta property="og:site_name" content="Miller Thomson" />
<meta property="article:publisher" content="https://www.facebook.com/MillerThomsonLaw/" />
<meta name="twitter:card" content="summary_large_image" />
<meta name="twitter:site" content="@millerthomson" />
<meta name="twitter:label1" content="Est. reading time" />
	<meta name="twitter:data1" content="1 minute" />
<script type="application/ld+json" class="yoast-schema-graph">{"@context":"https://schema.org","@graph":[{"@type":"WebPage","@id":"https://www.millerthomson.com/fr/evenements/hubert-sibre-co-preside-la-journee-strategique-sur-le-financement-et-les-suretes-2025/","url":"https://www.millerthomson.com/fr/evenements/hubert-sibre-co-preside-la-journee-strategique-sur-le-financement-et-les-suretes-2025/","name":"Hubert Sibre co-préside la Journée stratégique sur le financement et les sûretés 2025 | Miller Thomson","isPartOf":{"@id":"https://www.millerthomson.com/fr/#website"},"datePublished":"2025-01-29T19:54:22+00:00","breadcrumb":{"@id":"https://www.millerthomson.com/fr/evenements/hubert-sibre-co-preside-la-journee-strategique-sur-le-financement-et-les-suretes-2025/#breadcrumb"},"inLanguage":"fr-FR","potentialAction":[{"@type":"ReadAction","target":["https://www.millerthomson.com/fr/evenements/hubert-sibre-co-preside-la-journee-strategique-sur-le-financement-et-les-suretes-2025/"]}]},{"@type":"BreadcrumbList","@id":"https://www.millerthomson.com/fr/evenements/hubert-sibre-co-preside-la-journee-strategique-sur-le-financement-et-les-suretes-2025/#breadcrumb","itemListElement":[{"@type":"ListItem","position":1,"name":"Accueil","item":"https://www.millerthomson.com/fr/"},{"@type":"ListItem","position":2,"name":"Événements","item":"https://www.millerthomson.com/fr/evenements/"},{"@type":"ListItem","position":3,"name":"Hubert Sibre co-préside la Journée stratégique sur le financement et les sûretés 2025"}]},{"@type":"WebSite","@id":"https://www.millerthomson.com/fr/#website","url":"https://www.millerthomson.com/fr/","name":"Miller Thomson | Cabinet de droit des affaires pancanadien","description":"National law firm providing business law expertise and litigation and disputes services for businesses across Canada since 1957.","publisher":{"@id":"https://www.millerthomson.com/fr/#organization"},"potentialAction":[{"@type":"SearchAction","target":{"@type":"EntryPoint","urlTemplate":"https://www.millerthomson.com/fr/?s={search_term_string}"},"query-input":{"@type":"PropertyValueSpecification","valueRequired":true,"valueName":"search_term_string"}}],"inLanguage":"fr-FR"},{"@type":"Organization","@id":"https://www.millerthomson.com/fr/#organization","name":"Miller Thomson | Cabinet de droit des affaires pancanadien","url":"https://www.millerthomson.com/fr/","logo":{"@type":"ImageObject","inLanguage":"fr-FR","@id":"https://www.millerthomson.com/fr/#/schema/logo/image/","url":"https://www.millerthomson.com/wp-content/uploads/2024/10/miller-thomson.svg","contentUrl":"https://www.millerthomson.com/wp-content/uploads/2024/10/miller-thomson.svg","width":380,"height":50,"caption":"Miller Thomson | Cabinet de droit des affaires pancanadien"},"image":{"@id":"https://www.millerthomson.com/fr/#/schema/logo/image/"},"sameAs":["https://www.facebook.com/MillerThomsonLaw/","https://x.com/millerthomson","https://www.linkedin.com/company/miller-thomson-llp/","https://www.youtube.com/@millerthomson"]}]}</script>
<!-- / Yoast SEO plugin. -->

Hubert Sibre co-préside la Journée stratégique sur le financement et les sûretés 2025 | Miller Thomson

Hubert Sibre co-préside la Journée stratégique sur le financement et les sûretés, organisée par Forum Ouvert à l’Hôtel Intercontinental Montréal. Il présente une conférence intitulée « Les points clés de la négociation des conventions entre créanciers ». Les conférenciers vont aborder les décisions importantes en matière de financement, restructuration et insolvabilités au courant de la dernière année [&hellip;]

Événements
