{"version":"1.0","provider_name":"Miller Thomson","provider_url":"https:\/\/www.millerthomson.com\/fr\/","author_name":"Katherine Chan","author_url":"https:\/\/www.millerthomson.com\/fr\/author\/chank\/","title":"Ensemble contre la haine et l\u2019islamophobie | Miller Thomson","type":"rich","width":600,"height":338,"html":"<blockquote class=\"wp-embedded-content\" data-secret=\"QgTwRk1R5m\"><a href=\"https:\/\/www.millerthomson.com\/fr\/nouvelles\/ensemble-contre-la-haine-et-lislamophobie\/\">Ensemble contre la haine et l\u2019islamophobie<\/a><\/blockquote><iframe sandbox=\"allow-scripts\" security=\"restricted\" src=\"https:\/\/www.millerthomson.com\/fr\/nouvelles\/ensemble-contre-la-haine-et-lislamophobie\/embed\/#?secret=QgTwRk1R5m\" width=\"600\" height=\"338\" title=\"\u00ab\u00a0Ensemble contre la haine et l\u2019islamophobie\u00a0\u00bb &#8212; Miller Thomson\" data-secret=\"QgTwRk1R5m\" frameborder=\"0\" marginwidth=\"0\" marginheight=\"0\" scrolling=\"no\" class=\"wp-embedded-content\"><\/iframe><script type=\"text\/javascript\">\n\/* <![CDATA[ *\/\n\/*! This file is auto-generated *\/\n!function(d,l){\"use strict\";l.querySelector&&d.addEventListener&&\"undefined\"!=typeof URL&&(d.wp=d.wp||{},d.wp.receiveEmbedMessage||(d.wp.receiveEmbedMessage=function(e){var t=e.data;if((t||t.secret||t.message||t.value)&&!\/[^a-zA-Z0-9]\/.test(t.secret)){for(var s,r,n,a=l.querySelectorAll('iframe[data-secret=\"'+t.secret+'\"]'),o=l.querySelectorAll('blockquote[data-secret=\"'+t.secret+'\"]'),c=new RegExp(\"^https?:$\",\"i\"),i=0;i<o.length;i++)o[i].style.display=\"none\";for(i=0;i<a.length;i++)s=a[i],e.source===s.contentWindow&&(s.removeAttribute(\"style\"),\"height\"===t.message?(1e3<(r=parseInt(t.value,10))?r=1e3:~~r<200&&(r=200),s.height=r):\"link\"===t.message&&(r=new URL(s.getAttribute(\"src\")),n=new URL(t.value),c.test(n.protocol))&&n.host===r.host&&l.activeElement===s&&(d.top.location.href=t.value))}},d.addEventListener(\"message\",d.wp.receiveEmbedMessage,!1),l.addEventListener(\"DOMContentLoaded\",function(){for(var e,t,s=l.querySelectorAll(\"iframe.wp-embedded-content\"),r=0;r<s.length;r++)(t=(e=s[r]).getAttribute(\"data-secret\"))||(t=Math.random().toString(36).substring(2,12),e.src+=\"#?secret=\"+t,e.setAttribute(\"data-secret\",t)),e.contentWindow.postMessage({message:\"ready\",secret:t},\"*\")},!1)))}(window,document);\n\/\/# sourceURL=https:\/\/www.millerthomson.com\/wp-includes\/js\/wp-embed.min.js\n\/* ]]> *\/\n<\/script>\n","description":"Il y a trois ans d\u00e9j\u00e0, \u00e0 la suite de l\u2019attentat de la mosqu\u00e9e de Qu\u00e9bec, les Canadiens ont appris avec horreur que des attaques brutales, insens\u00e9es et racistes pouvaient survenir dans leur propre pays. Les mots me manquent pour exprimer notre profonde tristesse, y compris celle de nos coll\u00e8gues musulmans, face \u00e0 un autre [&hellip;]"}

Il y a trois ans déjà, à la suite de l’attentat de la mosquée de Québec, les Canadiens ont appris avec horreur que des attaques brutales, insensées et racistes pouvaient survenir dans leur propre pays. Les mots me manquent pour exprimer notre profonde tristesse, y compris celle de nos collègues musulmans, face à un autre [&hellip;]
