{"id":27092,"date":"2025-01-29T14:54:22","date_gmt":"2025-01-29T19:54:22","guid":{"rendered":"https:\/\/www.millerthomson.com\/?post_type=events&#038;p=27092"},"modified":"2025-01-29T14:54:23","modified_gmt":"2025-01-29T19:54:23","slug":"hubert-sibre-co-chairs-the-strategic-day-2025-commercial-loan-security-by-open-forum","status":"publish","type":"events","link":"https:\/\/www.millerthomson.com\/en\/events\/hubert-sibre-co-chairs-the-strategic-day-2025-commercial-loan-security-by-open-forum\/","title":{"rendered":"Hubert Sibre co-chairs the Strategic Day 2025 Commercial Loan &amp; Security by Open Forum"},"content":{"rendered":"\n<p>Hubert Sibre co-chairs the Strategic Day: Commercial Loan &amp; Security, organized by Open Forum at the InterContinental Montr\u00e9al hotel. He also presents a conference about \u201cLes points cl\u00e9s de la n\u00e9gociation des conventions entre cr\u00e9anciers.\u201d They will discuss important financing, restructuring and insolvency decisions over the past year that may impact your transactions and files.<\/p>\n\n\n\n<p><a href=\"https:\/\/www.openforumouvert.com\/tickets\/financement-et-suretes\">To learn more<\/a><\/p>\n\n\n\n<p><\/p>\n","protected":false},"author":90,"template":"","event-type":[413],"class_list":["post-27092","events","type-events","status-publish","hentry"],"acf":[],"yoast_head":"<!-- This site is optimized with the Yoast SEO plugin v26.1.1 - https:\/\/yoast.com\/wordpress\/plugins\/seo\/ -->\n<title>Hubert Sibre co-chairs the Strategic Day 2025 Commercial Loan &amp; Security by Open Forum | Miller Thomson<\/title>\n<meta name=\"robots\" content=\"index, follow, max-snippet:-1, max-image-preview:large, max-video-preview:-1\" \/>\n<link rel=\"canonical\" href=\"https:\/\/www.millerthomson.com\/en\/events\/hubert-sibre-co-chairs-the-strategic-day-2025-commercial-loan-security-by-open-forum\/\" \/>\n<meta property=\"og:locale\" content=\"en_US\" \/>\n<meta property=\"og:type\" content=\"article\" \/>\n<meta property=\"og:title\" content=\"Hubert Sibre co-chairs the Strategic Day 2025 Commercial Loan &amp; Security by Open Forum | Miller Thomson\" \/>\n<meta property=\"og:description\" content=\"Hubert Sibre co-chairs the Strategic Day: Commercial Loan &amp; Security, organized by Open Forum at the InterContinental Montr\u00e9al hotel. He also presents a conference about \u201cLes points cl\u00e9s de la n\u00e9gociation des conventions entre cr\u00e9anciers.\u201d They will discuss important financing, restructuring and insolvency decisions over the past year that may impact your transactions and files. [&hellip;]\" \/>\n<meta property=\"og:url\" content=\"https:\/\/www.millerthomson.com\/en\/events\/hubert-sibre-co-chairs-the-strategic-day-2025-commercial-loan-security-by-open-forum\/\" \/>\n<meta property=\"og:site_name\" content=\"Miller Thomson\" \/>\n<meta property=\"article:publisher\" content=\"https:\/\/www.facebook.com\/MillerThomsonLaw\/\" \/>\n<meta property=\"article:modified_time\" content=\"2025-01-29T19:54:23+00:00\" \/>\n<meta name=\"twitter:card\" content=\"summary_large_image\" \/>\n<meta name=\"twitter:site\" content=\"@millerthomson\" \/>\n<meta name=\"twitter:label1\" content=\"Est. reading time\" \/>\n\t<meta name=\"twitter:data1\" content=\"1 minute\" \/>\n<script type=\"application\/ld+json\" class=\"yoast-schema-graph\">{\"@context\":\"https:\/\/schema.org\",\"@graph\":[{\"@type\":\"WebPage\",\"@id\":\"https:\/\/www.millerthomson.com\/en\/events\/hubert-sibre-co-chairs-the-strategic-day-2025-commercial-loan-security-by-open-forum\/\",\"url\":\"https:\/\/www.millerthomson.com\/en\/events\/hubert-sibre-co-chairs-the-strategic-day-2025-commercial-loan-security-by-open-forum\/\",\"name\":\"Hubert Sibre co-chairs the Strategic Day 2025 Commercial Loan &amp; Security by Open Forum | Miller Thomson\",\"isPartOf\":{\"@id\":\"https:\/\/www.millerthomson.com\/en\/#website\"},\"datePublished\":\"2025-01-29T19:54:22+00:00\",\"dateModified\":\"2025-01-29T19:54:23+00:00\",\"breadcrumb\":{\"@id\":\"https:\/\/www.millerthomson.com\/en\/events\/hubert-sibre-co-chairs-the-strategic-day-2025-commercial-loan-security-by-open-forum\/#breadcrumb\"},\"inLanguage\":\"en-US\",\"potentialAction\":[{\"@type\":\"ReadAction\",\"target\":[\"https:\/\/www.millerthomson.com\/en\/events\/hubert-sibre-co-chairs-the-strategic-day-2025-commercial-loan-security-by-open-forum\/\"]}]},{\"@type\":\"BreadcrumbList\",\"@id\":\"https:\/\/www.millerthomson.com\/en\/events\/hubert-sibre-co-chairs-the-strategic-day-2025-commercial-loan-security-by-open-forum\/#breadcrumb\",\"itemListElement\":[{\"@type\":\"ListItem\",\"position\":1,\"name\":\"Home\",\"item\":\"https:\/\/www.millerthomson.com\/en\/\"},{\"@type\":\"ListItem\",\"position\":2,\"name\":\"Events\",\"item\":\"https:\/\/www.millerthomson.com\/en\/events\/\"},{\"@type\":\"ListItem\",\"position\":3,\"name\":\"Hubert Sibre co-chairs the Strategic Day 2025 Commercial Loan &amp; Security by Open Forum\"}]},{\"@type\":\"WebSite\",\"@id\":\"https:\/\/www.millerthomson.com\/en\/#website\",\"url\":\"https:\/\/www.millerthomson.com\/en\/\",\"name\":\"Miller Thomson\",\"description\":\"National law firm providing business law expertise and litigation and disputes services for businesses across Canada since 1957.\",\"publisher\":{\"@id\":\"https:\/\/www.millerthomson.com\/en\/#organization\"},\"potentialAction\":[{\"@type\":\"SearchAction\",\"target\":{\"@type\":\"EntryPoint\",\"urlTemplate\":\"https:\/\/www.millerthomson.com\/en\/?s={search_term_string}\"},\"query-input\":{\"@type\":\"PropertyValueSpecification\",\"valueRequired\":true,\"valueName\":\"search_term_string\"}}],\"inLanguage\":\"en-US\"},{\"@type\":\"Organization\",\"@id\":\"https:\/\/www.millerthomson.com\/en\/#organization\",\"name\":\"Miller Thomson\",\"url\":\"https:\/\/www.millerthomson.com\/en\/\",\"logo\":{\"@type\":\"ImageObject\",\"inLanguage\":\"en-US\",\"@id\":\"https:\/\/www.millerthomson.com\/en\/#\/schema\/logo\/image\/\",\"url\":\"https:\/\/www.millerthomson.com\/wp-content\/uploads\/2024\/10\/miller-thomson.svg\",\"contentUrl\":\"https:\/\/www.millerthomson.com\/wp-content\/uploads\/2024\/10\/miller-thomson.svg\",\"width\":380,\"height\":50,\"caption\":\"Miller Thomson\"},\"image\":{\"@id\":\"https:\/\/www.millerthomson.com\/en\/#\/schema\/logo\/image\/\"},\"sameAs\":[\"https:\/\/www.facebook.com\/MillerThomsonLaw\/\",\"https:\/\/x.com\/millerthomson\",\"https:\/\/www.linkedin.com\/company\/miller-thomson-llp\/\",\"https:\/\/www.youtube.com\/@millerthomson\"]}]}<\/script>\n<!-- \/ Yoast SEO plugin. -->","yoast_head_json":{"title":"Hubert Sibre co-chairs the Strategic Day 2025 Commercial Loan &amp; Security by Open Forum | Miller Thomson","robots":{"index":"index","follow":"follow","max-snippet":"max-snippet:-1","max-image-preview":"max-image-preview:large","max-video-preview":"max-video-preview:-1"},"canonical":"https:\/\/www.millerthomson.com\/en\/events\/hubert-sibre-co-chairs-the-strategic-day-2025-commercial-loan-security-by-open-forum\/","og_locale":"en_US","og_type":"article","og_title":"Hubert Sibre co-chairs the Strategic Day 2025 Commercial Loan &amp; Security by Open Forum | Miller Thomson","og_description":"Hubert Sibre co-chairs the Strategic Day: Commercial Loan &amp; Security, organized by Open Forum at the InterContinental Montr\u00e9al hotel. He also presents a conference about \u201cLes points cl\u00e9s de la n\u00e9gociation des conventions entre cr\u00e9anciers.\u201d They will discuss important financing, restructuring and insolvency decisions over the past year that may impact your transactions and files. [&hellip;]","og_url":"https:\/\/www.millerthomson.com\/en\/events\/hubert-sibre-co-chairs-the-strategic-day-2025-commercial-loan-security-by-open-forum\/","og_site_name":"Miller Thomson","article_publisher":"https:\/\/www.facebook.com\/MillerThomsonLaw\/","article_modified_time":"2025-01-29T19:54:23+00:00","twitter_card":"summary_large_image","twitter_site":"@millerthomson","twitter_misc":{"Est. reading time":"1 minute"},"schema":{"@context":"https:\/\/schema.org","@graph":[{"@type":"WebPage","@id":"https:\/\/www.millerthomson.com\/en\/events\/hubert-sibre-co-chairs-the-strategic-day-2025-commercial-loan-security-by-open-forum\/","url":"https:\/\/www.millerthomson.com\/en\/events\/hubert-sibre-co-chairs-the-strategic-day-2025-commercial-loan-security-by-open-forum\/","name":"Hubert Sibre co-chairs the Strategic Day 2025 Commercial Loan &amp; Security by Open Forum | Miller Thomson","isPartOf":{"@id":"https:\/\/www.millerthomson.com\/en\/#website"},"datePublished":"2025-01-29T19:54:22+00:00","dateModified":"2025-01-29T19:54:23+00:00","breadcrumb":{"@id":"https:\/\/www.millerthomson.com\/en\/events\/hubert-sibre-co-chairs-the-strategic-day-2025-commercial-loan-security-by-open-forum\/#breadcrumb"},"inLanguage":"en-US","potentialAction":[{"@type":"ReadAction","target":["https:\/\/www.millerthomson.com\/en\/events\/hubert-sibre-co-chairs-the-strategic-day-2025-commercial-loan-security-by-open-forum\/"]}]},{"@type":"BreadcrumbList","@id":"https:\/\/www.millerthomson.com\/en\/events\/hubert-sibre-co-chairs-the-strategic-day-2025-commercial-loan-security-by-open-forum\/#breadcrumb","itemListElement":[{"@type":"ListItem","position":1,"name":"Home","item":"https:\/\/www.millerthomson.com\/en\/"},{"@type":"ListItem","position":2,"name":"Events","item":"https:\/\/www.millerthomson.com\/en\/events\/"},{"@type":"ListItem","position":3,"name":"Hubert Sibre co-chairs the Strategic Day 2025 Commercial Loan &amp; Security by Open Forum"}]},{"@type":"WebSite","@id":"https:\/\/www.millerthomson.com\/en\/#website","url":"https:\/\/www.millerthomson.com\/en\/","name":"Miller Thomson","description":"National law firm providing business law expertise and litigation and disputes services for businesses across Canada since 1957.","publisher":{"@id":"https:\/\/www.millerthomson.com\/en\/#organization"},"potentialAction":[{"@type":"SearchAction","target":{"@type":"EntryPoint","urlTemplate":"https:\/\/www.millerthomson.com\/en\/?s={search_term_string}"},"query-input":{"@type":"PropertyValueSpecification","valueRequired":true,"valueName":"search_term_string"}}],"inLanguage":"en-US"},{"@type":"Organization","@id":"https:\/\/www.millerthomson.com\/en\/#organization","name":"Miller Thomson","url":"https:\/\/www.millerthomson.com\/en\/","logo":{"@type":"ImageObject","inLanguage":"en-US","@id":"https:\/\/www.millerthomson.com\/en\/#\/schema\/logo\/image\/","url":"https:\/\/www.millerthomson.com\/wp-content\/uploads\/2024\/10\/miller-thomson.svg","contentUrl":"https:\/\/www.millerthomson.com\/wp-content\/uploads\/2024\/10\/miller-thomson.svg","width":380,"height":50,"caption":"Miller Thomson"},"image":{"@id":"https:\/\/www.millerthomson.com\/en\/#\/schema\/logo\/image\/"},"sameAs":["https:\/\/www.facebook.com\/MillerThomsonLaw\/","https:\/\/x.com\/millerthomson","https:\/\/www.linkedin.com\/company\/miller-thomson-llp\/","https:\/\/www.youtube.com\/@millerthomson"]}]}},"_links":{"self":[{"href":"https:\/\/www.millerthomson.com\/en\/wp-json\/wp\/v2\/events\/27092","targetHints":{"allow":["GET"]}}],"collection":[{"href":"https:\/\/www.millerthomson.com\/en\/wp-json\/wp\/v2\/events"}],"about":[{"href":"https:\/\/www.millerthomson.com\/en\/wp-json\/wp\/v2\/types\/events"}],"author":[{"embeddable":true,"href":"https:\/\/www.millerthomson.com\/en\/wp-json\/wp\/v2\/users\/90"}],"version-history":[{"count":0,"href":"https:\/\/www.millerthomson.com\/en\/wp-json\/wp\/v2\/events\/27092\/revisions"}],"wp:attachment":[{"href":"https:\/\/www.millerthomson.com\/en\/wp-json\/wp\/v2\/media?parent=27092"}],"wp:term":[{"taxonomy":"event-type","embeddable":true,"href":"https:\/\/www.millerthomson.com\/en\/wp-json\/wp\/v2\/event-type?post=27092"}],"curies":[{"name":"wp","href":"https:\/\/api.w.org\/{rel}","templated":true}]}}

<p>Hubert Sibre co-chairs the Strategic Day: Commercial Loan &amp; Security, organized by Open Forum at the InterContinental Montréal hotel. He also presents a conference about “Les points clés de la négociation des conventions entre créanciers.” They will discuss important financing, restructuring and insolvency decisions over the past year that may impact your transactions and files.</p>



<p><a href="https://www.openforumouvert.com/tickets/financement-et-suretes">To learn more</a></p>



<p></p>

<!-- This site is optimized with the Yoast SEO plugin v26.1.1 - https://yoast.com/wordpress/plugins/seo/ -->
<title>Hubert Sibre co-chairs the Strategic Day 2025 Commercial Loan &amp; Security by Open Forum | Miller Thomson</title>
<meta name="robots" content="index, follow, max-snippet:-1, max-image-preview:large, max-video-preview:-1" />
<link rel="canonical" href="https://www.millerthomson.com/en/events/hubert-sibre-co-chairs-the-strategic-day-2025-commercial-loan-security-by-open-forum/" />
<meta property="og:locale" content="en_US" />
<meta property="og:type" content="article" />
<meta property="og:title" content="Hubert Sibre co-chairs the Strategic Day 2025 Commercial Loan &amp; Security by Open Forum | Miller Thomson" />
<meta property="og:description" content="Hubert Sibre co-chairs the Strategic Day: Commercial Loan &amp; Security, organized by Open Forum at the InterContinental Montréal hotel. He also presents a conference about “Les points clés de la négociation des conventions entre créanciers.” They will discuss important financing, restructuring and insolvency decisions over the past year that may impact your transactions and files. [&hellip;]" />
<meta property="og:url" content="https://www.millerthomson.com/en/events/hubert-sibre-co-chairs-the-strategic-day-2025-commercial-loan-security-by-open-forum/" />
<meta property="og:site_name" content="Miller Thomson" />
<meta property="article:publisher" content="https://www.facebook.com/MillerThomsonLaw/" />
<meta property="article:modified_time" content="2025-01-29T19:54:23+00:00" />
<meta name="twitter:card" content="summary_large_image" />
<meta name="twitter:site" content="@millerthomson" />
<meta name="twitter:label1" content="Est. reading time" />
	<meta name="twitter:data1" content="1 minute" />
<script type="application/ld+json" class="yoast-schema-graph">{"@context":"https://schema.org","@graph":[{"@type":"WebPage","@id":"https://www.millerthomson.com/en/events/hubert-sibre-co-chairs-the-strategic-day-2025-commercial-loan-security-by-open-forum/","url":"https://www.millerthomson.com/en/events/hubert-sibre-co-chairs-the-strategic-day-2025-commercial-loan-security-by-open-forum/","name":"Hubert Sibre co-chairs the Strategic Day 2025 Commercial Loan &amp; Security by Open Forum | Miller Thomson","isPartOf":{"@id":"https://www.millerthomson.com/en/#website"},"datePublished":"2025-01-29T19:54:22+00:00","dateModified":"2025-01-29T19:54:23+00:00","breadcrumb":{"@id":"https://www.millerthomson.com/en/events/hubert-sibre-co-chairs-the-strategic-day-2025-commercial-loan-security-by-open-forum/#breadcrumb"},"inLanguage":"en-US","potentialAction":[{"@type":"ReadAction","target":["https://www.millerthomson.com/en/events/hubert-sibre-co-chairs-the-strategic-day-2025-commercial-loan-security-by-open-forum/"]}]},{"@type":"BreadcrumbList","@id":"https://www.millerthomson.com/en/events/hubert-sibre-co-chairs-the-strategic-day-2025-commercial-loan-security-by-open-forum/#breadcrumb","itemListElement":[{"@type":"ListItem","position":1,"name":"Home","item":"https://www.millerthomson.com/en/"},{"@type":"ListItem","position":2,"name":"Events","item":"https://www.millerthomson.com/en/events/"},{"@type":"ListItem","position":3,"name":"Hubert Sibre co-chairs the Strategic Day 2025 Commercial Loan &amp; Security by Open Forum"}]},{"@type":"WebSite","@id":"https://www.millerthomson.com/en/#website","url":"https://www.millerthomson.com/en/","name":"Miller Thomson","description":"National law firm providing business law expertise and litigation and disputes services for businesses across Canada since 1957.","publisher":{"@id":"https://www.millerthomson.com/en/#organization"},"potentialAction":[{"@type":"SearchAction","target":{"@type":"EntryPoint","urlTemplate":"https://www.millerthomson.com/en/?s={search_term_string}"},"query-input":{"@type":"PropertyValueSpecification","valueRequired":true,"valueName":"search_term_string"}}],"inLanguage":"en-US"},{"@type":"Organization","@id":"https://www.millerthomson.com/en/#organization","name":"Miller Thomson","url":"https://www.millerthomson.com/en/","logo":{"@type":"ImageObject","inLanguage":"en-US","@id":"https://www.millerthomson.com/en/#/schema/logo/image/","url":"https://www.millerthomson.com/wp-content/uploads/2024/10/miller-thomson.svg","contentUrl":"https://www.millerthomson.com/wp-content/uploads/2024/10/miller-thomson.svg","width":380,"height":50,"caption":"Miller Thomson"},"image":{"@id":"https://www.millerthomson.com/en/#/schema/logo/image/"},"sameAs":["https://www.facebook.com/MillerThomsonLaw/","https://x.com/millerthomson","https://www.linkedin.com/company/miller-thomson-llp/","https://www.youtube.com/@millerthomson"]}]}</script>
<!-- / Yoast SEO plugin. -->

Hubert Sibre co-chairs the Strategic Day: Commercial Loan &amp; Security, organized by Open Forum at the InterContinental Montréal hotel. He also presents a conference about “Les points clés de la négociation des conventions entre créanciers.” They will discuss important financing, restructuring and insolvency decisions over the past year that may impact your transactions and files. [&hellip;]
